{"id":7250,"date":"2014-12-03T12:26:06","date_gmt":"2014-12-03T11:26:06","guid":{"rendered":"http:\/\/klubmamgdynia.pl\/index.php\/produkt\/polibiotic-masc-1-sasz\/"},"modified":"2026-04-29T06:46:50","modified_gmt":"2026-04-29T04:46:50","slug":"polibiotic-masc-1-sasz","status":"publish","type":"product","link":"http:\/\/klubmamgdynia.pl\/index.php\/produkt\/polibiotic-masc-1-sasz\/","title":{"rendered":"Polibiotic ma\u015b\u0107 1 sasz."},"content":{"rendered":"<p>.                            <\/p>\n<p>Polibiotic ma\u015b\u0107\u00a01 sasz.Polibiotic to lek w postaci ma\u015bci do stosowania miejscowego na sk\u00f3r\u0119. Stosuje si\u0119 go przy drobnych ranach takich jak: otarcia, zadrapania, uk\u0105szenia oraz przy oparzeniach i owrzodzeniach sk\u00f3ry. Polibiotic w sk\u0142adzie zawiera trzy substancje czynne antybiotyki: &#8211; neomycyn\u0119, polimyksyn\u0119 B i bacytracyn\u0119, o uzupe\u0142niaj\u0105cym si\u0119 zakresie dzia\u0142ania na bakterie, kt\u00f3re s\u0105 przyczyn\u0105 wi\u0119kszo\u015bci zaka\u017ce\u0144 sk\u00f3ry.Do stosowania przy:drobnych ranach takich jak uk\u0105szenia, otarcia i zadrapania,oparzeniach,owrzodzeniach sk\u00f3ry.                            <\/p>\n<p>Dawkowanie:Ten lek nale\u017cy zawsze stosowa\u0107 zgodnie z opisem w ulotce dla pacjenta lub wed\u0142ug wskaza\u0144 lekarza. W razie w\u0105tpliwo\u015bci nale\u017cy zwr\u00f3ci\u0107 si\u0119 do lekarza lub farmaceuty.Podanie na sk\u00f3r\u0119.Oczy\u015bci\u0107 miejsce zranienia i pokry\u0107 niewielk\u0105 ilo\u015bci\u0105 leku. Lek Polibiotic nale\u017cy nak\u0142ada\u0107 na chorobowo zmienion\u0105 powierzchni\u0119 sk\u00f3ry 2 do 5 razy na dob\u0119. Miejsce po na\u0142o\u017ceniu leku mo\u017cna przykry\u0107 opatrunkiem z gazy lub pozostawi\u0107 nieos\u0142oni\u0119te.Nie stosowa\u0107 d\u0142u\u017cej ni\u017c przez 7 dni.Po uko\u0144czeniu leczenia, nie nale\u017cy ponownie stosowa\u0107 leku Polibiotic przed up\u0142ywem 3 miesi\u0119cy.Sk\u0142adniki:1g ma\u015bci zawiera 5mg neomycyny siarczanu (Neomycini sulfas), 5000 j.m. polimyksyny B siarczanu (Polymyxini B sulfas) oraz 400 j.m. bacytracyny cynkowej (Bacitracinum zincum). Inne sk\u0142adniki leku to: wazelina bia\u0142a.                            <\/p>\n<p>***Przed u\u017cyciem zapoznaj si\u0119 z ulotk\u0105, kt\u00f3ra zawiera wskazania, przeciwwskazania, dane dotycz\u0105ce dzia\u0142a\u0144 niepo\u017c\u0105danych, dawkowanie oraz informacje dotycz\u0105ce stosowania produktu leczniczego b\u0105d\u017a skonsultuj si\u0119 z lekarzem lub farmaceut\u0105, gdy\u017c ka\u017cdy lek niew\u0142a\u015bciwie stosowany zagra\u017ca Twojemu \u017cyciu lub zdrowiu.\u00a0Nie stosowa\u0107 u dzieci w wieku poni\u017cej 12 lat, ze wzgl\u0119du na ryzyko dzia\u0142ania uszkadzaj\u0105cego nerki i s\u0142uch. Stosowanie leku na du\u017ce powierzchnie uszkodzonej sk\u00f3ry mo\u017ce spowodowa\u0107 utrat\u0119 s\u0142uchu, uszkodzenie nerek i toksyczne dzia\u0142anie leku na uk\u0142ad nerwowy.\u00a0Je\u015bli wyst\u0105pi\u0105 dzia\u0142ania niepo\u017c\u0105dane, zw\u0142aszcza podra\u017cnienie w miejscu na\u0142o\u017cenia leku lub pacjent stwierdzi brak poprawy, nale\u017cy zaprzesta\u0107 stosowania leku Polibiotic i zwr\u00f3ci\u0107 si\u0119 do lekarza. Lek Polibiotic nale\u017cy przechowywa\u0107 w temperaturze poni\u017cej 25\u00b0C w miejscu niewidocznym i niedost\u0119pnym dla dzieci. Ma\u015bci Polibiotic nie nale\u017cy stosowa\u0107 je\u015bli pacjent ma uczulenie (nadwra\u017cliwo\u015b\u0107) na neomycyn\u0119, polimyksyn\u0119 B, bacytracyn\u0119 lub kt\u00f3rykolwiek z pozosta\u0142ych sk\u0142adnik\u00f3w leku, lub gdy u pacjenta wyst\u0119puj\u0105 zaburzenia s\u0142uchu (lek mo\u017ce mie\u0107 dzia\u0142anie uszkadzaj\u0105ce s\u0142uch). Ma\u015bci nie wolno stosowa\u0107 na g\u0142\u0119bokie lub k\u0142ute rany, ci\u0119\u017ckie oparzenia lub du\u017ce powierzchnie uszkodzonej sk\u00f3ry oraz na s\u0105cz\u0105ce zmiany chorobowe, ze wzgl\u0119du na ryzyko wch\u0142oni\u0119cia substancji czynnych do krwi i\u00a0 ich og\u00f3lnoustrojowych dzia\u0142a\u0144 niepo\u017c\u0105danych (dzia\u0142anie uszkadzaj\u0105ce s\u0142uch, nerki). Polibiotic jest niewskazany do stosowania do oczu i na b\u0142ony \u015bluzowe.<\/p>\n<h2>Polibiotic ma\u015b\u0107 1 sasz. Aflofarm<\/h2>\n<p>podchwytliwe zagadki na inteligencj\u0119, podchwytliwe zagadki z odpowiedziami, kamila, znaczenie imiona justyna, jazda konna dla dzieci, uk\u0142ad s\u0142oneczny dla dzieci do druku, prezent dla m\u0142odzie\u017cy, adriana znaczenie imienia, lol kolorowanki do druku, postacie z bajek, zabawy miko\u0142ajkowe dla dzieci, zagadka matematyczna, kolorowanki wakacje, jesienne piosenki dla dzieci<\/p>\n<p>yyyyy<\/p>\n<p>&nbsp;<\/p>\n","protected":false},"excerpt":{"rendered":"<p>. Polibiotic ma\u015b\u0107\u00a01 sasz.Polibiotic to lek w postaci ma\u015bci do stosowania miejscowego na sk\u00f3r\u0119. Stosuje si\u0119 go przy drobnych ranach takich jak: otarcia, zadrapania, uk\u0105szenia oraz przy oparzeniach i owrzodzeniach sk\u00f3ry. Polibiotic w sk\u0142adzie zawiera trzy substancje czynne antybiotyki: &#8211; neomycyn\u0119, polimyksyn\u0119 B i bacytracyn\u0119, o uzupe\u0142niaj\u0105cym si\u0119 zakresie dzia\u0142ania na bakterie, kt\u00f3re s\u0105 przyczyn\u0105 [&hellip;]<\/p>\n","protected":false},"featured_media":7251,"comment_status":"closed","ping_status":"open","template":"","meta":[],"product_cat":[201,200],"product_tag":[747,596,717,629,588,760],"class_list":["post-7250","product","type-product","status-publish","has-post-thumbnail","hentry","product_cat-aflofarm","product_cat-nutrikosmetyki-i-leki-dermatologiczne","product_tag-malowanki-do-druku","product_tag-pomysly-na-prima-aprilis","product_tag-prezent-roczek","product_tag-smieszne-zagadki-z-odpowiedziami","product_tag-wzruszajace-slowa-dla-przyjaciela","product_tag-zagadka-matematyczna"],"_links":{"self":[{"href":"http:\/\/klubmamgdynia.pl\/index.php\/wp-json\/wp\/v2\/product\/7250","targetHints":{"allow":["GET"]}}],"collection":[{"href":"http:\/\/klubmamgdynia.pl\/index.php\/wp-json\/wp\/v2\/product"}],"about":[{"href":"http:\/\/klubmamgdynia.pl\/index.php\/wp-json\/wp\/v2\/types\/product"}],"replies":[{"embeddable":true,"href":"http:\/\/klubmamgdynia.pl\/index.php\/wp-json\/wp\/v2\/comments?post=7250"}],"wp:featuredmedia":[{"embeddable":true,"href":"http:\/\/klubmamgdynia.pl\/index.php\/wp-json\/wp\/v2\/media\/7251"}],"wp:attachment":[{"href":"http:\/\/klubmamgdynia.pl\/index.php\/wp-json\/wp\/v2\/media?parent=7250"}],"wp:term":[{"taxonomy":"product_cat","embeddable":true,"href":"http:\/\/klubmamgdynia.pl\/index.php\/wp-json\/wp\/v2\/product_cat?post=7250"},{"taxonomy":"product_tag","embeddable":true,"href":"http:\/\/klubmamgdynia.pl\/index.php\/wp-json\/wp\/v2\/product_tag?post=7250"}],"curies":[{"name":"wp","href":"https:\/\/api.w.org\/{rel}","templated":true}]}}