{"id":7252,"date":"2025-05-10T20:19:26","date_gmt":"2025-05-10T18:19:26","guid":{"rendered":"http:\/\/klubmamgdynia.pl\/?post_type=product&#038;p=7252"},"modified":"2026-05-02T12:18:56","modified_gmt":"2026-05-02T10:18:56","slug":"bronchipret-te-syrop-100ml","status":"publish","type":"product","link":"http:\/\/klubmamgdynia.pl\/index.php\/produkt\/bronchipret-te-syrop-100ml\/","title":{"rendered":"Bronchipret TE syrop 100ml"},"content":{"rendered":"<p>\u00a0                            <\/p>\n<p>Bronchipret TE                            <\/p>\n<p>Bronchipret jest lekiem w postaci syropu, dost\u0119pnym dla dzieci powy\u017cej 2. roku \u017cycia, wskazanym w infekcjach dr\u00f3g oddechowych przebiegaj\u0105cych z kaszlem.\u00a0                            <\/p>\n<p>\u00a0                            <\/p>\n<p>Poniewa\u017c nie powoduje naprodukcji wydzieliny, mo\u017ce by\u0107 podawany po godz. 17.Bronchipret nie zawiera cukru, jest bezpieczny dla z\u0119b\u00f3w. Niewielka dawka oraz za\u0142\u0105czona miarka u\u0142atwia podawanie.\u00a0                            <\/p>\n<p>1. Marzian O: Treatment of acute bronchitis in children and adolescents. Noninterventional postmarketing surveillance study confirms the benefit and safety of a syrup made of extracts fromthyme and ivy leaves. MMW Fortschr Med 2006; 149: 69\u201374. 2. Seibel J, Pergola C, Werz O, Kryshen K, Wosikowski K, Lehner MD, Haunschild J: Bronchipret\u00ae syrup containing thyme and ivyextracts suppresses bronchoalveolar inflammation and goblet cell hyperplasia in experimental bronchoalveolitis. Phytomedicine 2015; 22: 1172\u20131177. 3. Kemmerich B, Eberhardt R, StammerH: Efficacy and tolerability of a fluid extract combination of thyme herb and ivy leaves and matched placebo in adults suffering from acute bronchitis with productive cough. A prospective,double-blind, placebo-controlled clinical trial. Arzneimittelforschung 2006; 56: 652\u2013660.                            <\/p>\n<p>Nazwa produktu leczniczego: Bronchipret TE, syropSk\u0142ad: 100 g syropu zawiera: wyci\u0105g p\u0142ynny z ziela tymianku \u2013 15,0 g oraz wyci\u0105g p\u0142ynny z li\u015bci bluszczu pospolitego \u2013 1,5 g. Produkt leczniczy zawiera 7% [V\/V] alkoholu.Posta\u0107 farmaceutyczna: SyropWskazania terapeutyczne do stosowania: Produkt leczniczy ro\u015blinny stosowany w objawach kaszlu z zalegaj\u0105c\u0105 wydzielin\u0105, w \u0142agodnych do umiarkowanych infekcjach i stanach zapalnych dr\u00f3g oddechowych, takich jak ostre zapalenie oskrzeli.Przeciwwskazania: Nadwra\u017cliwo\u015b\u0107 na substancje czynne oraz na inne ro\u015bliny z rodziny jasnotowatych (Lamiaceae) oraz araliowatych (Araliacae), brzoz\u0119, bylic\u0119 pospolit\u0105, seler, lub na kt\u00f3r\u0105kolwiek substancj\u0119 pomocnicz\u0105.Podmiot odpowiedzialny: Bionorica SE, 92308 Neumarkt, Niemcy. Informacji o leku udziela: Bionorica Polska Sp. z o.o., ul. Hrubieszowska 6B, 01-209 WarszawaPrzed u\u017cyciem zapoznaj si\u0119 z ulotk\u0105, kt\u00f3ra zawiera wskazania, przeciwwskazania, dane dotycz\u0105ce dzia\u0142a\u0144 niepo\u017c\u0105danych i dawkowanie oraz informacje dotycz\u0105ce stosowania produktu leczniczego, b\u0105d\u017a skonsultuj si\u0119 z lekarzem lub farmaceut\u0105, gdy\u017c ka\u017cdy lek niew\u0142a\u015bciwie stosowany zagra\u017ca Twojemu \u017cyciu lub zdrowiu.<\/p>\n<h2>Bronchipret TE syrop 100ml Bionorica<\/h2>\n<p>zagadki dla dzieci 10-12 lat, zabawki na roczek dla ch\u0142opca, wydarzenia dla dzieci warszawa, mini zoo mazowieckie<\/p>\n<p>yyyyy<\/p>\n<p>&nbsp;<\/p>\n","protected":false},"excerpt":{"rendered":"<p>\u00a0 Bronchipret TE Bronchipret jest lekiem w postaci syropu, dost\u0119pnym dla dzieci powy\u017cej 2. roku \u017cycia, wskazanym w infekcjach dr\u00f3g oddechowych przebiegaj\u0105cych z kaszlem.\u00a0 \u00a0 Poniewa\u017c nie powoduje naprodukcji wydzieliny, mo\u017ce by\u0107 podawany po godz. 17.Bronchipret nie zawiera cukru, jest bezpieczny dla z\u0119b\u00f3w. Niewielka dawka oraz za\u0142\u0105czona miarka u\u0142atwia podawanie.\u00a0 1. Marzian O: Treatment of [&hellip;]<\/p>\n","protected":false},"featured_media":7253,"comment_status":"closed","ping_status":"open","template":"","meta":[],"product_cat":[1565,198],"product_tag":[844,853,636,625],"class_list":["post-7252","product","type-product","status-publish","has-post-thumbnail","hentry","product_cat-bionorica","product_cat-przeziebienie-i-grypa","product_tag-co-kupic-na-roczek","product_tag-kolorowanki-do-druku-dla-doroslych","product_tag-teksty-kolysanek","product_tag-trojmiasto-atrakcje-dla-dzieci"],"_links":{"self":[{"href":"http:\/\/klubmamgdynia.pl\/index.php\/wp-json\/wp\/v2\/product\/7252","targetHints":{"allow":["GET"]}}],"collection":[{"href":"http:\/\/klubmamgdynia.pl\/index.php\/wp-json\/wp\/v2\/product"}],"about":[{"href":"http:\/\/klubmamgdynia.pl\/index.php\/wp-json\/wp\/v2\/types\/product"}],"replies":[{"embeddable":true,"href":"http:\/\/klubmamgdynia.pl\/index.php\/wp-json\/wp\/v2\/comments?post=7252"}],"wp:featuredmedia":[{"embeddable":true,"href":"http:\/\/klubmamgdynia.pl\/index.php\/wp-json\/wp\/v2\/media\/7253"}],"wp:attachment":[{"href":"http:\/\/klubmamgdynia.pl\/index.php\/wp-json\/wp\/v2\/media?parent=7252"}],"wp:term":[{"taxonomy":"product_cat","embeddable":true,"href":"http:\/\/klubmamgdynia.pl\/index.php\/wp-json\/wp\/v2\/product_cat?post=7252"},{"taxonomy":"product_tag","embeddable":true,"href":"http:\/\/klubmamgdynia.pl\/index.php\/wp-json\/wp\/v2\/product_tag?post=7252"}],"curies":[{"name":"wp","href":"https:\/\/api.w.org\/{rel}","templated":true}]}}