{"id":7272,"date":"2022-08-20T16:51:06","date_gmt":"2022-08-20T14:51:06","guid":{"rendered":"http:\/\/klubmamgdynia.pl\/index.php\/produkt\/brandmac-koc-polarowy-kocyk-polar-konie-100x140cm-kon\/"},"modified":"2026-04-03T09:16:05","modified_gmt":"2026-04-03T07:16:05","slug":"brandmac-koc-polarowy-kocyk-polar-konie-100x140cm-kon","status":"publish","type":"product","link":"http:\/\/klubmamgdynia.pl\/index.php\/produkt\/brandmac-koc-polarowy-kocyk-polar-konie-100x140cm-kon\/","title":{"rendered":"Brandmac Koc Polarowy Kocyk Polar Konie 100X140Cm Ko\u0144"},"content":{"rendered":"<p>KOC POLAROWY polar 100x140cm Ko\u0144 KonieJavoliMi\u0142y w dotyku, ciep\u0142y koc polarowyKoc wykonany z wysokiej jako\u015bci materia\u0142\u00f3w, co gwarantuje bezpieczne, a przede wszystkim wygodne u\u017cytkowanie.Modne wzory oraz dzieci\u0119ca kolorystykaSk\u0142ad: 100% poliester, nano coral-polar , 200 GSMRozmiar: 100 x 140 cm<\/p>\n<h2>Brandmac Koc Polarowy Kocyk Polar Konie 100X140Cm Ko\u0144 <\/h2>\n<p>ciekawe zagadki i odpowiedzi, zwierz\u0119ta z plasteliny, rodzina cytaty, karty pracy dla dzieci z ukrainy, quiz o usa, dzie\u0144 pluszowego misia napis, ch\u0142opcy z placu broni &#8211; test z odpowiedziami, bombki do kolorowania, zagadka, eneduerabe, zagadki zimowe, cytaty korczaka, ksi\u0105\u017cka dla dzieci online<\/p>\n<p>yyyyy<\/p>\n<p>&nbsp;<\/p>\n","protected":false},"excerpt":{"rendered":"<p>KOC POLAROWY polar 100x140cm Ko\u0144 KonieJavoliMi\u0142y w dotyku, ciep\u0142y koc polarowyKoc wykonany z wysokiej jako\u015bci materia\u0142\u00f3w, co gwarantuje bezpieczne, a przede wszystkim wygodne u\u017cytkowanie.Modne wzory oraz dzieci\u0119ca kolorystykaSk\u0142ad: 100% poliester, nano coral-polar , 200 GSMRozmiar: 100 x 140 cm Brandmac Koc Polarowy Kocyk Polar Konie 100X140Cm Ko\u0144 ciekawe zagadki i odpowiedzi, zwierz\u0119ta z plasteliny, rodzina [&hellip;]<\/p>\n","protected":false},"featured_media":7273,"comment_status":"closed","ping_status":"open","template":"","meta":[],"product_cat":[1006],"product_tag":[819,854,706,714,733],"class_list":["post-7272","product","type-product","status-publish","has-post-thumbnail","hentry","product_cat-koce-i-narzuty-dzieciece","product_tag-co-kupic-nastolatce-na-swieta","product_tag-cytaty-rodzina","product_tag-imie-kuba","product_tag-zagadki-logiczne","product_tag-zarty-na-prima-aprilis"],"_links":{"self":[{"href":"http:\/\/klubmamgdynia.pl\/index.php\/wp-json\/wp\/v2\/product\/7272","targetHints":{"allow":["GET"]}}],"collection":[{"href":"http:\/\/klubmamgdynia.pl\/index.php\/wp-json\/wp\/v2\/product"}],"about":[{"href":"http:\/\/klubmamgdynia.pl\/index.php\/wp-json\/wp\/v2\/types\/product"}],"replies":[{"embeddable":true,"href":"http:\/\/klubmamgdynia.pl\/index.php\/wp-json\/wp\/v2\/comments?post=7272"}],"wp:featuredmedia":[{"embeddable":true,"href":"http:\/\/klubmamgdynia.pl\/index.php\/wp-json\/wp\/v2\/media\/7273"}],"wp:attachment":[{"href":"http:\/\/klubmamgdynia.pl\/index.php\/wp-json\/wp\/v2\/media?parent=7272"}],"wp:term":[{"taxonomy":"product_cat","embeddable":true,"href":"http:\/\/klubmamgdynia.pl\/index.php\/wp-json\/wp\/v2\/product_cat?post=7272"},{"taxonomy":"product_tag","embeddable":true,"href":"http:\/\/klubmamgdynia.pl\/index.php\/wp-json\/wp\/v2\/product_tag?post=7272"}],"curies":[{"name":"wp","href":"https:\/\/api.w.org\/{rel}","templated":true}]}}