{"id":7282,"date":"2010-11-06T09:33:29","date_gmt":"2010-11-06T08:33:29","guid":{"rendered":"http:\/\/klubmamgdynia.pl\/index.php\/produkt\/glimbax-roztwor-do-plukania-gardla-200ml\/"},"modified":"2026-04-24T15:14:21","modified_gmt":"2026-04-24T13:14:21","slug":"glimbax-roztwor-do-plukania-gardla-200ml","status":"publish","type":"product","link":"http:\/\/klubmamgdynia.pl\/index.php\/produkt\/glimbax-roztwor-do-plukania-gardla-200ml\/","title":{"rendered":"Glimbax roztw\u00f3r do p\u0142ukania gard\u0142a 200ml"},"content":{"rendered":"<p>Glimbax, 0,74 mg\/ml, lek na stany zapalne jamy ustnej i gard\u0142a, roztw\u00f3r do p\u0142ukania jamy ustnej i gard\u0142a, 200 ml                            <\/p>\n<p>Glimbax \u2013 na co, wskazania i dzia\u0142anie:Roztw\u00f3r do p\u0142ukania Glimbax przeznaczony jest do stosowania miejscowego w stanach zapalnych b\u0142ony \u015bluzowej jamy ustnej i gard\u0142a u dzieci powy\u017cej 14. roku \u017cycia i u doros\u0142ych.Substancj\u0105 czynn\u0105 leku Glimbax jest diklofenak, kt\u00f3ry nale\u017cy do niesteroidowych lek\u00f3w przeciwzapalnych (NLPZ). Wykazuje dzia\u0142anie przeciwb\u00f3lowe i przeciwzapalne, a podczas p\u0142ukania jamy ustnej bardzo dobrze przenika przez powierzchnie b\u0142on \u015bluzowych i gromadzi si\u0119 w tkankach zmienionych zapalnie1. Dzi\u0119ki temu produkt leczniczy Glimbax precyzyjnie dociera do bolesnego miejsca i szybko zmniejsza stan zapalny i u\u015bmierza towarzysz\u0105cy mu b\u00f3l1.Lek Glimbax stosuje si\u0119 w leczeniu objawowym stan\u00f3w zapalnych b\u0142ony \u015bluzowej jamy ustnej i gard\u0142a, takich jak np.:stany zapalne jamy ustnej, w tym m.in. afty i ple\u015bniawkizapalenie gard\u0142azapalenie dzi\u0105se\u0142zapalenie migda\u0142k\u00f3w podniebiennychstany po zabiegach stomatologicznychobjawy podra\u017cnienia mechanicznego w jamie ustnej przez protezy lub aparaty ortodontyczne.Roztw\u00f3r do p\u0142ukania Glimbax nie zawiera alkoholu1 i ma przyjemny smak brzoskwini11Charakterystyka produktu leczniczego Glimbax.                            <\/p>\n<p>Co zawiera lek Glimbax &#8211; sk\u0142ad:Substancj\u0105 czynn\u0105 leku jest diklofenak. Jeden ml roztworu zawiera 0,74 mg diklofenaku (w postaci kwasu).Inne sk\u0142adniki leku to: cholina roztw\u00f3r 50%, sorbitol, sodu benzoesan, sodu edetynian, acesulfam potasowy, naturalny aromat brzoskwiniowy, naturalny aromat mi\u0119towy, czerwie\u0144 koszenilowa (E124), woda oczyszczona.Posta\u0107 farmaceutyczna: roztw\u00f3r do p\u0142ukania jamy ustnej i gard\u0142a.Jak stosowa\u0107 lek Glimbax?Lek Glimbax nale\u017cy stosowa\u0107 zgodnie z zaleceniami lekarza lub informacj\u0105 zawart\u0105 w tej ulotce. W przypadku w\u0105tpliwo\u015bci nale\u017cy skontaktowa\u0107 si\u0119 z lekarzem.Zaleca si\u0119 stosowanie roztworu do p\u0142ukania jamy ustnej i gard\u0142a od 2 do 3 razy na dob\u0119. Ka\u017cdorazowo nale\u017cy u\u017cy\u0107 15 ml roztworu (1 miark\u0119) nierozcie\u0144czonego lub rozcie\u0144czonego niewielk\u0105 ilo\u015bci\u0105 wody i p\u0142uka\u0107 jam\u0119 ustn\u0105 przez oko\u0142o 30-60 sekund.Po u\u017cyciu roztw\u00f3r nale\u017cy wyplu\u0107.Leku Glimbax nie nale\u017cy stosowa\u0107 u dzieci w wieku poni\u017cej 14 lat.Je\u015bli objawy nasil\u0105 si\u0119 lub nie ust\u0105pi\u0105 po 7 dniach stosowania leku Glimbax, nale\u017cy skontaktowa\u0107 si\u0119 z lekarzem.W przypadku wra\u017cenia, \u017ce dzia\u0142anie leku jest za mocne lub za s\u0142abe, nale\u017cy zwr\u00f3ci\u0107 si\u0119 do lekarza.Przeciwwskazania \/ Kiedy nie stosowa\u0107 leku Glimbax?Kiedy nie stosowa\u0107 leku Glimbax:je\u015bli u pacjenta stwierdzono uczulenie (nadwra\u017cliwo\u015b\u0107) na substancj\u0119 czynn\u0105 (diklofenak) lub kt\u00f3rykolwiek z pozosta\u0142ych sk\u0142adnik\u00f3w leku Glimbax.je\u015bli u pacjenta wyst\u0119puje uczulenie (nadwra\u017cliwo\u015b\u0107) na kwas acetylosalicylowy lub na inny lek z grupy niesteroidowych lek\u00f3w przeciwzapalnych (np. po podaniu ibuprofenu, ketoprofenu, aspiryny wyst\u0105pi\u0142 napad astmy, pokrzywka lub katar alergiczny).u dzieci w wieku poni\u017cej 14 lat.Kiedy zachowa\u0107 szczeg\u00f3ln\u0105 ostro\u017cno\u015b\u0107 stosuj\u0105c lek Glimbax:Podczas miejscowego stosowania leku, szczeg\u00f3lnie d\u0142ugotrwa\u0142ego, mo\u017ce doj\u015b\u0107 do rozwoju uczulenia (nadwra\u017cliwo\u015bci). W takim przypadku nale\u017cy przerwa\u0107 stosowanie leku i skontaktowa\u0107 si\u0119 z lekarzem, kt\u00f3ry zaleci odpowiednie leczenie, je\u015bli b\u0119dzie to konieczne.Nale\u017cy unika\u0107 kontaktu leku Glimbax z oczami.Nale\u017cy skonsultowa\u0107 si\u0119 z lekarzem lub farmaceut\u0105, nawet je\u017celi powy\u017csze ostrze\u017cenia dotycz\u0105 sytuacji wyst\u0119puj\u0105cych w przesz\u0142o\u015bci.Zachowanie szczeg\u00f3lnej ostro\u017cno\u015bci u niekt\u00f3rych szczeg\u00f3lnych grup stosuj\u0105cych lek GlimbaxStosowanie leku Glimbax u pacjent\u00f3w z zaburzeniami czynno\u015bci nerek i w\u0105trobyBrak specjalnych zalece\u0144 dotycz\u0105cych dawkowania leku u pacjent\u00f3w z zaburzeniami czynno\u015bci nerek i w\u0105troby. Teoretycznie istnieje mo\u017cliwo\u015b\u0107 kumulacji leku oraz jego metabolit\u00f3w w przypadku ci\u0119\u017ckiej niewydolno\u015bci nerek, lecz jej znaczenie kliniczne jest nieznane.Stosowanie leku Glimbax u pacjent\u00f3w w podesz\u0142ym wiekuNie ma potrzeby modyfikacji schematu dawkowania.Stosowanie leku Glimbax z innymi lekamiNie s\u0105 znane oddzia\u0142ywania tego leku z innymi lekami do stosowania miejscowego w jamie ustnej.Informacje zawarte w tej ulotce mog\u0105 tak\u017ce dotyczy\u0107 lek\u00f3w stosowanych w przesz\u0142o\u015bci lub tych, kt\u00f3re b\u0119d\u0105 stosowane w przysz\u0142o\u015bci.Nale\u017cy poinformowa\u0107 lekarza o wszystkich przyjmowanych ostatnio lekach, r\u00f3wnie\u017c tych kt\u00f3re wydawane s\u0105 bez recepty.Ci\u0105\u017ca i karmienie piersi\u0105\u00a0Przed zastosowaniem ka\u017cdego leku nale\u017cy poradzi\u0107 si\u0119 lekarza.Leku Glimbax nie nale\u017cy stosowa\u0107 u kobiet w ci\u0105\u017cy i karmi\u0105cych piersi\u0105.Prowadzenie pojazd\u00f3w i obs\u0142ugiwanie maszynLek Glimbax nie ma wp\u0142ywu na zdolno\u015b\u0107 prowadzenia pojazd\u00f3w mechanicznych i obs\u0142ugiwania urz\u0105dze\u0144 mechanicznych w ruchu.Wa\u017cne informacje o niekt\u00f3rych sk\u0142adnikach leku GlimbaxLek Glimbax zawiera sodu benzoesan, kt\u00f3ry powoduje podra\u017cnienie b\u0142on \u015bluzowych.Lek Glimbax zawiera czerwie\u0144 koszenilow\u0105, kt\u00f3ra mo\u017ce powodowa\u0107 reakcje alergiczne.Lek Glimbax \u2013 mo\u017cliwe dzia\u0142ania niepo\u017c\u0105dane:Jak ka\u017cdy lek, Glimbax mo\u017ce powodowa\u0107 dzia\u0142ania niepo\u017c\u0105dane.Podczas stosowania leku (zw\u0142aszcza d\u0142ugotrwa\u0142ego) mog\u0105 wyst\u0105pi\u0107 objawy podra\u017cnienia b\u0142ony \u015bluzowej jamy ustnej (np. pieczenie) i kaszel. Mo\u017ce r\u00f3wnie\u017c doj\u015b\u0107 do rozwoju reakcji nadwra\u017cliwo\u015bci. W takim przypadku nale\u017cy przerwa\u0107 stosowanie leku i skontaktowa\u0107 si\u0119 z lekarzem, kt\u00f3ry zaleci odpowiednie leczenie.Nie mo\u017cna wykluczy\u0107 mo\u017cliwo\u015bci wyst\u0105pienia og\u00f3lnoustrojowych dzia\u0142a\u0144 niepo\u017c\u0105danych w przypadku po\u0142kni\u0119cia lub d\u0142ugotrwa\u0142ego stosowania leku Glimbax.Je\u015bli nasili si\u0119 kt\u00f3rykolwiek z objaw\u00f3w niepo\u017c\u0105danych lub wyst\u0105pi\u0105 jakiekolwiek objawy niepo\u017c\u0105dane nie wymienione w ulotce, nale\u017cy powiadomi\u0107 lekarza lub farmaceut\u0119.Roztw\u00f3r do p\u0142ukania Glimbax \u2013 jak przechowywa\u0107?Lek nale\u017cy przechowywa\u0107 w miejscu niewidocznym i niedost\u0119pnym dla dzieci.Brak specjalnych wymaga\u0144 dotycz\u0105cych przechowywania.Nie stosowa\u0107 tego leku po up\u0142ywie terminu wa\u017cno\u015bci zamieszczonego na opakowaniu.Lek\u00f3w nie nale\u017cy wyrzuca\u0107 do kanalizacji ani domowych pojemnik\u00f3w na odpadki. Nale\u017cy zapyta\u0107 farmaceut\u0119, jak usun\u0105\u0107 leki, kt\u00f3rych si\u0119 ju\u017c nie u\u017cywa. Takie post\u0119powanie pomo\u017ce chroni\u0107 \u015brodowisko.Podmiot odpowiedzialny i wytw\u00f3rca:Podmiot odpowiedzialny:Angelini Pharma Polska Sp. z o.o.\u00a0Aleje Jerozolimskie 181B02-222 Warszawatel. (22) 70 28 200email: angelini@angelini.plWytw\u00f3rca:SUN-FARM Sp\u00f3\u0142ka z o. o.Cz\u0142ek\u00f3wka 7505-340 Ko\u0142bielPrzed u\u017cyciem zapoznaj si\u0119 z ulotk\u0105, kt\u00f3ra zawiera wskazania, przeciwwskazania, dane dotycz\u0105ce dzia\u0142a\u0144 niepo\u017c\u0105danych i dawkowanie oraz informacje dotycz\u0105ce stosowania produktu leczniczego, b\u0105d\u017a skonsultuj si\u0119 z lekarzem lub farmaceut\u0105, gdy\u017c ka\u017cdy lek niew\u0142a\u015bciwie stosowany zagra\u017ca Twojemu \u017cyciu lub zdrowiu.<\/p>\n<h2>Glimbax roztw\u00f3r do p\u0142ukania gard\u0142a 200ml Angelini<\/h2>\n<p>sara, opisy o rodzinie, kolorowanka elsa, imi\u0119 nela, kolorowanka lato, bajki o ksi\u0119\u017cniczkach do czytania, maska dinozaura, bezwarunkowa mi\u0142o\u015b\u0107 do dziecka cytaty, 1 listopada dzie\u0144 wszystkich \u015bwi\u0119tych kolorowanki, najlepsze zarty na prima aprilis, kolorowanki koty, kotki kolorowanka<\/p>\n<p>yyyyy<\/p>\n<p>&nbsp;<\/p>\n","protected":false},"excerpt":{"rendered":"<p>Glimbax, 0,74 mg\/ml, lek na stany zapalne jamy ustnej i gard\u0142a, roztw\u00f3r do p\u0142ukania jamy ustnej i gard\u0142a, 200 ml Glimbax \u2013 na co, wskazania i dzia\u0142anie:Roztw\u00f3r do p\u0142ukania Glimbax przeznaczony jest do stosowania miejscowego w stanach zapalnych b\u0142ony \u015bluzowej jamy ustnej i gard\u0142a u dzieci powy\u017cej 14. roku \u017cycia i u doros\u0142ych.Substancj\u0105 czynn\u0105 leku [&hellip;]<\/p>\n","protected":false},"featured_media":7283,"comment_status":"closed","ping_status":"open","template":"","meta":[],"product_cat":[1570,198],"product_tag":[731,684,843,604],"class_list":["post-7282","product","type-product","status-publish","has-post-thumbnail","hentry","product_cat-angelini","product_cat-przeziebienie-i-grypa","product_tag-maly-ksiaze-cytaty","product_tag-prezent-dla-dziewczynki-na-roczek","product_tag-smieszne-zagadki-dla-dzieci","product_tag-zagadki-trudne"],"_links":{"self":[{"href":"http:\/\/klubmamgdynia.pl\/index.php\/wp-json\/wp\/v2\/product\/7282","targetHints":{"allow":["GET"]}}],"collection":[{"href":"http:\/\/klubmamgdynia.pl\/index.php\/wp-json\/wp\/v2\/product"}],"about":[{"href":"http:\/\/klubmamgdynia.pl\/index.php\/wp-json\/wp\/v2\/types\/product"}],"replies":[{"embeddable":true,"href":"http:\/\/klubmamgdynia.pl\/index.php\/wp-json\/wp\/v2\/comments?post=7282"}],"wp:featuredmedia":[{"embeddable":true,"href":"http:\/\/klubmamgdynia.pl\/index.php\/wp-json\/wp\/v2\/media\/7283"}],"wp:attachment":[{"href":"http:\/\/klubmamgdynia.pl\/index.php\/wp-json\/wp\/v2\/media?parent=7282"}],"wp:term":[{"taxonomy":"product_cat","embeddable":true,"href":"http:\/\/klubmamgdynia.pl\/index.php\/wp-json\/wp\/v2\/product_cat?post=7282"},{"taxonomy":"product_tag","embeddable":true,"href":"http:\/\/klubmamgdynia.pl\/index.php\/wp-json\/wp\/v2\/product_tag?post=7282"}],"curies":[{"name":"wp","href":"https:\/\/api.w.org\/{rel}","templated":true}]}}