{"id":7284,"date":"2021-11-03T21:26:01","date_gmt":"2021-11-03T20:26:01","guid":{"rendered":"http:\/\/klubmamgdynia.pl\/index.php\/produkt\/ankras-cars-p-2-120-90-dwustronna\/"},"modified":"2026-04-04T05:09:12","modified_gmt":"2026-04-04T03:09:12","slug":"ankras-cars-p-2-120-90-dwustronna","status":"publish","type":"product","link":"http:\/\/klubmamgdynia.pl\/index.php\/produkt\/ankras-cars-p-2-120-90-dwustronna\/","title":{"rendered":"Ankras Cars P 2 120\/90 Dwustronna"},"content":{"rendered":"<p>Po\u015bciel dla niemowl\u0105t dost\u0119pna w asortymencie naszego sklepu zosta\u0142a wyprodukowana wy\u0142\u0105cznie na bazie tkanin z atestem, dzi\u0119ki czemu jest nie tylko wyj\u0105tkowo mi\u0119kka w dotyku, ale tak\u017ce bezpieczna dla wra\u017cliwej sk\u00f3ry dzieci od pierwszych chwil \u017cycia. Po\u015bciel dla niemowl\u0105t cechuje si\u0119 niezwykle starannym wykonaniem oraz perfekcyjnym wyko\u0144czeniem. Kolorowe wzornictwo sprawia, \u017ce ka\u017cda po\u015bciel dla niemowl\u0105t doskonale sprawdzi si\u0119 do aran\u017cacji dzieci\u0119cego k\u0105cika.W sk\u0142ad kompletu wchodzi:- poszewka na ko\u0142derk\u0119 120x90cm,- poszewka na poduszk\u0119 40x60cm.Tkanina bawe\u0142na 100%.<\/p>\n<h2>Ankras Cars P 2 120\/90 Dwustronna Ankras<\/h2>\n<p>prezent dla ch\u0142opca na roczek, cytaty rodzina, prezenty dla nastolatka, prezent dla nastolatk\u00f3w ch\u0142opc\u00f3w, zyczenia walentynkowe dla dzieci, maski karnawa\u0142owe dla dzieci szablony, literki, prezenty na roczek, piesek do kolorowania, zemsta test wiedzy, m\u0105dre bajki dla dzieci do czytania, warszawa z dzieckiem, piosenki na dobranoc tekst, wr\u00f3\u017cby andrzejkowe kolory, myszka minnie kolorowanka, malowanka do druku, laurka dla mamy rysunek, bardzo trudne zagadki, pomys\u0142y na pakowanie prezent\u00f3w<\/p>\n<p>yyyyy<\/p>\n<p>&nbsp;<\/p>\n","protected":false},"excerpt":{"rendered":"<p>Po\u015bciel dla niemowl\u0105t dost\u0119pna w asortymencie naszego sklepu zosta\u0142a wyprodukowana wy\u0142\u0105cznie na bazie tkanin z atestem, dzi\u0119ki czemu jest nie tylko wyj\u0105tkowo mi\u0119kka w dotyku, ale tak\u017ce bezpieczna dla wra\u017cliwej sk\u00f3ry dzieci od pierwszych chwil \u017cycia. Po\u015bciel dla niemowl\u0105t cechuje si\u0119 niezwykle starannym wykonaniem oraz perfekcyjnym wyko\u0144czeniem. Kolorowe wzornictwo sprawia, \u017ce ka\u017cda po\u015bciel dla niemowl\u0105t [&hellip;]<\/p>\n","protected":false},"featured_media":7285,"comment_status":"closed","ping_status":"open","template":"","meta":[],"product_cat":[1571,994],"product_tag":[618,655,841,641,778],"class_list":["post-7284","product","type-product","status-publish","has-post-thumbnail","hentry","product_cat-ankras","product_cat-komplety-poscieli-dla-dzieci","product_tag-lato-lato-lato-czeka-tekst","product_tag-najlepsze-zagadki","product_tag-quiz-o-flagach","product_tag-trudne-zagadki-logiczne","product_tag-zabawki-na-roczek-dla-chlopca"],"_links":{"self":[{"href":"http:\/\/klubmamgdynia.pl\/index.php\/wp-json\/wp\/v2\/product\/7284","targetHints":{"allow":["GET"]}}],"collection":[{"href":"http:\/\/klubmamgdynia.pl\/index.php\/wp-json\/wp\/v2\/product"}],"about":[{"href":"http:\/\/klubmamgdynia.pl\/index.php\/wp-json\/wp\/v2\/types\/product"}],"replies":[{"embeddable":true,"href":"http:\/\/klubmamgdynia.pl\/index.php\/wp-json\/wp\/v2\/comments?post=7284"}],"wp:featuredmedia":[{"embeddable":true,"href":"http:\/\/klubmamgdynia.pl\/index.php\/wp-json\/wp\/v2\/media\/7285"}],"wp:attachment":[{"href":"http:\/\/klubmamgdynia.pl\/index.php\/wp-json\/wp\/v2\/media?parent=7284"}],"wp:term":[{"taxonomy":"product_cat","embeddable":true,"href":"http:\/\/klubmamgdynia.pl\/index.php\/wp-json\/wp\/v2\/product_cat?post=7284"},{"taxonomy":"product_tag","embeddable":true,"href":"http:\/\/klubmamgdynia.pl\/index.php\/wp-json\/wp\/v2\/product_tag?post=7284"}],"curies":[{"name":"wp","href":"https:\/\/api.w.org\/{rel}","templated":true}]}}