{"id":7288,"date":"2013-10-04T09:22:20","date_gmt":"2013-10-04T07:22:20","guid":{"rendered":"http:\/\/klubmamgdynia.pl\/index.php\/produkt\/vitotal-gold-dla-kobiet-tonik-1000ml\/"},"modified":"2026-05-17T22:42:51","modified_gmt":"2026-05-17T20:42:51","slug":"vitotal-gold-dla-kobiet-tonik-1000ml","status":"publish","type":"product","link":"http:\/\/klubmamgdynia.pl\/index.php\/produkt\/vitotal-gold-dla-kobiet-tonik-1000ml\/","title":{"rendered":"VITOTAL GOLD dla kobiet Tonik 1000ml"},"content":{"rendered":"<p>Sk\u0142adniki produktu VITOTAL GOLD dla Kobiet:pomagaj\u0105 utrzyma\u0107 dobr\u0105 form\u0119 fizyczn\u0105 i umys\u0142ow\u0105przyczyniaj\u0105 si\u0119 do zachowania prawid\u0142owego ci\u015bnienia krwiwspomagaj\u0105 metabolizmpomagaj\u0105 w utrzymaniu zdrowej sk\u00f3ryVitotal Gold dla Kobiet powsta\u0142 w odpowiedzi na potrzeby pa\u0144 po 45 roku \u017cycia.Vitotal Gold dla Kobiet zawiera wyci\u0105g z czerwonego wina, sk\u00f3rek winogron i \u017ce\u0144-szenia, aloes, \u017curawin\u0119 i zestaw witamin. Sk\u0142adniki te wp\u0142ywaj\u0105 korzystnie nie tylko na kondycj\u0119 fizyczn\u0105 i umys\u0142ow\u0105, ale te\u017c pomagaj\u0105 zachowa\u0107 urod\u0119 i wspomagaj\u0105 metabolizm.Vitotal Gold dla Kobiet suplement diety zosta\u0142 opracowany z my\u015bl\u0105 o paniach pragn\u0105cych jak najd\u0142u\u017cej zachowa\u0107 \u015bwietn\u0105 form\u0119 fizyczn\u0105 i umys\u0142ow\u0105. Wiedz\u0105cych, \u017ce ich naturalne pi\u0119kno \u0142atwo dostrzec w b\u0142yszcz\u0105cych, g\u0119stych w\u0142osach i zdrowej cerze. Dla kt\u00f3rych witalno\u015b\u0107 i energia s\u0105 synonimem dobrego zdrowia. W toniku Vitotal Gold dla kobiet zawarte s\u0105 witaminy i wyci\u0105gi ro\u015blinne dobrane tak by jak najlepiej odpowiada\u0107 potrzebom kobiecego organizmu.                            <\/p>\n<p>            G\u0142\u00f3wne sk\u0142adniki<\/p>\n<p>Aloes pomaga w utrzymaniu prawid\u0142owych funkcji sk\u00f3ry i warstwy nask\u00f3rka, wp\u0142ywa korzystnie na zachowanie naturalne odporno\u015bci organizmu oraz prawid\u0142owe trawienie.\u017be\u0144-sze\u0144 pomaga w zachowaniu optymalnej witalno\u015bci i wydolno\u015bci organizmu, u\u0142atwia utrzymanie prawid\u0142owego poziomu glukozy, wspiera utrzymanie funkcji poznawczych, wspomaga pami\u0119\u0107 oraz przyczynia si\u0119 do prawid\u0142owego kr\u0105\u017cenia krwi.\u00a0Wyci\u0105g z czerwonego wina pomaga w obronie przed wolnymi rodnikami oraz przyczynia si\u0119 do utrzymania prawidlowego przep\u0142ywu krwi.\u00a0Biotyna pomaga zachowa\u0107 zdrow\u0105 sk\u00f3r\u0119 i w\u0142osy.\u00a0Tiamina pomaga w prawid\u0142owym funkcjonowaniu serca.\u00a0Rybofalwina wspiera utrzymanie prawid\u0142owego widzenia.\u00a0Witamina B6 pomaga w utrzymaniu prawid\u0142owych funkcji psychologicznych oraz prawid\u0142owej produkcji czerwnocyh krwinek.\u00a0Niacyna pomaga w prawid\u0142owym funkcjonowaniu uk\u0142adu nerwowego.\u00a0Kwas foliowy przyczynia si\u0119 do zmniejszenia uczucia zm\u0119czenia i znu\u017cenia.\u00a0Kwas pantotenowy pomaga w utrzymaniu sprawno\u015bci umys\u0142owej na prawid\u0142owym poziomie.\u00a0Biotyna przyczynia si\u0119 do utrzymania prawid\u0142owego metabolizmu mikrosk\u0142adnik\u00f3w od\u017cywczych.\u00a0Witamina B12 pomaga w prawid\u0142owym funkcjonowaniu uk\u0142adu odporno\u015bciowego.\u00a0Witamina C pomaga w prawid\u0142owej produkcji kolagenu w celu zapewnienia prawid\u0142owego funkcjonowania ko\u015bci, chrz\u0105stki, z\u0119b\u00f3w, dzi\u0105se\u0142, sk\u00f3ry i naczy\u0144 krwiono\u015bnych.                            <\/p>\n<p>            Dawkowanie<\/p>\n<p>Doro\u015bli: 15 ml preparatu 2 razy dziennie.                            <\/p>\n<p>            Sk\u0142ad<\/p>\n<p>Woda, cukier, sok z aronii, koncentrat soku z aloesu, wyci\u0105g suchy z czerwonego wina, suszony sok \u017curawinowy, benzoesan sodu, guma ksantanowa, aromaty, ekstrakt z korzenia \u017ce\u0144-szenia, kwas cytrynowy, kwas L-askorbinowy, wyci\u0105g ze sk\u00f3rek czerwonych winogron, amid kwasu nikotynowego, D-pantotenian wapnia, aspartam, chlorowodorek pirydoksyny, monoazotan tiaminy, ryboflawina, kwas pteroilomonoglutaminowy, D-biotyna, cyjanokobalamina.<\/p>\n<h2>VITOTAL GOLD dla kobiet Tonik 1000ml Aflofarm<\/h2>\n<p>gry planszowe dla m\u0142odzie\u017cy, malowanka, bajki do czytania na dobranoc, maska psi patrol do druku, kotek kolorowanka, wz\u00f3r dyplomu do pobrania, darmowe kolorowanki kolorowanki dla dziewczynek, trudne zagadki, kolorowanki pokemon, zagadki liczbowe, bajki na dobranoc, kolorowanka star wars, gdzie strumyk p\u0142ynie z wolna, jagna, milena imie, prezent dla dziecka 1 rok, quiz dynastia mizio\u0142k\u00f3w<\/p>\n<p>yyyyy<\/p>\n<p>&nbsp;<\/p>\n","protected":false},"excerpt":{"rendered":"<p>Sk\u0142adniki produktu VITOTAL GOLD dla Kobiet:pomagaj\u0105 utrzyma\u0107 dobr\u0105 form\u0119 fizyczn\u0105 i umys\u0142ow\u0105przyczyniaj\u0105 si\u0119 do zachowania prawid\u0142owego ci\u015bnienia krwiwspomagaj\u0105 metabolizmpomagaj\u0105 w utrzymaniu zdrowej sk\u00f3ryVitotal Gold dla Kobiet powsta\u0142 w odpowiedzi na potrzeby pa\u0144 po 45 roku \u017cycia.Vitotal Gold dla Kobiet zawiera wyci\u0105g z czerwonego wina, sk\u00f3rek winogron i \u017ce\u0144-szenia, aloes, \u017curawin\u0119 i zestaw witamin. Sk\u0142adniki te [&hellip;]<\/p>\n","protected":false},"featured_media":7289,"comment_status":"closed","ping_status":"open","template":"","meta":[],"product_cat":[201,187],"product_tag":[810,818,759,735],"class_list":["post-7288","product","type-product","status-publish","has-post-thumbnail","hentry","product_cat-aflofarm","product_cat-mineraly-i-witaminy","product_tag-nauka-zegara-do-druku","product_tag-oliwier","product_tag-pomysly-na-prezent-dla-nastolatkow","product_tag-prezent-na-roczek-dziewczynka"],"_links":{"self":[{"href":"http:\/\/klubmamgdynia.pl\/index.php\/wp-json\/wp\/v2\/product\/7288","targetHints":{"allow":["GET"]}}],"collection":[{"href":"http:\/\/klubmamgdynia.pl\/index.php\/wp-json\/wp\/v2\/product"}],"about":[{"href":"http:\/\/klubmamgdynia.pl\/index.php\/wp-json\/wp\/v2\/types\/product"}],"replies":[{"embeddable":true,"href":"http:\/\/klubmamgdynia.pl\/index.php\/wp-json\/wp\/v2\/comments?post=7288"}],"wp:featuredmedia":[{"embeddable":true,"href":"http:\/\/klubmamgdynia.pl\/index.php\/wp-json\/wp\/v2\/media\/7289"}],"wp:attachment":[{"href":"http:\/\/klubmamgdynia.pl\/index.php\/wp-json\/wp\/v2\/media?parent=7288"}],"wp:term":[{"taxonomy":"product_cat","embeddable":true,"href":"http:\/\/klubmamgdynia.pl\/index.php\/wp-json\/wp\/v2\/product_cat?post=7288"},{"taxonomy":"product_tag","embeddable":true,"href":"http:\/\/klubmamgdynia.pl\/index.php\/wp-json\/wp\/v2\/product_tag?post=7288"}],"curies":[{"name":"wp","href":"https:\/\/api.w.org\/{rel}","templated":true}]}}