{"id":730,"date":"2018-12-13T15:28:02","date_gmt":"2018-12-13T14:28:02","guid":{"rendered":"http:\/\/klubmamgdynia.pl\/index.php\/produkt\/holle-herbatka-dla-matek-karmiacych-30g\/"},"modified":"2026-04-29T00:15:02","modified_gmt":"2026-04-28T22:15:02","slug":"holle-herbatka-dla-matek-karmiacych-30g","status":"publish","type":"product","link":"http:\/\/klubmamgdynia.pl\/index.php\/produkt\/holle-herbatka-dla-matek-karmiacych-30g\/","title":{"rendered":"Holle Herbatka Dla Matek Karmi\u0105cych 30G"},"content":{"rendered":"<p>Waciwoci:Herbatka zioowa pielgnacyjno-uspokajajca dla karmicych matek BIO Holle moe by stosowana pod koniec ciy i przez cay okres karmienia piersi. Zalecane jest picie 3-6 kubw dziennie. Any, koper woski, kminek i melisa pochodz z certyfikowanych gospodarstw ekologicznych.Zioowa mieszanka anyu, kopru woskiego, kminku, melisy. Moe by stosowana pod koniec ciy a take podczas karmienia piersi.Skad:Any* 30%, koper woski* 30%, kminek* 30%, melisa lekarska* 10%*z upraw biologicznychStosowanie:Wlej okoo 200 ml wieej, gotujcej si wody do szklanki z woreczkiem i zostaw do zaparzenia na 5-10 minut. Wycignij torebk i nalej herbatk do butelki. Poczekaj a ostygnie do okoo 37C przed karmieniem. Sodzenie jest niekonieczne.W celu zapobiegnicia przegrzaniu, nie podgrzewaj herbatki w mikrofalwce. Nie pozwl dziecku na ssanie butelki z herbatk przez duszy okres czasu, eby zapobiec zapocztkowaniu prchnicy.Opakowanie:30 g<\/p>\n<h2>Holle Herbatka Dla Matek Karmi\u0105cych 30G Holle<\/h2>\n<p>pomys\u0142y na prima aprilis w szkole, basen dla dzieci warszawa, maska kota, weso\u0142e pisanki tekst, rymowane zagadki dla dzieci, zagadki wiosenne dla dzieci, fajne rzeczy dla nastolatk\u00f3w, opowie\u015bci z narni lew czarownica i stara szafa test, pisanie literek do druku, ela znaczenie imienia, kolorowanki do druku konie, lol kolorowanka, jak narysowa\u0107 sanie miko\u0142aja, bajki o ksi\u0119\u017cniczkach do czytania, kucyki pony kolorowanka, kolorowanki do druku dla doros\u0142ych<\/p>\n<p>yyyyy<\/p>\n<p>&nbsp;<\/p>\n","protected":false},"excerpt":{"rendered":"<p>Waciwoci:Herbatka zioowa pielgnacyjno-uspokajajca dla karmicych matek BIO Holle moe by stosowana pod koniec ciy i przez cay okres karmienia piersi. Zalecane jest picie 3-6 kubw dziennie. Any, koper woski, kminek i melisa pochodz z certyfikowanych gospodarstw ekologicznych.Zioowa mieszanka anyu, kopru woskiego, kminku, melisy. Moe by stosowana pod koniec ciy a take podczas karmienia piersi.Skad:Any* 30%, [&hellip;]<\/p>\n","protected":false},"featured_media":731,"comment_status":"closed","ping_status":"open","template":"","meta":[],"product_cat":[106,254],"product_tag":[722,751,799,581,869],"class_list":["post-730","product","type-product","status-publish","has-post-thumbnail","hentry","product_cat-holle","product_cat-pozostale-akcesoria-dla-mamy","product_tag-cytaty-o-przyjazni","product_tag-psi-patrol-kolorowanka","product_tag-zagadka-logiczna","product_tag-zagadki-dla-8-latka","product_tag-zagadki-na-logike"],"_links":{"self":[{"href":"http:\/\/klubmamgdynia.pl\/index.php\/wp-json\/wp\/v2\/product\/730","targetHints":{"allow":["GET"]}}],"collection":[{"href":"http:\/\/klubmamgdynia.pl\/index.php\/wp-json\/wp\/v2\/product"}],"about":[{"href":"http:\/\/klubmamgdynia.pl\/index.php\/wp-json\/wp\/v2\/types\/product"}],"replies":[{"embeddable":true,"href":"http:\/\/klubmamgdynia.pl\/index.php\/wp-json\/wp\/v2\/comments?post=730"}],"wp:featuredmedia":[{"embeddable":true,"href":"http:\/\/klubmamgdynia.pl\/index.php\/wp-json\/wp\/v2\/media\/731"}],"wp:attachment":[{"href":"http:\/\/klubmamgdynia.pl\/index.php\/wp-json\/wp\/v2\/media?parent=730"}],"wp:term":[{"taxonomy":"product_cat","embeddable":true,"href":"http:\/\/klubmamgdynia.pl\/index.php\/wp-json\/wp\/v2\/product_cat?post=730"},{"taxonomy":"product_tag","embeddable":true,"href":"http:\/\/klubmamgdynia.pl\/index.php\/wp-json\/wp\/v2\/product_tag?post=730"}],"curies":[{"name":"wp","href":"https:\/\/api.w.org\/{rel}","templated":true}]}}