{"id":7304,"date":"2012-01-08T00:13:10","date_gmt":"2012-01-07T23:13:10","guid":{"rendered":"http:\/\/klubmamgdynia.pl\/index.php\/produkt\/religia-szkola-podstawowa-klasa-3-cwiczenia-jezus-jest-z-nami-2013\/"},"modified":"2026-05-17T22:02:34","modified_gmt":"2026-05-17T20:02:34","slug":"religia-szkola-podstawowa-klasa-3-cwiczenia-jezus-jest-z-nami-2013","status":"publish","type":"product","link":"http:\/\/klubmamgdynia.pl\/index.php\/produkt\/religia-szkola-podstawowa-klasa-3-cwiczenia-jezus-jest-z-nami-2013\/","title":{"rendered":"Religia Szko\u0142a Podstawowa Klasa 3. \u0106wiczenia. Jezus jest z nami (2013)"},"content":{"rendered":"<p>Klasa III \u201eJezus jest z nami\u201d Zeszyt \u0107wicze\u0144<\/p>\n<p>Zawarte w zeszycie zadania:\u2013 \u015bci\u015ble wi\u0105\u017c\u0105 si\u0119 z tre\u015bci\u0105 podr\u0119cznika\u2013 stanowi\u0105 istotn\u0105 pomoc w realizacji cel\u00f3w katechetycznych i wymaga\u0144 szczeg\u00f3\u0142owych\u2013 przez sw\u0105 r\u00f3\u017cnorodno\u015b\u0107 (uzupe\u0142nianie tekstu, rysowanie, kolorowanie, rebusy, krzy\u017c\u00f3wki i inne \u0142amig\u0142\u00f3wki oraz wycinanki i naklejki) wszechstronnie aktywizuj\u0105 ucznia i pobudzaj\u0105 do samodzielnej tw\u00f3rczej pracy\u2013 posiadaj\u0105 zr\u00f3\u017cnicowany stopie\u0144 trudno\u015bci\u2013 ich miejsce w toku lekcji oraz dodatkowe wskaz\u00f3wki opisane s\u0105 w przewodniku metodycznym\u2013 u\u0142atwiaj\u0105 katechecie bie\u017c\u0105c\u0105 ocen\u0119 pracy ucznia.                             <\/p>\n<p>Autor\/Autorzy: D. Kurpi\u0144ski, J. Snopek. Red. ks. J. Czerkawski, E. KondrakStron: 128Oprawa: mi\u0119kkaFormat: 205&#215;275 mmISBN: 978-83-7660-818-1Rok wydania: 2013<\/p>\n<h2>Religia Szko\u0142a Podstawowa Klasa 3. \u0106wiczenia. Jezus jest z nami (2013) <\/h2>\n<p>\u015bwinka peppa do czytania, cytaty motywacyjne dla dzieci, prezenty dla 7 latki, minecraft kolorowanki, prezent dla 16 latki, wszystkie flagi \u015bwiata quiz, wszystkie kraje \u015bwiata quiz, test na znaki drogowe, jakie prezenty na roczek, kawal na prima aprilis, piosenki na dobranoc tekst, zagadki wielkanocne przedszkole, \u0142ama\u0144ce j\u0119zykowe dla dzieci, felix net i nika oraz gang niewidzialnych ludzi test z odpowiedziami, bajka dla dzieci do czytania, kwiaty polne nazwy, prezent na roczek, nauka polskiego dla dzieci z ukrainy<\/p>\n<p>yyyyy<\/p>\n<p>&nbsp;<\/p>\n","protected":false},"excerpt":{"rendered":"<p>Klasa III \u201eJezus jest z nami\u201d Zeszyt \u0107wicze\u0144 Zawarte w zeszycie zadania:\u2013 \u015bci\u015ble wi\u0105\u017c\u0105 si\u0119 z tre\u015bci\u0105 podr\u0119cznika\u2013 stanowi\u0105 istotn\u0105 pomoc w realizacji cel\u00f3w katechetycznych i wymaga\u0144 szczeg\u00f3\u0142owych\u2013 przez sw\u0105 r\u00f3\u017cnorodno\u015b\u0107 (uzupe\u0142nianie tekstu, rysowanie, kolorowanie, rebusy, krzy\u017c\u00f3wki i inne \u0142amig\u0142\u00f3wki oraz wycinanki i naklejki) wszechstronnie aktywizuj\u0105 ucznia i pobudzaj\u0105 do samodzielnej tw\u00f3rczej pracy\u2013 posiadaj\u0105 zr\u00f3\u017cnicowany [&hellip;]<\/p>\n","protected":false},"featured_media":7305,"comment_status":"closed","ping_status":"open","template":"","meta":[],"product_cat":[1575],"product_tag":[734,704,629,794,577],"class_list":["post-7304","product","type-product","status-publish","has-post-thumbnail","hentry","product_cat-podreczniki-szkolne","product_tag-milan-imie","product_tag-prezent-dla-nastolatka","product_tag-smieszne-zagadki-z-odpowiedziami","product_tag-test-opowiesci-z-narnii-lew-czarownica-i-stara-szafa-do-druku","product_tag-znaki-drogowe-test"],"_links":{"self":[{"href":"http:\/\/klubmamgdynia.pl\/index.php\/wp-json\/wp\/v2\/product\/7304","targetHints":{"allow":["GET"]}}],"collection":[{"href":"http:\/\/klubmamgdynia.pl\/index.php\/wp-json\/wp\/v2\/product"}],"about":[{"href":"http:\/\/klubmamgdynia.pl\/index.php\/wp-json\/wp\/v2\/types\/product"}],"replies":[{"embeddable":true,"href":"http:\/\/klubmamgdynia.pl\/index.php\/wp-json\/wp\/v2\/comments?post=7304"}],"wp:featuredmedia":[{"embeddable":true,"href":"http:\/\/klubmamgdynia.pl\/index.php\/wp-json\/wp\/v2\/media\/7305"}],"wp:attachment":[{"href":"http:\/\/klubmamgdynia.pl\/index.php\/wp-json\/wp\/v2\/media?parent=7304"}],"wp:term":[{"taxonomy":"product_cat","embeddable":true,"href":"http:\/\/klubmamgdynia.pl\/index.php\/wp-json\/wp\/v2\/product_cat?post=7304"},{"taxonomy":"product_tag","embeddable":true,"href":"http:\/\/klubmamgdynia.pl\/index.php\/wp-json\/wp\/v2\/product_tag?post=7304"}],"curies":[{"name":"wp","href":"https:\/\/api.w.org\/{rel}","templated":true}]}}