{"id":7352,"date":"2017-01-20T05:42:41","date_gmt":"2017-01-20T04:42:41","guid":{"rendered":"http:\/\/klubmamgdynia.pl\/index.php\/produkt\/hipp-batonik-zboza-malina-banan-jablko-23g\/"},"modified":"2026-04-06T02:51:58","modified_gmt":"2026-04-06T00:51:58","slug":"hipp-batonik-zboza-malina-banan-jablko-23g","status":"publish","type":"product","link":"http:\/\/klubmamgdynia.pl\/index.php\/produkt\/hipp-batonik-zboza-malina-banan-jablko-23g\/","title":{"rendered":"Hipp Batonik Zbo\u017ca Malina Banan Jab\u0142ko 23G"},"content":{"rendered":"<p>Hipp Bio Fruchteriegel Fruchte Freund Himbeere in Banane Apfel Zebra 23g 1r &#8211; \u0142agodny owocowy batonik z malinami, jab\u0142kami, bananami, przeznaczony dla dzieci po pierwszym roku \u017cycia. Sporz\u0105dzany w 100% ze sk\u0142adnik\u00f3w pochodzenia organicznego, podlegaj\u0105cych \u015bcis\u0142ej i rygorystycznej kontroli. Nie dos\u0142adzany &#8211; zawiera wy\u0142\u0105cznie naturalny cukier zawarty w owocach. Pyszna i syc\u0105ca przek\u0105ska dla dzieci i doros\u0142ych. Najwy\u017csza ekologiczna jako\u015b\u0107 sk\u0142adnik\u00f3w gwarantowana przez mark\u0119 HiPP Bio.z du\u017c\u0105 zawarto\u015bci\u0105 owoc\u00f3w i zb\u00f3\u017c\u015bwietna przek\u0105ska, doskona\u0142a podczas spacer\u00f3w i podr\u00f3\u017cyzawiera cenny b\u0142onnik sprzyjaj\u0105cy prawid\u0142owemu trawieniu pokarm\u00f3wbez konserwant\u00f3w, barwnik\u00f3w, aromat\u00f3w i zag\u0119stnik\u00f3wstaranny spos\u00f3b przygotowania zapewniaj\u0105cy najwy\u017csz\u0105 jako\u015b\u0107 i pe\u0142ni\u0119 smakubez sk\u0142adnik\u00f3w modyfikowanych genetyczniezawiera glutenmo\u017ce zawiera\u0107 \u015bladowe ilo\u015bci mleka, orzech\u00f3w i soiWarto\u015bci od\u017cywcze na 100 g 1493kJ\/354 kcalT\u0142uszcz 5,5gw tym nasycone 2,2gW\u0119glowodany 68,9gw tym cukier 41,1gB\u0142onnik 0gBia\u0142ko 4,6g S\u00f3l 0,5gSk\u0142adniki: 29% p\u0142atk\u00f3w banana *, 29% \u0142agodny jab\u0142kowy koncentrat soku *, razowa m\u0105ka owsiana *, p\u0142atki pszenne * miele olej ro\u015blinny * (Pal CEECs **) wafle * (m\u0105ka pszenna * skrobia *, koncentrat soku z marchwi *), 3% koncentrat soku malinowego * 2% koncentrat soku aroniowego *. * Z produkcji ekologicznej. ** organiczny olej palmowy z gospodarki uprawy, certyfikat niezale\u017cnych jednostek kontroli mo\u017ce zawiera\u0107 \u015bladowe ilo\u015bci mleka, orzeszki ziemne, soja.Produkt niemiecki i wyprodukowany na niemiecki rynek. Termin wa\u017cno\u015bci ruchomy towar w ci\u0105g\u0142ej sprzeda\u017cy.\u201eO\u015bwiadczam, ze opisy oraz zdj\u0119cia wykorzystane na stronie produktu s\u0105 mojego autorstwa. Kopiowanie, przetwarzanie i rozpowszechnianie tych materia\u0142\u00f3w w ca\u0142o\u015bci lub w cz\u0119\u015bci bez mojej zgody jest zabronione i stanowi naruszenie praw autorskich. Podstawa prawna: Dz. U. 94 nr 24poz 83, sprost.: Dz. U 94 nr 43 poz. 170\u201d&#8230;<\/p>\n<h2>Hipp Batonik Zbo\u017ca Malina Banan Jab\u0142ko 23G Hipp<\/h2>\n<p>ju\u017c blisko kol\u0119da tekst, zagadki dla 6 latka, quizy dla dzieci, choinka z bibu\u0142y, kolorowanka pieski, zagadki logiczne dla dzieci, domki z rolek po papierze toaletowym, stare piosenki<\/p>\n<p>yyyyy<\/p>\n<p>&nbsp;<\/p>\n","protected":false},"excerpt":{"rendered":"<p>Hipp Bio Fruchteriegel Fruchte Freund Himbeere in Banane Apfel Zebra 23g 1r &#8211; \u0142agodny owocowy batonik z malinami, jab\u0142kami, bananami, przeznaczony dla dzieci po pierwszym roku \u017cycia. Sporz\u0105dzany w 100% ze sk\u0142adnik\u00f3w pochodzenia organicznego, podlegaj\u0105cych \u015bcis\u0142ej i rygorystycznej kontroli. Nie dos\u0142adzany &#8211; zawiera wy\u0142\u0105cznie naturalny cukier zawarty w owocach. Pyszna i syc\u0105ca przek\u0105ska dla dzieci [&hellip;]<\/p>\n","protected":false},"featured_media":7353,"comment_status":"closed","ping_status":"open","template":"","meta":[],"product_cat":[66,1387],"product_tag":[871,611,719],"class_list":["post-7352","product","type-product","status-publish","has-post-thumbnail","hentry","product_cat-hipp","product_cat-pozostala-zywnosc-dla-dzieci","product_tag-bajka-o-smoku-wawelskim","product_tag-bajki-do-czytania-psi-patrol","product_tag-dziecko-cytaty-zlote-mysli"],"_links":{"self":[{"href":"http:\/\/klubmamgdynia.pl\/index.php\/wp-json\/wp\/v2\/product\/7352","targetHints":{"allow":["GET"]}}],"collection":[{"href":"http:\/\/klubmamgdynia.pl\/index.php\/wp-json\/wp\/v2\/product"}],"about":[{"href":"http:\/\/klubmamgdynia.pl\/index.php\/wp-json\/wp\/v2\/types\/product"}],"replies":[{"embeddable":true,"href":"http:\/\/klubmamgdynia.pl\/index.php\/wp-json\/wp\/v2\/comments?post=7352"}],"wp:featuredmedia":[{"embeddable":true,"href":"http:\/\/klubmamgdynia.pl\/index.php\/wp-json\/wp\/v2\/media\/7353"}],"wp:attachment":[{"href":"http:\/\/klubmamgdynia.pl\/index.php\/wp-json\/wp\/v2\/media?parent=7352"}],"wp:term":[{"taxonomy":"product_cat","embeddable":true,"href":"http:\/\/klubmamgdynia.pl\/index.php\/wp-json\/wp\/v2\/product_cat?post=7352"},{"taxonomy":"product_tag","embeddable":true,"href":"http:\/\/klubmamgdynia.pl\/index.php\/wp-json\/wp\/v2\/product_tag?post=7352"}],"curies":[{"name":"wp","href":"https:\/\/api.w.org\/{rel}","templated":true}]}}