{"id":7354,"date":"2023-03-09T15:41:07","date_gmt":"2023-03-09T14:41:07","guid":{"rendered":"http:\/\/klubmamgdynia.pl\/?post_type=product&#038;p=7354"},"modified":"2026-04-06T00:55:25","modified_gmt":"2026-04-05T22:55:25","slug":"raphalux-naturalne-wsparcie-watroby-30-tabletek","status":"publish","type":"product","link":"http:\/\/klubmamgdynia.pl\/index.php\/produkt\/raphalux-naturalne-wsparcie-watroby-30-tabletek\/","title":{"rendered":"RaphaLux Naturalne Wsparcie W\u0105troby 30 tabletek"},"content":{"rendered":"<p>Suplement diety Raphalux zawiera m.in. wyci\u0105g z li\u015bci karczocha, wyci\u0105g z nasion ostropestu plamistego oraz cholin\u0119. Preparat zaleca si\u0119 wszystkim osobom, kt\u00f3re chc\u0105 uzupe\u0142ni\u0107 codzienn\u0105 diet\u0119 w powy\u017csze substancje. Preparat przeznaczony jest dla os\u00f3b doros\u0142ych.Sk\u0142adniki:Substancja wype\u0142niaj\u0105ca: celuloza; wyci\u0105g suchy z korzenia rzodkwi czarnej (Raphanus sativus var. niger) DER 4:1; wyci\u0105g z nasion ostropestu plamistego (Silybi mariani) stanadryzowany na 70%sylimaryny; wyci\u0105g z li\u015bci karczocha (Cynara scolymus) standaryzowany na 5% cynaryny DER 6:1; wodorowinian choliny; L-asparaginian L-ornityny; w\u0119giel ro\u015blinny; olejek mi\u0119towy (Mentha arvensis); substancje przeciwzbrylaj\u0105ce: sole magnezowe kwas\u00f3w t\u0142uszczowych i dwutlenek krzemu; substancja glazuruj\u0105ca: alkohol poliwinylowy; barwnik: tlenki i wodorotlenki \u017celaza; substancja glazuruj\u0105ca: glikol polietylenowy; substancja przeciwzbrylaj\u0105ca: talk.1 tabletka zawiera:Wyci\u0105g suchy z korzenia rzodkwi czarnej (Raphanus sativus var. niger) DER 4:1 90 mg, wyci\u0105g z nasion ostropestu plamistego (Silybi mariani)70 mg stanadryzowany na 70% sylimaryny 49 mg, cholina 63,5 mg, wyci\u0105g z li\u015bci karczocha (Cynara scolymus) DER6:1 40 mg standaryzowany na 5% cynaryny 2 mg, L-asparaginian L-ornityny 40 mg, w\u0119giel ro\u015blinny aktywowany 10 mg, olejek mi\u0119towy 1 mg.*RWS &#8211; Referencyjna warto\u015b\u0107 spo\u017cyciaMasa netto:16,8 g. Opakowanie zawiera 1 blister po 30 tabletek.W\u0142a\u015bciwo\u015bci:RaphaLux to wysokiej jako\u015bci suplement diety zawieraj\u0105cy specjalnie dobran\u0105 kompozycj\u0119 sk\u0142adnik\u00f3w korzystnie wp\u0142ywaj\u0105cych na trawienie (karczoch) i prac\u0119 w\u0105troby (cholina). Wzbogacony zosta\u0142 dodatkowo o L-asparaginian L-ornityny, olejek mi\u0119towy, ekstrakt z rzodkwi czarnej oraz ekstrakt z nasion ostropestu.Zalecane dzienne spo\u017cycie:1 tabletka dziennie podczas posi\u0142ku.Przeciwwskazania:Nadwra\u017cliwo\u015b\u0107 na kt\u00f3rykolwiek ze sk\u0142adnik\u00f3w preparatu. W okresie ci\u0105\u017cy i karmienia piersi\u0105 przed zastosowaniem nale\u017cy skonsultowa\u0107 si\u0119 z lekarzem lub farmaceut\u0105.Przechowywanie:Produktprzechowywa\u0107 w temperaturze pokojowej w spos\u00f3b niedost\u0119pny dla ma\u0142ych dzieci.Wa\u017cne informacje:Nie nale\u017cy przekracza\u0107 zalecanej porcji do spo\u017cycia w ci\u0105gu dnia. Suplement diety nie mo\u017ce by\u0107 stosowany jako substytut (zamiennik) zr\u00f3\u017cnicowanej diety ani aktywnego trybu \u017cycia. Utrzymanie prawid\u0142owego stanu zdrowia wymaga zr\u00f3wnowa\u017conego i zr\u00f3\u017cnicowanego od\u017cywiania i prowadzenia zdrowego trybu \u017cycia. Istnieje wiele czynnik\u00f3w ryzyka choroby. Zmiana jednego z tych czynnik\u00f3w ryzyka mo\u017ce wywiera\u0107 korzystny wp\u0142yw lub nie wywiera\u0107 go.Producent:ALG Pharma Poland Sp. z o.o. Sp. K.Ul. Kasprzaka 31, 01-234 Warszawa<\/p>\n<h2>RaphaLux Naturalne Wsparcie W\u0105troby 30 tabletek Alg Pharma<\/h2>\n<p>samochwa\u0142a, posz\u0142a ola na spacerek, bajka dla niemowlaka, bajka o emocjach, \u015bmieszne kanapki kanapki dla dzieci, test z lektury asiunia, transformers kolorowanka, miko\u0142ajek quiz<\/p>\n<p>yyyyy<\/p>\n<p>&nbsp;<\/p>\n","protected":false},"excerpt":{"rendered":"<p>Suplement diety Raphalux zawiera m.in. wyci\u0105g z li\u015bci karczocha, wyci\u0105g z nasion ostropestu plamistego oraz cholin\u0119. Preparat zaleca si\u0119 wszystkim osobom, kt\u00f3re chc\u0105 uzupe\u0142ni\u0107 codzienn\u0105 diet\u0119 w powy\u017csze substancje. Preparat przeznaczony jest dla os\u00f3b doros\u0142ych.Sk\u0142adniki:Substancja wype\u0142niaj\u0105ca: celuloza; wyci\u0105g suchy z korzenia rzodkwi czarnej (Raphanus sativus var. niger) DER 4:1; wyci\u0105g z nasion ostropestu plamistego (Silybi [&hellip;]<\/p>\n","protected":false},"featured_media":7355,"comment_status":"closed","ping_status":"open","template":"","meta":[],"product_cat":[1581,184],"product_tag":[859,580,682,843,623],"class_list":["post-7354","product","type-product","status-publish","has-post-thumbnail","hentry","product_cat-alg-pharma","product_cat-uklad-pokarmowy-i-trawienie","product_tag-dobranoc-pchly-na-noc","product_tag-janusz","product_tag-przyjazn-cytaty","product_tag-smieszne-zagadki-dla-dzieci","product_tag-zagadki-logiczne-smieszne"],"_links":{"self":[{"href":"http:\/\/klubmamgdynia.pl\/index.php\/wp-json\/wp\/v2\/product\/7354","targetHints":{"allow":["GET"]}}],"collection":[{"href":"http:\/\/klubmamgdynia.pl\/index.php\/wp-json\/wp\/v2\/product"}],"about":[{"href":"http:\/\/klubmamgdynia.pl\/index.php\/wp-json\/wp\/v2\/types\/product"}],"replies":[{"embeddable":true,"href":"http:\/\/klubmamgdynia.pl\/index.php\/wp-json\/wp\/v2\/comments?post=7354"}],"wp:featuredmedia":[{"embeddable":true,"href":"http:\/\/klubmamgdynia.pl\/index.php\/wp-json\/wp\/v2\/media\/7355"}],"wp:attachment":[{"href":"http:\/\/klubmamgdynia.pl\/index.php\/wp-json\/wp\/v2\/media?parent=7354"}],"wp:term":[{"taxonomy":"product_cat","embeddable":true,"href":"http:\/\/klubmamgdynia.pl\/index.php\/wp-json\/wp\/v2\/product_cat?post=7354"},{"taxonomy":"product_tag","embeddable":true,"href":"http:\/\/klubmamgdynia.pl\/index.php\/wp-json\/wp\/v2\/product_tag?post=7354"}],"curies":[{"name":"wp","href":"https:\/\/api.w.org\/{rel}","templated":true}]}}