{"id":7358,"date":"2021-09-04T07:29:07","date_gmt":"2021-09-04T05:29:07","guid":{"rendered":"http:\/\/klubmamgdynia.pl\/index.php\/produkt\/fresk-tkany-kocyk-z-bawelny-organicznej-80-x-100\/"},"modified":"2026-04-05T23:18:01","modified_gmt":"2026-04-05T21:18:01","slug":"fresk-tkany-kocyk-z-bawelny-organicznej-80-x-100","status":"publish","type":"product","link":"http:\/\/klubmamgdynia.pl\/index.php\/produkt\/fresk-tkany-kocyk-z-bawelny-organicznej-80-x-100\/","title":{"rendered":"Fresk Tkany Kocyk Z Bawe\u0142ny Organicznej 80 X 100"},"content":{"rendered":"<p>Mi\u0119ciutki, przytulny kocyk, w zwierz\u0105tka wykonany z organicznej bawe\u0142ny idealny dla twojego malucha. Mo\u017cesz u\u017cy\u0107 go podczas zabawy, do spania czy przykrycia w noside\u0142ku. Specyfikacja: dziany kocyk 100% organiczna bawe\u0142na, wyj\u0105tkowo delikatny i przyjemny w dotyku.Kocyk mo\u017cna pra\u0107 w temperaturze 40st.Wymiary: 80 x 100 cmDost\u0119pny w wielu pi\u0119knych wzorach. B100-40<\/p>\n<h2>Fresk Tkany Kocyk Z Bawe\u0142ny Organicznej 80 X 100 Fresk<\/h2>\n<p>zadania dla dzieci z ukrainy, karnawa\u0142 maska karnawa\u0142owa szablon, kalendarz adwentowy diy z rolek, cytaty dla przyjaciela, szybkie zagadki matematyczne, psikusy na prima aprilis, kiekrz, milan znaczenie imienia, cytat na dzie\u0144 mamy, plac zabaw warszawa, quiz psi patrol, zagatki, kolorowanki super zings, pomys\u0142y na prezent dla nastolatk\u00f3w, nowe quizy do rozwi\u0105zania, zabawy z 7 latkiem, gwiazdka do druku, imie pola, \u015bmieszne zagadki, zosia samosia wiersz, kolorowanka wakacje<\/p>\n<p>yyyyy<\/p>\n<p>&nbsp;<\/p>\n","protected":false},"excerpt":{"rendered":"<p>Mi\u0119ciutki, przytulny kocyk, w zwierz\u0105tka wykonany z organicznej bawe\u0142ny idealny dla twojego malucha. Mo\u017cesz u\u017cy\u0107 go podczas zabawy, do spania czy przykrycia w noside\u0142ku. Specyfikacja: dziany kocyk 100% organiczna bawe\u0142na, wyj\u0105tkowo delikatny i przyjemny w dotyku.Kocyk mo\u017cna pra\u0107 w temperaturze 40st.Wymiary: 80 x 100 cmDost\u0119pny w wielu pi\u0119knych wzorach. B100-40 Fresk Tkany Kocyk Z Bawe\u0142ny [&hellip;]<\/p>\n","protected":false},"featured_media":7359,"comment_status":"closed","ping_status":"open","template":"","meta":[],"product_cat":[1582,1006],"product_tag":[772,689,614,869],"class_list":["post-7358","product","type-product","status-publish","has-post-thumbnail","hentry","product_cat-fresk","product_cat-koce-i-narzuty-dzieciece","product_tag-45-panstw-europy-i-ich-stolice-quiz","product_tag-linda","product_tag-pia","product_tag-zagadki-na-logike"],"_links":{"self":[{"href":"http:\/\/klubmamgdynia.pl\/index.php\/wp-json\/wp\/v2\/product\/7358","targetHints":{"allow":["GET"]}}],"collection":[{"href":"http:\/\/klubmamgdynia.pl\/index.php\/wp-json\/wp\/v2\/product"}],"about":[{"href":"http:\/\/klubmamgdynia.pl\/index.php\/wp-json\/wp\/v2\/types\/product"}],"replies":[{"embeddable":true,"href":"http:\/\/klubmamgdynia.pl\/index.php\/wp-json\/wp\/v2\/comments?post=7358"}],"wp:featuredmedia":[{"embeddable":true,"href":"http:\/\/klubmamgdynia.pl\/index.php\/wp-json\/wp\/v2\/media\/7359"}],"wp:attachment":[{"href":"http:\/\/klubmamgdynia.pl\/index.php\/wp-json\/wp\/v2\/media?parent=7358"}],"wp:term":[{"taxonomy":"product_cat","embeddable":true,"href":"http:\/\/klubmamgdynia.pl\/index.php\/wp-json\/wp\/v2\/product_cat?post=7358"},{"taxonomy":"product_tag","embeddable":true,"href":"http:\/\/klubmamgdynia.pl\/index.php\/wp-json\/wp\/v2\/product_tag?post=7358"}],"curies":[{"name":"wp","href":"https:\/\/api.w.org\/{rel}","templated":true}]}}