{"id":7368,"date":"2022-05-12T22:11:47","date_gmt":"2022-05-12T20:11:47","guid":{"rendered":"http:\/\/klubmamgdynia.pl\/index.php\/produkt\/lol-surprise-inflatable-chair-651724\/"},"modified":"2026-05-02T17:26:22","modified_gmt":"2026-05-02T15:26:22","slug":"lol-surprise-inflatable-chair-651724","status":"publish","type":"product","link":"http:\/\/klubmamgdynia.pl\/index.php\/produkt\/lol-surprise-inflatable-chair-651724\/","title":{"rendered":"LOL Surprise Inflatable Chair 651724"},"content":{"rendered":"<p>zbiorcze 6 sztuk. Nadmuchiwane krzes\u0142o L.O.L. jest idealn\u0105 opcj\u0105 dla fan\u00f3w, kt\u00f3rzy potrzebuj\u0105 zabawnego, przytulnego miejsca do wypoczynku. To urocze, r\u00f3\u017cowe krzes\u0142o pokryte jest fantastyczn\u0105 grafik\u0105. Krzes\u0142o jest napompowane w ci\u0105gu kilku minut. To idealna opcja na sp\u0119dzenie czasu w domu lub zabranie ze sob\u0105 w podr\u00f3\u017c. Krzes\u0142o to idealne miejsce do wypoczynku dla dzieci od 4 lat. &#8230;<\/p>\n<h2>LOL Surprise Inflatable Chair 651724 LOL Surprise<\/h2>\n<p>smerfy kolorowanka, prezent dla nastolatk\u00f3w 2020, zagadki dla dzieci 7 lat o zwierz\u0119tach, jak narysowa\u0107 pikachu, maska kota do druku, iwo, horror dla dzieci, co na roczek dla dziewczynki, fabian, kolysanki tekst, cytaty rodzina, piesek kolorowanka<\/p>\n<p>yyyyy<\/p>\n<p>&nbsp;<\/p>\n","protected":false},"excerpt":{"rendered":"<p>zbiorcze 6 sztuk. Nadmuchiwane krzes\u0142o L.O.L. jest idealn\u0105 opcj\u0105 dla fan\u00f3w, kt\u00f3rzy potrzebuj\u0105 zabawnego, przytulnego miejsca do wypoczynku. To urocze, r\u00f3\u017cowe krzes\u0142o pokryte jest fantastyczn\u0105 grafik\u0105. Krzes\u0142o jest napompowane w ci\u0105gu kilku minut. To idealna opcja na sp\u0119dzenie czasu w domu lub zabranie ze sob\u0105 w podr\u00f3\u017c. Krzes\u0142o to idealne miejsce do wypoczynku dla dzieci [&hellip;]<\/p>\n","protected":false},"featured_media":7369,"comment_status":"closed","ping_status":"open","template":"","meta":[],"product_cat":[1518,294],"product_tag":[744,840,869],"class_list":["post-7368","product","type-product","status-publish","has-post-thumbnail","hentry","product_cat-fotele-i-pufy-dzieciece","product_cat-lol-surprise","product_tag-kolorowanki-swiateczne-do-wydruku","product_tag-stare-bajki","product_tag-zagadki-na-logike"],"_links":{"self":[{"href":"http:\/\/klubmamgdynia.pl\/index.php\/wp-json\/wp\/v2\/product\/7368","targetHints":{"allow":["GET"]}}],"collection":[{"href":"http:\/\/klubmamgdynia.pl\/index.php\/wp-json\/wp\/v2\/product"}],"about":[{"href":"http:\/\/klubmamgdynia.pl\/index.php\/wp-json\/wp\/v2\/types\/product"}],"replies":[{"embeddable":true,"href":"http:\/\/klubmamgdynia.pl\/index.php\/wp-json\/wp\/v2\/comments?post=7368"}],"wp:featuredmedia":[{"embeddable":true,"href":"http:\/\/klubmamgdynia.pl\/index.php\/wp-json\/wp\/v2\/media\/7369"}],"wp:attachment":[{"href":"http:\/\/klubmamgdynia.pl\/index.php\/wp-json\/wp\/v2\/media?parent=7368"}],"wp:term":[{"taxonomy":"product_cat","embeddable":true,"href":"http:\/\/klubmamgdynia.pl\/index.php\/wp-json\/wp\/v2\/product_cat?post=7368"},{"taxonomy":"product_tag","embeddable":true,"href":"http:\/\/klubmamgdynia.pl\/index.php\/wp-json\/wp\/v2\/product_tag?post=7368"}],"curies":[{"name":"wp","href":"https:\/\/api.w.org\/{rel}","templated":true}]}}