{"id":7394,"date":"2014-06-02T19:17:40","date_gmt":"2014-06-02T17:17:40","guid":{"rendered":"http:\/\/klubmamgdynia.pl\/index.php\/produkt\/health-labs-care-smartme-250-ml\/"},"modified":"2026-04-30T02:09:34","modified_gmt":"2026-04-30T00:09:34","slug":"health-labs-care-smartme-250-ml","status":"publish","type":"product","link":"http:\/\/klubmamgdynia.pl\/index.php\/produkt\/health-labs-care-smartme-250-ml\/","title":{"rendered":"Health Labs Care SmartMe 250 ml"},"content":{"rendered":"<p>4US SmartMe 250ml.\u00a0Health Labs prezentuje suplement diety SmartMe. Witamina E chroni przed stresem oksydacyjnym, a olej konopny zapewnia naturalne wsparcie sk\u00f3ry i uk\u0142adu odporno\u015bciowego.                            <\/p>\n<p>Sk\u0142adniki:Estry etylowe wy\u017cszych kwas\u00f3w t\u0142uszczowych o wysokiej zawarto\u015bci niezb\u0119dnych nienasyconych kwas\u00f3w t\u0142uszczowych omega\u20113, \u20116, \u20119, aromaty (pomara\u0144czowy, bananowy), witamina E (EVNol SupraBio\u2122\u2011mieszanina tokoferoli i tokotrienoli), witamina A (palmitynian retinylu), witamina D (cholekalcyferol).SmartMe\tW 5 ml\tRWS*Omega\u20113: kwas alfalinolenowy w postaci estru etylowego\t2,4 g\tOmega\u20116: kwas linolowy w postaci estru etylowego\t1 g\tOmega\u20119: kwas oleinowy w postaci estru etylowego\t0,9 g\tWitamina E, w tym:\t12 mg\t100%tokotrienole\t9,5 mg\ttokoferole\t2,5 mg\tWitamina A\t800 \u03bcg\t100%Witamina D\t25 \u03bcg\t500%*RWS \u2014 Referencyjna warto\u015b\u0107 spo\u017cyciaMasa netto:250ml                            <\/p>\n<p>W\u0142a\u015bciwo\u015bci:Witamina D &#8211; pomaga w prawid\u0142owym wch\u0142anianiu i wykorzystywaniu wapnia i fosforu, w utrzymaniu prawid\u0142owego poziomu wapnia we krwi oraz utrzymaniu zdrowych mi\u0119\u015bni, ko\u015bci i z\u0119b\u00f3w.Witamine E &#8211; pomaga w ochronie kom\u00f3rek przed stresem oksydacyjnym.Witamina A &#8211; przyczynia si\u0119 do utrzymania prawid\u0142owego metabolizmu \u017celaza i w\u0142a\u015bciwego stanu b\u0142on \u015bluzowych, pomaga w utrzymaniu prawid\u0142owego widzenia i zdrowej sk\u00f3ry, a tak\u017ce w prawid\u0142owym funkcjonowaniu uk\u0142adu odporno\u015bciowego.Zalecane dzienne spo\u017cycie:5 ml dziennie (1 \u0142y\u017ceczka) po posi\u0142ku.Przeciwwskazania:Nadwra\u017cliwo\u015b\u0107 na kt\u00f3rykolwiek ze sk\u0142adnik\u00f3w preparatu. Kobiety w ci\u0105\u017cy i matki karmi\u0105ce stosowanie preparatu powinny skonsultowa\u0107 z lekarzem.Przechowywanie:Przechowywa\u0107 w suchym i ch\u0142odnym miejscu. Po otwarciu opakowania przechowywa\u0107 w lod\u00f3wce lub w temperaturze poni\u017cej 5\u00b0C (najlepiej w lod\u00f3wce) i spo\u017cy\u0107 w okresie 2 miesi\u0119cy. Bioestry kwas\u00f3w t\u0142uszczowych zawarte w oleju SmartMe mog\u0105 wchodzi\u0107 w reakcj\u0119 z tworzywami sztucznymi i rozpuszcza\u0107 niekt\u00f3re z nich. Dlatego olej SmartMe nale\u017cy przechowywa\u0107 w oryginalnej, szklanej butelce lub innym szklanym opakowaniu. Suplement diety powinien by\u0107 przechowywany w spos\u00f3b niedost\u0119pny dla ma\u0142ych dzieci.<\/p>\n<h2>Health Labs Care SmartMe 250 ml Health Labs Care<\/h2>\n<p>prezenty na roczek dla dziewczynki, krotkie zagadki, film rodzinny o \u015bwi\u0119tach, sa\u0142atki dla dzieci, planety uk\u0142ad s\u0142oneczny dla dzieci do druku, zagadki logiczne i odpowiedzi, kr\u00f3tkie bajki na dobranoc o mi\u0142o\u015bci, opowie\u015bci z narni lew czarownica i stara szafa test, quiz dynastia mizio\u0142k\u00f3w, pytania logiczne, przysz\u0142a zima bia\u0142a, cytaty dla dzieci, tupu tup po \u015bniegu tekst<\/p>\n<p>yyyyy<\/p>\n<p>&nbsp;<\/p>\n","protected":false},"excerpt":{"rendered":"<p>4US SmartMe 250ml.\u00a0Health Labs prezentuje suplement diety SmartMe. Witamina E chroni przed stresem oksydacyjnym, a olej konopny zapewnia naturalne wsparcie sk\u00f3ry i uk\u0142adu odporno\u015bciowego. Sk\u0142adniki:Estry etylowe wy\u017cszych kwas\u00f3w t\u0142uszczowych o wysokiej zawarto\u015bci niezb\u0119dnych nienasyconych kwas\u00f3w t\u0142uszczowych omega\u20113, \u20116, \u20119, aromaty (pomara\u0144czowy, bananowy), witamina E (EVNol SupraBio\u2122\u2011mieszanina tokoferoli i tokotrienoli), witamina A (palmitynian retinylu), witamina D [&hellip;]<\/p>\n","protected":false},"featured_media":7395,"comment_status":"closed","ping_status":"open","template":"","meta":[],"product_cat":[1590,1591],"product_tag":[685,718,625,649],"class_list":["post-7394","product","type-product","status-publish","has-post-thumbnail","hentry","product_cat-health-labs-care","product_cat-uklad-nerwowy-i-pamiec","product_tag-cytaty-o-rodzinie","product_tag-prezent-na-roczek-dla-chrzesniaka","product_tag-trojmiasto-atrakcje-dla-dzieci","product_tag-zagadki-dla-nastolatkow"],"_links":{"self":[{"href":"http:\/\/klubmamgdynia.pl\/index.php\/wp-json\/wp\/v2\/product\/7394","targetHints":{"allow":["GET"]}}],"collection":[{"href":"http:\/\/klubmamgdynia.pl\/index.php\/wp-json\/wp\/v2\/product"}],"about":[{"href":"http:\/\/klubmamgdynia.pl\/index.php\/wp-json\/wp\/v2\/types\/product"}],"replies":[{"embeddable":true,"href":"http:\/\/klubmamgdynia.pl\/index.php\/wp-json\/wp\/v2\/comments?post=7394"}],"wp:featuredmedia":[{"embeddable":true,"href":"http:\/\/klubmamgdynia.pl\/index.php\/wp-json\/wp\/v2\/media\/7395"}],"wp:attachment":[{"href":"http:\/\/klubmamgdynia.pl\/index.php\/wp-json\/wp\/v2\/media?parent=7394"}],"wp:term":[{"taxonomy":"product_cat","embeddable":true,"href":"http:\/\/klubmamgdynia.pl\/index.php\/wp-json\/wp\/v2\/product_cat?post=7394"},{"taxonomy":"product_tag","embeddable":true,"href":"http:\/\/klubmamgdynia.pl\/index.php\/wp-json\/wp\/v2\/product_tag?post=7394"}],"curies":[{"name":"wp","href":"https:\/\/api.w.org\/{rel}","templated":true}]}}