{"id":7398,"date":"2024-07-14T16:43:37","date_gmt":"2024-07-14T14:43:37","guid":{"rendered":"http:\/\/klubmamgdynia.pl\/?post_type=product&#038;p=7398"},"modified":"2026-04-23T04:27:52","modified_gmt":"2026-04-23T02:27:52","slug":"stanlab-boraks-czteroboran-sodu-dziesieciowodny-1-kg","status":"publish","type":"product","link":"http:\/\/klubmamgdynia.pl\/index.php\/produkt\/stanlab-boraks-czteroboran-sodu-dziesieciowodny-1-kg\/","title":{"rendered":"Stanlab Boraks Czteroboran Sodu Dziesi\u0119ciowodny 1 Kg"},"content":{"rendered":"<p>Czteroboran sodu dziesi\u0119ciowodny<\/p>\n<p>masa netto: 1000 gproducent: Stanlabwz\u00f3r chemiczny: Na2B4O7*10H2OCzteroboran sodu inaczej boraks jest to nieorganiczny zwi\u0105zek chemiczny, s\u00f3l sodowa kwasu borowego. Tworzy bezbarwne kryszta\u0142y rozpuszczalne w wodzie. Znajduje zastosowanie w ceramice, farbiarstwie, garbarstwie, kosmetyce i lecznictwie, jako surowiec do otrzymywania innych zwi\u0105zk\u00f3w boru oraz w przemy\u015ble szklarskim. Stosowany jest te\u017c jako topnik do lutowania metali. Sprawdza si\u0119 tak\u017ce jako \u015bwietny wywabiacz do plam.<\/p>\n<h2>Stanlab Boraks Czteroboran Sodu Dziesi\u0119ciowodny 1 Kg Stanlab<\/h2>\n<p>kolorowanki konie z je\u017ad\u017acem, wiosna zagadki, liwia, prezent dla nastolatek, najpi\u0119kniejsze piosenki \u015bwi\u0105teczne dla dzieci, opowie\u015bci z narni lew czarownica i stara szafa test, roza imie, karty pracy dla dzieci z ukrainy pdf, \u015bw przemys\u0142aw<\/p>\n<p>yyyyy<\/p>\n<p>&nbsp;<\/p>\n","protected":false},"excerpt":{"rendered":"<p>Czteroboran sodu dziesi\u0119ciowodny masa netto: 1000 gproducent: Stanlabwz\u00f3r chemiczny: Na2B4O7*10H2OCzteroboran sodu inaczej boraks jest to nieorganiczny zwi\u0105zek chemiczny, s\u00f3l sodowa kwasu borowego. Tworzy bezbarwne kryszta\u0142y rozpuszczalne w wodzie. Znajduje zastosowanie w ceramice, farbiarstwie, garbarstwie, kosmetyce i lecznictwie, jako surowiec do otrzymywania innych zwi\u0105zk\u00f3w boru oraz w przemy\u015ble szklarskim. Stosowany jest te\u017c jako topnik do lutowania [&hellip;]<\/p>\n","protected":false},"featured_media":7399,"comment_status":"closed","ping_status":"open","template":"","meta":[],"product_cat":[1249,1592],"product_tag":[583,842,599,715],"class_list":["post-7398","product","type-product","status-publish","has-post-thumbnail","hentry","product_cat-preparaty-medycyny-naturalnej","product_cat-stanlab","product_tag-kolysanki-dla-dzieci-tekst","product_tag-plac-zabaw-poznan","product_tag-prezent-dla-nastolatkow-2021","product_tag-zosia-samosia"],"_links":{"self":[{"href":"http:\/\/klubmamgdynia.pl\/index.php\/wp-json\/wp\/v2\/product\/7398","targetHints":{"allow":["GET"]}}],"collection":[{"href":"http:\/\/klubmamgdynia.pl\/index.php\/wp-json\/wp\/v2\/product"}],"about":[{"href":"http:\/\/klubmamgdynia.pl\/index.php\/wp-json\/wp\/v2\/types\/product"}],"replies":[{"embeddable":true,"href":"http:\/\/klubmamgdynia.pl\/index.php\/wp-json\/wp\/v2\/comments?post=7398"}],"wp:featuredmedia":[{"embeddable":true,"href":"http:\/\/klubmamgdynia.pl\/index.php\/wp-json\/wp\/v2\/media\/7399"}],"wp:attachment":[{"href":"http:\/\/klubmamgdynia.pl\/index.php\/wp-json\/wp\/v2\/media?parent=7398"}],"wp:term":[{"taxonomy":"product_cat","embeddable":true,"href":"http:\/\/klubmamgdynia.pl\/index.php\/wp-json\/wp\/v2\/product_cat?post=7398"},{"taxonomy":"product_tag","embeddable":true,"href":"http:\/\/klubmamgdynia.pl\/index.php\/wp-json\/wp\/v2\/product_tag?post=7398"}],"curies":[{"name":"wp","href":"https:\/\/api.w.org\/{rel}","templated":true}]}}