{"id":7404,"date":"2022-03-31T08:51:02","date_gmt":"2022-03-31T06:51:02","guid":{"rendered":"http:\/\/klubmamgdynia.pl\/index.php\/produkt\/diosminex-max-60-tabl\/"},"modified":"2026-04-20T15:18:33","modified_gmt":"2026-04-20T13:18:33","slug":"diosminex-max-60-tabl","status":"publish","type":"product","link":"http:\/\/klubmamgdynia.pl\/index.php\/produkt\/diosminex-max-60-tabl\/","title":{"rendered":"Diosminex Max 60 tabl."},"content":{"rendered":"<p>SI\u0141A MAKSYMALNEJ DAWKI DIOSMINYWYSTARCZY 1 TABLETKA DZIENNIE!DIOSMINEX\u00a0 leczy objawy zwi\u0105zane z niewydolno\u015bci\u0105 kr\u0105\u017cenia \u017cylnego ko\u0144czyn dolnych. Zawiera zmikronizowan\u0105 diosmin\u0119, substancj\u0119 o szerokim dzia\u0142aniu i dobrym profilu bezpiecze\u0144stwa. Mikronizacja diosminy znacznie zwi\u0119ksza jej przyswajanie.Diosmina zawarta w DIOSMINEX\u00a0leczy objawy PN\u017b (przewlek\u0142ej niewydolno\u015bci \u017cylnej), gdy\u017c:                            <\/p>\n<p>DIOSMINEX wspiera a\u017c 9 kluczowych obszar\u00f3wuk\u0142adu krwiono\u015bnego n\u00f3g\u00a01,2,3,4                            <\/p>\n<p>Cz\u0119sto\u015b\u0107 zg\u0142aszanych przez pacjent\u00f3w objaw\u00f3w zwi\u0105zanych z przewlek\u0142\u0105 chorob\u0105 \u017cyln\u0105, wyj\u015bciowa oraz po 60 i 120 dniach leczenia preparatem DIOSMINEX1                            <\/p>\n<p>Szczeg\u00f3\u0142y produktu                            <\/p>\n<p>SK\u0141ADDIOSMINEX MAX, 1000mg, tabletki powlekane, 30 tabletek, 60 tabletekKa\u017cda tabletka powlekana zawiera 1000 mg zmikronizowanej diosminy (Diosminum). Substancje pomocnicze o znanym dzia\u0142aniu: laktoza jednowodna (80 mg w tabletce powlekanej) oraz lak \u017c\u00f3\u0142cieni pomara\u0144czowej (0,063 mg w tabletce powlekanej).DIOSMINEX 500 mg, tabletki powlekane, 60 tabletekKa\u017cda tabletka powlekana zawiera 500 mg diosminy (Diosminum) w postaci zmikronizowanej. Substancje pomocnicze o znanym dzia\u0142aniu: produkt leczniczy Diosminex zawiera laktoz\u0119 jednowodn\u0105 oraz \u017c\u00f3\u0142cieni pomara\u0144czowej lak.STOSOWANIEDIOSMINEX MAX, 1000 mg, tabletki powlekane, 30 tabletek, 60 tabletekDawkowanieLeczenie objaw\u00f3w przewlek\u0142ej niewydolno\u015bci \u017cylnej: Zalecana dawka to 1 tabletka raz na dob\u0119 podczas posi\u0142ku. Leczenie powinno trwa\u0107 przez co najmniej 4-5 tygodni.Objawowe leczenie w nasileniu dolegliwo\u015bci zwi\u0105zanych z \u017cylakami odbytu: W przypadku zaostrzenia dolegliwo\u015bci zwi\u0105zanych z \u017cylakami odbytu zalecana dawka wynosi 3 tabletki na dob\u0119 przez pierwsze 4 dni, a nast\u0119pnie 2 tabletki na dob\u0119 przez kolejne 3 dni. Leczenie powinno by\u0107 kr\u00f3tkotrwa\u0142e. Je\u017celi objawy szybko nie ust\u0119puj\u0105, nale\u017cy wykona\u0107 badanie proktologiczne i leczenie dostosowa\u0107 do jego wyniku.Szczeg\u00f3lne grupy pacjent\u00f3w: Brak bada\u0144 dotycz\u0105cych dawkowania u pacjent\u00f3w w podesz\u0142ym wieku oraz u pacjent\u00f3w z zaburzeniami czynno\u015bci nerek i (lub) w\u0105troby. Na podstawie dost\u0119pnych danych, nie stwierdza si\u0119 szczeg\u00f3lnego ryzyka u pacjent\u00f3w w podesz\u0142ym wieku, z zaburzeniami czynno\u015bci nerek i (lub) w\u0105troby.Dzieci i m\u0142odzie\u017c: Brak danych.Spos\u00f3b podawaniaDiosminex Max nale\u017cy stosowa\u0107 doustnie.DIOSMINEX, 500 mg, tabletki powlekane, 60 tabletekDawkowanieLeczenie objaw\u00f3w przewlek\u0142ej niewydolno\u015bci \u017cylnej: Zalecana dawka to 2 tabletki na dob\u0119, po jednej tabletce rano i wieczorem.Objawowe leczenie w nasileniu dolegliwo\u015bci zwi\u0105zanych z \u017cylakami odbytu &#8211; W przypadku zaostrzenia dolegliwo\u015bci zwi\u0105zanych z \u017cylakami odbytu dawka wynosi 6 tabletek na dob\u0119 przez pierwsze 4 dni, a nast\u0119pnie 4 tabletki na dob\u0119 przez kolejne 3 dni.Spos\u00f3b podawaniaProdukt leczniczy Diosminex nale\u017cy przyjmowa\u0107 doustnie podczas posi\u0142k\u00f3w.OPAKOWANIE1000 mg, tabletki powlekane, 30 tabletek, 60 tabletek500 mg, tabletki powlekane, 60 tabletekINNE INFORMACJEPosta\u0107 farmaceutyczna: Tabletka powlekana. Tabletki powlekane s\u0105 zielone, pod\u0142u\u017cne, obustronnie wypuk\u0142e, o g\u0142adkiej powierzchni, bez plam i uszkodze\u0144.Wskazania do stosowania: Leczenie objaw\u00f3w zwi\u0105zanych z przewlek\u0142\u0105 niewydolno\u015bci\u0105 kr\u0105\u017cenia \u017cylnego u doros\u0142ych: uczucie ci\u0119\u017cko\u015bci n\u00f3g; b\u00f3l n\u00f3g; nocne kurcze n\u00f3g. Leczenie objawowe w przypadku nasilenia dolegliwo\u015bci zwi\u0105zanych z \u017cylakami odbytu u doros\u0142ych.Przeciwwskazania: Nadwra\u017cliwo\u015b\u0107 na substancj\u0119 czynn\u0105 lub na kt\u00f3r\u0105kolwiek substancj\u0119 pomocnicz\u0105 wymienion\u0105.Podmiot odpowiedzialny: PharmaSwiss \u010cesk\u00e1 republika s.r.o., Jankovcova 1569\/2c, 170 00 Praga 7, Republika Czeska.                            <\/p>\n<p>1. Ziaja D., Chudek J., Mruszy\u0144ski M., et al., Skuteczno\u015b\u0107 stosowania preparatu zmikronizownej diosminy (Diosminexr ) w leczeniu przewlek\u0142ej niewydolno\u015bci \u017cylnej w populacji polskiej \u2013 wyniki wieloo\u015brodowiskowego badania obserwacyjnego. \u201ePuls Medyczny\u201d 2012, nr 7 9246), s- 20-212. Allert A.F., Beakgaard N., Bouskela E., Caprini J., et al., Management of hronic venous disorders of the lower limbs Guidelines According to Scientific Evidence PART I, Document developedunder the auspices of The European Venous Forum The International Union of Angiology The Cardiovascular Disease Educational and Reserch Trust (UK), Union Internationale de PhiEbologie, \u201eInternational Angiology\u201d 2018, t. 37, nr 3, s. 181-2543. Charakterystyka Produktu Leczniczego Diosminex, 500 mg. Tabletki powlekane, 18 lutego 2014r.4. Charakterystyka Produktu Leczniczego Diosminex Max, 1000 mg, tabletki powlekane, 29.07.2013 r.<\/p>\n<p>Przed u\u017cyciem zapoznaj si\u0119 z ulotk\u0105, kt\u00f3ra zawiera wskazania, przeciwwskazania, dane dotycz\u0105ce dzia\u0142a\u0144 niepo\u017c\u0105danych i dawkowanie oraz informacje dotycz\u0105ce stosowania produktu leczniczego b\u0105d\u017a skonsultuj si\u0119 z lekarzem lub farmaceut\u0105, gdy\u017c ka\u017cdy lek niew\u0142a\u015bciwie stosowany zagra\u017ca Twojemu \u017cyciu lub zdrowiu.nr Dio-PL-1908-045<\/p>\n<h2>Diosminex Max 60 tabl. Bausch Health Poland<\/h2>\n<p>ma\u0142y ksi\u0105\u017c\u0119 sprawdzian, \u0142amig\u0142\u00f3wki logiczne, basen dla dzieci warszawa, gry i zabawy ruchowe, \u015bwinka peppa kolorowanka do druku, policja kolorowanka, jazda konna dla dzieci, rysowanki, zemsta test wiedzy, zagadki na logike, my little pony kolorowanki celestia, bajki dla niemowl\u0105t do czytania, mega trudne zagadki logiczne, bezwarunkowa mi\u0142o\u015b\u0107 do dziecka cytaty, cytat z kubusia puchatka o mi\u0142o\u015bci, testy katarynka, zagadki, kawaly na prima aprilis<\/p>\n<p>yyyyy<\/p>\n<p>&nbsp;<\/p>\n","protected":false},"excerpt":{"rendered":"<p>SI\u0141A MAKSYMALNEJ DAWKI DIOSMINYWYSTARCZY 1 TABLETKA DZIENNIE!DIOSMINEX\u00a0 leczy objawy zwi\u0105zane z niewydolno\u015bci\u0105 kr\u0105\u017cenia \u017cylnego ko\u0144czyn dolnych. Zawiera zmikronizowan\u0105 diosmin\u0119, substancj\u0119 o szerokim dzia\u0142aniu i dobrym profilu bezpiecze\u0144stwa. Mikronizacja diosminy znacznie zwi\u0119ksza jej przyswajanie.Diosmina zawarta w DIOSMINEX\u00a0leczy objawy PN\u017b (przewlek\u0142ej niewydolno\u015bci \u017cylnej), gdy\u017c: DIOSMINEX wspiera a\u017c 9 kluczowych obszar\u00f3wuk\u0142adu krwiono\u015bnego n\u00f3g\u00a01,2,3,4 Cz\u0119sto\u015b\u0107 zg\u0142aszanych przez pacjent\u00f3w objaw\u00f3w [&hellip;]<\/p>\n","protected":false},"featured_media":7405,"comment_status":"closed","ping_status":"open","template":"","meta":[],"product_cat":[211,1538],"product_tag":[848,599,718,591,649],"class_list":["post-7404","product","type-product","status-publish","has-post-thumbnail","hentry","product_cat-bausch-health-poland","product_cat-serce-i-uklad-krazenia","product_tag-cytat-o-rodzinie","product_tag-prezent-dla-nastolatkow-2021","product_tag-prezent-na-roczek-dla-chrzesniaka","product_tag-quiz-o-minecraft","product_tag-zagadki-dla-nastolatkow"],"_links":{"self":[{"href":"http:\/\/klubmamgdynia.pl\/index.php\/wp-json\/wp\/v2\/product\/7404","targetHints":{"allow":["GET"]}}],"collection":[{"href":"http:\/\/klubmamgdynia.pl\/index.php\/wp-json\/wp\/v2\/product"}],"about":[{"href":"http:\/\/klubmamgdynia.pl\/index.php\/wp-json\/wp\/v2\/types\/product"}],"replies":[{"embeddable":true,"href":"http:\/\/klubmamgdynia.pl\/index.php\/wp-json\/wp\/v2\/comments?post=7404"}],"wp:featuredmedia":[{"embeddable":true,"href":"http:\/\/klubmamgdynia.pl\/index.php\/wp-json\/wp\/v2\/media\/7405"}],"wp:attachment":[{"href":"http:\/\/klubmamgdynia.pl\/index.php\/wp-json\/wp\/v2\/media?parent=7404"}],"wp:term":[{"taxonomy":"product_cat","embeddable":true,"href":"http:\/\/klubmamgdynia.pl\/index.php\/wp-json\/wp\/v2\/product_cat?post=7404"},{"taxonomy":"product_tag","embeddable":true,"href":"http:\/\/klubmamgdynia.pl\/index.php\/wp-json\/wp\/v2\/product_tag?post=7404"}],"curies":[{"name":"wp","href":"https:\/\/api.w.org\/{rel}","templated":true}]}}