{"id":7410,"date":"2025-07-28T12:13:35","date_gmt":"2025-07-28T10:13:35","guid":{"rendered":"http:\/\/klubmamgdynia.pl\/?post_type=product&#038;p=7410"},"modified":"2026-04-25T02:50:29","modified_gmt":"2026-04-25T00:50:29","slug":"hipp-bio-pasternak-i-ziemniaczki-omega3-190g","status":"publish","type":"product","link":"http:\/\/klubmamgdynia.pl\/index.php\/produkt\/hipp-bio-pasternak-i-ziemniaczki-omega3-190g\/","title":{"rendered":"Hipp Bio Pasternak I Ziemniaczki Omega3 190G"},"content":{"rendered":"<p>Zdrowy pasternak i delikatne ziemniaczki to wy\u015bmienite danie z serii Pierwsze warzywka skierowane do dzieci, kt\u00f3re uko\u0144czy\u0142y 4 miesi\u0105c \u017cycia.<\/p>\n<h2>Hipp Bio Pasternak I Ziemniaczki Omega3 190G Hipp<\/h2>\n<p>prezent dla nastolatk\u00f3w ch\u0142opc\u00f3w, \u0142atwe laurki, zagadki o owocach, malowanie kamieni<\/p>\n<p>yyyyy<\/p>\n<p>&nbsp;<\/p>\n","protected":false},"excerpt":{"rendered":"<p>Zdrowy pasternak i delikatne ziemniaczki to wy\u015bmienite danie z serii Pierwsze warzywka skierowane do dzieci, kt\u00f3re uko\u0144czy\u0142y 4 miesi\u0105c \u017cycia. Hipp Bio Pasternak I Ziemniaczki Omega3 190G Hipp prezent dla nastolatk\u00f3w ch\u0142opc\u00f3w, \u0142atwe laurki, zagadki o owocach, malowanie kamieni yyyyy &nbsp;<\/p>\n","protected":false},"featured_media":7411,"comment_status":"closed","ping_status":"open","template":"","meta":[],"product_cat":[81,66],"product_tag":[813,870,682,743,586],"class_list":["post-7410","product","type-product","status-publish","has-post-thumbnail","hentry","product_cat-dania-dla-dzieci","product_cat-hipp","product_tag-krotkie-zagadki-matematyczne-z-odpowiedziami","product_tag-prezent-dla-chlopca-na-roczek","product_tag-przyjazn-cytaty","product_tag-quiz-dla-dzieci","product_tag-smieszne-zagadki"],"_links":{"self":[{"href":"http:\/\/klubmamgdynia.pl\/index.php\/wp-json\/wp\/v2\/product\/7410","targetHints":{"allow":["GET"]}}],"collection":[{"href":"http:\/\/klubmamgdynia.pl\/index.php\/wp-json\/wp\/v2\/product"}],"about":[{"href":"http:\/\/klubmamgdynia.pl\/index.php\/wp-json\/wp\/v2\/types\/product"}],"replies":[{"embeddable":true,"href":"http:\/\/klubmamgdynia.pl\/index.php\/wp-json\/wp\/v2\/comments?post=7410"}],"wp:featuredmedia":[{"embeddable":true,"href":"http:\/\/klubmamgdynia.pl\/index.php\/wp-json\/wp\/v2\/media\/7411"}],"wp:attachment":[{"href":"http:\/\/klubmamgdynia.pl\/index.php\/wp-json\/wp\/v2\/media?parent=7410"}],"wp:term":[{"taxonomy":"product_cat","embeddable":true,"href":"http:\/\/klubmamgdynia.pl\/index.php\/wp-json\/wp\/v2\/product_cat?post=7410"},{"taxonomy":"product_tag","embeddable":true,"href":"http:\/\/klubmamgdynia.pl\/index.php\/wp-json\/wp\/v2\/product_tag?post=7410"}],"curies":[{"name":"wp","href":"https:\/\/api.w.org\/{rel}","templated":true}]}}