{"id":7412,"date":"2017-07-02T03:24:18","date_gmt":"2017-07-02T01:24:18","guid":{"rendered":"http:\/\/klubmamgdynia.pl\/index.php\/produkt\/top-gift-puzzle-literki-drewniane-ukladanka-alfabet-nauka\/"},"modified":"2026-04-05T23:58:19","modified_gmt":"2026-04-05T21:58:19","slug":"top-gift-puzzle-literki-drewniane-ukladanka-alfabet-nauka","status":"publish","type":"product","link":"http:\/\/klubmamgdynia.pl\/index.php\/produkt\/top-gift-puzzle-literki-drewniane-ukladanka-alfabet-nauka\/","title":{"rendered":"Top Gift Puzzle Literki Drewniane Uk\u0142adanka Alfabet Nauka"},"content":{"rendered":"<h2>Top Gift Puzzle Literki Drewniane Uk\u0142adanka Alfabet Nauka <\/h2>\n<p>quizy miko\u0142ajek, prezent dla ch\u0142opca na roczek, kornelia, kolorowanki, teksty o rodzinie, pieski pies kolorowanka, lucjan imi\u0119, test na znaki drogowe, nastolatka, kolorowanki andrzejkowe, krok jak narysowa\u0107 konia, znaczenie imienia pola<\/p>\n<p>yyyyy<\/p>\n<p>&nbsp;<\/p>\n","protected":false},"excerpt":{"rendered":"<p>Top Gift Puzzle Literki Drewniane Uk\u0142adanka Alfabet Nauka quizy miko\u0142ajek, prezent dla ch\u0142opca na roczek, kornelia, kolorowanki, teksty o rodzinie, pieski pies kolorowanka, lucjan imi\u0119, test na znaki drogowe, nastolatka, kolorowanki andrzejkowe, krok jak narysowa\u0107 konia, znaczenie imienia pola yyyyy &nbsp;<\/p>\n","protected":false},"featured_media":7413,"comment_status":"closed","ping_status":"open","template":"","meta":[],"product_cat":[295],"product_tag":[755,624,703,774,714],"class_list":["post-7412","product","type-product","status-publish","has-post-thumbnail","hentry","product_cat-pozostale-zabawki","product_tag-henryk","product_tag-krotkie-zagadki","product_tag-prezent-dla-nastolatki","product_tag-prezent-na-roczek-nie-zabawka","product_tag-zagadki-logiczne"],"_links":{"self":[{"href":"http:\/\/klubmamgdynia.pl\/index.php\/wp-json\/wp\/v2\/product\/7412","targetHints":{"allow":["GET"]}}],"collection":[{"href":"http:\/\/klubmamgdynia.pl\/index.php\/wp-json\/wp\/v2\/product"}],"about":[{"href":"http:\/\/klubmamgdynia.pl\/index.php\/wp-json\/wp\/v2\/types\/product"}],"replies":[{"embeddable":true,"href":"http:\/\/klubmamgdynia.pl\/index.php\/wp-json\/wp\/v2\/comments?post=7412"}],"wp:featuredmedia":[{"embeddable":true,"href":"http:\/\/klubmamgdynia.pl\/index.php\/wp-json\/wp\/v2\/media\/7413"}],"wp:attachment":[{"href":"http:\/\/klubmamgdynia.pl\/index.php\/wp-json\/wp\/v2\/media?parent=7412"}],"wp:term":[{"taxonomy":"product_cat","embeddable":true,"href":"http:\/\/klubmamgdynia.pl\/index.php\/wp-json\/wp\/v2\/product_cat?post=7412"},{"taxonomy":"product_tag","embeddable":true,"href":"http:\/\/klubmamgdynia.pl\/index.php\/wp-json\/wp\/v2\/product_tag?post=7412"}],"curies":[{"name":"wp","href":"https:\/\/api.w.org\/{rel}","templated":true}]}}