{"id":7424,"date":"2021-03-18T15:55:10","date_gmt":"2021-03-18T14:55:10","guid":{"rendered":"http:\/\/klubmamgdynia.pl\/index.php\/produkt\/medicinae-bonatium-kontrola-masy-ciala-fix-herbatka-ziolowa-20szt\/"},"modified":"2026-04-05T18:16:44","modified_gmt":"2026-04-05T16:16:44","slug":"medicinae-bonatium-kontrola-masy-ciala-fix-herbatka-ziolowa-20szt","status":"publish","type":"product","link":"http:\/\/klubmamgdynia.pl\/index.php\/produkt\/medicinae-bonatium-kontrola-masy-ciala-fix-herbatka-ziolowa-20szt\/","title":{"rendered":"Medicinae Bonatium Kontrola Masy Cia\u0142a Fix herbatka zio\u0142owa 20szt."},"content":{"rendered":"<p>Sk\u0142ad: Ii\u015b\u0107 ostrokrzewu paragwajskiego &#8211; Yerba Mate (Ilex paraguariensis) 50%, owoc kopru w\u0142oskiego (Foeniculum vulgare) 6%, li\u015b\u0107 mi\u0119ty pieprzowej (Mentha piperita) 5%, owoc biedrze\u0144ca any\u017cu (Pimpinella anisum) 5%, owoc kminku zwyczajnego (Carum carvi) 5%, nieokorowany korze\u0144 lukrecji (Glycyrrhiza glabra) 5%, li\u015b\u0107 pokrzywy zwyczajnej (Urtica dioica) 4%, owoc g\u0142ogu strz\u0119piastolistnego (Crataegus pinnatifida) 4%, owoc rokitnika zwyczajnego (Hippopha\u00eb rhamnoides) 4%, herbata zielona (Camellia sinensis) 4%, sk\u00f3rka pomara\u0144czy gorzkiej (Citrus aurantium) 4%, ekstrakt pomara\u0144czy gorzkiej (Citrus aurantium) 2%, kwiat rumianku pospolitego (Matricaria chamomilla) 2%. Wszystkie sk\u0142adniki mieszanki wyst\u0119puj\u0105 w postaci wysuszonej i rozdrobnionej.. Wskazania: Produkt przeznaczony jest dla os\u00f3b doros\u0142ych.. Dzia\u0142anie: Wspomagaj\u0105 kontrol\u0119 wagi. Wp\u0142ywaj\u0105 na komfort trawienia.. Przeciwwskazania: Zawiera lukrecj\u0119 &#8211; chorzy na nadci\u015bnienie powinni unika\u0107 nadmiernego spo\u017cycia..<\/p>\n<h2>Medicinae Bonatium Kontrola Masy Cia\u0142a Fix herbatka zio\u0142owa 20szt. Medicinae<\/h2>\n<p>skye kolorowanka, sara, nauka pisania literek do wydruku pdf, quiz bo\u017ce narodzenie, star wars kolorowanka, kolorowanka kotka, imi\u0119 dla dziewczynki 2019, kartki na dobranoc dla przyjaci\u00f3\u0142<\/p>\n<p>yyyyy<\/p>\n<p>&nbsp;<\/p>\n","protected":false},"excerpt":{"rendered":"<p>Sk\u0142ad: Ii\u015b\u0107 ostrokrzewu paragwajskiego &#8211; Yerba Mate (Ilex paraguariensis) 50%, owoc kopru w\u0142oskiego (Foeniculum vulgare) 6%, li\u015b\u0107 mi\u0119ty pieprzowej (Mentha piperita) 5%, owoc biedrze\u0144ca any\u017cu (Pimpinella anisum) 5%, owoc kminku zwyczajnego (Carum carvi) 5%, nieokorowany korze\u0144 lukrecji (Glycyrrhiza glabra) 5%, li\u015b\u0107 pokrzywy zwyczajnej (Urtica dioica) 4%, owoc g\u0142ogu strz\u0119piastolistnego (Crataegus pinnatifida) 4%, owoc rokitnika zwyczajnego [&hellip;]<\/p>\n","protected":false},"featured_media":7425,"comment_status":"closed","ping_status":"open","template":"","meta":[],"product_cat":[1598,184],"product_tag":[766,855,876,812],"class_list":["post-7424","product","type-product","status-publish","has-post-thumbnail","hentry","product_cat-medicinae","product_cat-uklad-pokarmowy-i-trawienie","product_tag-kira","product_tag-nietypowe-imiona-zenskie","product_tag-przyjazn","product_tag-zagadki-logiczne-na-inteligencje"],"_links":{"self":[{"href":"http:\/\/klubmamgdynia.pl\/index.php\/wp-json\/wp\/v2\/product\/7424","targetHints":{"allow":["GET"]}}],"collection":[{"href":"http:\/\/klubmamgdynia.pl\/index.php\/wp-json\/wp\/v2\/product"}],"about":[{"href":"http:\/\/klubmamgdynia.pl\/index.php\/wp-json\/wp\/v2\/types\/product"}],"replies":[{"embeddable":true,"href":"http:\/\/klubmamgdynia.pl\/index.php\/wp-json\/wp\/v2\/comments?post=7424"}],"wp:featuredmedia":[{"embeddable":true,"href":"http:\/\/klubmamgdynia.pl\/index.php\/wp-json\/wp\/v2\/media\/7425"}],"wp:attachment":[{"href":"http:\/\/klubmamgdynia.pl\/index.php\/wp-json\/wp\/v2\/media?parent=7424"}],"wp:term":[{"taxonomy":"product_cat","embeddable":true,"href":"http:\/\/klubmamgdynia.pl\/index.php\/wp-json\/wp\/v2\/product_cat?post=7424"},{"taxonomy":"product_tag","embeddable":true,"href":"http:\/\/klubmamgdynia.pl\/index.php\/wp-json\/wp\/v2\/product_tag?post=7424"}],"curies":[{"name":"wp","href":"https:\/\/api.w.org\/{rel}","templated":true}]}}