{"id":7450,"date":"2024-11-30T09:03:44","date_gmt":"2024-11-30T08:03:44","guid":{"rendered":"http:\/\/klubmamgdynia.pl\/?post_type=product&#038;p=7450"},"modified":"2026-04-05T23:18:00","modified_gmt":"2026-04-05T21:18:00","slug":"hepatil-complex-50-kapsulek","status":"publish","type":"product","link":"http:\/\/klubmamgdynia.pl\/index.php\/produkt\/hepatil-complex-50-kapsulek\/","title":{"rendered":"Hepatil Complex 50 kapsulek"},"content":{"rendered":"<p>Pliva Otc HEPATIL COMPLEX kaps. * 50<\/p>\n<p>Korzystnie wp\u0142ywa na funkcjonowanie w\u0105troby oraz na utrzymanie prawid\u0142owego st\u0119\u017cenia lipid\u00f3w we krwi i w\u0142asciwego poziomu cholesterolu.Substancje czynne w 1 kapsu\u0142ce:- lecytyna rzepakowa 300mg- ekstrakt z ziela karczocha (Cynara Scolymus) 40mg- witamina E (octan D-alfa-tokoferylu) 6mg- witamina B6 (chlorowodorek pirydoksyny) 0,70mg- witamina B2 (ryboflawina) 0,70mg- witamina B1 (monoazotan tiaminy) 0,55mg\u017celatyna, steraynian magnezu (E470b), dwutlenek krzemu (E551), dwutlenek tytanu (E171).<\/p>\n<h2>Hepatil Complex 50 kapsulek Pliva<\/h2>\n<p>kolorowanki disney, oryginalny prezent dla nastolatk\u00f3w, bajki dla dziewczynek, mama cytaty, wz\u00f3r dyplomu do pobrania, place zabaw warszawa, upominek dla nastolatk\u00f3w, kolorowanki miasto, kolorowanki pokemon, \u015bmigus dyngus lany poniedzia\u0142ek zyczenia, \u0142amig\u0142\u00f3wki dla 4 latka do druku, znaczenie imiona monika, zagadki logiczne, ry\u017c z owocami, dekorowanie kanapek dla dzieci, alfons, zagadki na myslenie, rzadkie imiona \u017ce\u0144skie, test z lektury asiunia joanna papuzi\u0144ska, zagadki dla przedszkolak\u00f3w<\/p>\n<p>yyyyy<\/p>\n<p>&nbsp;<\/p>\n","protected":false},"excerpt":{"rendered":"<p>Pliva Otc HEPATIL COMPLEX kaps. * 50 Korzystnie wp\u0142ywa na funkcjonowanie w\u0105troby oraz na utrzymanie prawid\u0142owego st\u0119\u017cenia lipid\u00f3w we krwi i w\u0142asciwego poziomu cholesterolu.Substancje czynne w 1 kapsu\u0142ce:- lecytyna rzepakowa 300mg- ekstrakt z ziela karczocha (Cynara Scolymus) 40mg- witamina E (octan D-alfa-tokoferylu) 6mg- witamina B6 (chlorowodorek pirydoksyny) 0,70mg- witamina B2 (ryboflawina) 0,70mg- witamina B1 (monoazotan [&hellip;]<\/p>\n","protected":false},"featured_media":7451,"comment_status":"closed","ping_status":"open","template":"","meta":[],"product_cat":[1603,184],"product_tag":[686,716,619],"class_list":["post-7450","product","type-product","status-publish","has-post-thumbnail","hentry","product_cat-pliva","product_cat-uklad-pokarmowy-i-trawienie","product_tag-co-na-roczek-dla-chlopca","product_tag-filmy-animowane-o-swietach","product_tag-iwo-imie"],"_links":{"self":[{"href":"http:\/\/klubmamgdynia.pl\/index.php\/wp-json\/wp\/v2\/product\/7450","targetHints":{"allow":["GET"]}}],"collection":[{"href":"http:\/\/klubmamgdynia.pl\/index.php\/wp-json\/wp\/v2\/product"}],"about":[{"href":"http:\/\/klubmamgdynia.pl\/index.php\/wp-json\/wp\/v2\/types\/product"}],"replies":[{"embeddable":true,"href":"http:\/\/klubmamgdynia.pl\/index.php\/wp-json\/wp\/v2\/comments?post=7450"}],"wp:featuredmedia":[{"embeddable":true,"href":"http:\/\/klubmamgdynia.pl\/index.php\/wp-json\/wp\/v2\/media\/7451"}],"wp:attachment":[{"href":"http:\/\/klubmamgdynia.pl\/index.php\/wp-json\/wp\/v2\/media?parent=7450"}],"wp:term":[{"taxonomy":"product_cat","embeddable":true,"href":"http:\/\/klubmamgdynia.pl\/index.php\/wp-json\/wp\/v2\/product_cat?post=7450"},{"taxonomy":"product_tag","embeddable":true,"href":"http:\/\/klubmamgdynia.pl\/index.php\/wp-json\/wp\/v2\/product_tag?post=7450"}],"curies":[{"name":"wp","href":"https:\/\/api.w.org\/{rel}","templated":true}]}}