{"id":748,"date":"2014-03-11T00:15:56","date_gmt":"2014-03-10T23:15:56","guid":{"rendered":"http:\/\/klubmamgdynia.pl\/index.php\/produkt\/philips-sonicare-prestige-senseiq-seria-9900-hx9992-12\/"},"modified":"2026-04-04T08:13:34","modified_gmt":"2026-04-04T06:13:34","slug":"philips-sonicare-prestige-senseiq-seria-9900-hx9992-12","status":"publish","type":"product","link":"http:\/\/klubmamgdynia.pl\/index.php\/produkt\/philips-sonicare-prestige-senseiq-seria-9900-hx9992-12\/","title":{"rendered":"PHILIPS Sonicare Prestige SenseIQ Seria 9900 HX9992\/12"},"content":{"rendered":"<p>Sprawd\u017a szczeg\u00f3\u0142y w regulaminie<\/p>\n<h2>PHILIPS Sonicare Prestige SenseIQ Seria 9900 HX9992\/12 Philips<\/h2>\n<p>co kupic na roczek, babciu droga babciu tekst, bajki do czytania online, nasza zima z\u0142a tekst<\/p>\n<p>yyyyy<\/p>\n<p>&nbsp;<\/p>\n","protected":false},"excerpt":{"rendered":"<p>Sprawd\u017a szczeg\u00f3\u0142y w regulaminie PHILIPS Sonicare Prestige SenseIQ Seria 9900 HX9992\/12 Philips co kupic na roczek, babciu droga babciu tekst, bajki do czytania online, nasza zima z\u0142a tekst yyyyy &nbsp;<\/p>\n","protected":false},"featured_media":749,"comment_status":"closed","ping_status":"open","template":"","meta":[],"product_cat":[272,261],"product_tag":[656,697,710,597,607],"class_list":["post-748","product","type-product","status-publish","has-post-thumbnail","hentry","product_cat-elektryczne-szczoteczki-do-zebow","product_cat-philips","product_tag-kolorowanki-lol","product_tag-krotkie-bajki-do-czytania","product_tag-zagadki-dla-dzieci-10-12-lat","product_tag-zagadki-o-zimie","product_tag-zarty-na-prima-aprilis-dla-rodzicow"],"_links":{"self":[{"href":"http:\/\/klubmamgdynia.pl\/index.php\/wp-json\/wp\/v2\/product\/748","targetHints":{"allow":["GET"]}}],"collection":[{"href":"http:\/\/klubmamgdynia.pl\/index.php\/wp-json\/wp\/v2\/product"}],"about":[{"href":"http:\/\/klubmamgdynia.pl\/index.php\/wp-json\/wp\/v2\/types\/product"}],"replies":[{"embeddable":true,"href":"http:\/\/klubmamgdynia.pl\/index.php\/wp-json\/wp\/v2\/comments?post=748"}],"wp:featuredmedia":[{"embeddable":true,"href":"http:\/\/klubmamgdynia.pl\/index.php\/wp-json\/wp\/v2\/media\/749"}],"wp:attachment":[{"href":"http:\/\/klubmamgdynia.pl\/index.php\/wp-json\/wp\/v2\/media?parent=748"}],"wp:term":[{"taxonomy":"product_cat","embeddable":true,"href":"http:\/\/klubmamgdynia.pl\/index.php\/wp-json\/wp\/v2\/product_cat?post=748"},{"taxonomy":"product_tag","embeddable":true,"href":"http:\/\/klubmamgdynia.pl\/index.php\/wp-json\/wp\/v2\/product_tag?post=748"}],"curies":[{"name":"wp","href":"https:\/\/api.w.org\/{rel}","templated":true}]}}