{"id":750,"date":"2011-09-30T14:20:24","date_gmt":"2011-09-30T12:20:24","guid":{"rendered":"http:\/\/klubmamgdynia.pl\/index.php\/produkt\/baby-born-rozowa-butelka-dla-lalki-826904\/"},"modified":"2026-04-05T20:32:19","modified_gmt":"2026-04-05T18:32:19","slug":"baby-born-rozowa-butelka-dla-lalki-826904","status":"publish","type":"product","link":"http:\/\/klubmamgdynia.pl\/index.php\/produkt\/baby-born-rozowa-butelka-dla-lalki-826904\/","title":{"rendered":"Baby Born R\u00f3\u017cowa Butelka Dla Lalki 826904"},"content":{"rendered":"<p>Kolorowa buteleczka dla lalek Baby born posiada dwie, wymienne ko\u0144c\u00f3wki, kt\u00f3re pozwalaj\u0105 na u\u017cycie jej dla wszystkich laleczek Baby born. W zestawie znajduje si\u0119 tak\u017ce nakr\u0119tka, zabezpieczaj\u0105ca przed wylaniem wody.<\/p>\n<h2>Baby Born R\u00f3\u017cowa Butelka Dla Lalki 826904 BABY BORN<\/h2>\n<p>julian, test ze znak\u00f3w drogowych, imi\u0119 adriana, kolorowanki do wydrukowania, kolorowanki do druku, oliwier, tymoteusz znaczenie imienia, kolorowanka ksi\u0119\u017cniczka, kolorowanki do wydrukowania, bo\u017ce narodzenie quiz, macierzy\u0144stwo cytaty, opisy do zdj\u0119\u0107 dziecka, magiczne drzewo czerwone krzes\u0142o test, kwiecien plecien<\/p>\n<p>yyyyy<\/p>\n<p>&nbsp;<\/p>\n","protected":false},"excerpt":{"rendered":"<p>Kolorowa buteleczka dla lalek Baby born posiada dwie, wymienne ko\u0144c\u00f3wki, kt\u00f3re pozwalaj\u0105 na u\u017cycie jej dla wszystkich laleczek Baby born. W zestawie znajduje si\u0119 tak\u017ce nakr\u0119tka, zabezpieczaj\u0105ca przed wylaniem wody. Baby Born R\u00f3\u017cowa Butelka Dla Lalki 826904 BABY BORN julian, test ze znak\u00f3w drogowych, imi\u0119 adriana, kolorowanki do wydrukowania, kolorowanki do druku, oliwier, tymoteusz znaczenie [&hellip;]<\/p>\n","protected":false},"featured_media":751,"comment_status":"closed","ping_status":"open","template":"","meta":[],"product_cat":[172,176],"product_tag":[598,663,786,649,800],"class_list":["post-750","product","type-product","status-publish","has-post-thumbnail","hentry","product_cat-akcesoria-dla-lalek","product_cat-baby-born","product_tag-co-na-roczek-dla-dziewczynki","product_tag-kolorowanki-dla-dzieci-do-druku","product_tag-prezent-na-1-urodziny","product_tag-zagadki-dla-nastolatkow","product_tag-zagadki-smieszne"],"_links":{"self":[{"href":"http:\/\/klubmamgdynia.pl\/index.php\/wp-json\/wp\/v2\/product\/750","targetHints":{"allow":["GET"]}}],"collection":[{"href":"http:\/\/klubmamgdynia.pl\/index.php\/wp-json\/wp\/v2\/product"}],"about":[{"href":"http:\/\/klubmamgdynia.pl\/index.php\/wp-json\/wp\/v2\/types\/product"}],"replies":[{"embeddable":true,"href":"http:\/\/klubmamgdynia.pl\/index.php\/wp-json\/wp\/v2\/comments?post=750"}],"wp:featuredmedia":[{"embeddable":true,"href":"http:\/\/klubmamgdynia.pl\/index.php\/wp-json\/wp\/v2\/media\/751"}],"wp:attachment":[{"href":"http:\/\/klubmamgdynia.pl\/index.php\/wp-json\/wp\/v2\/media?parent=750"}],"wp:term":[{"taxonomy":"product_cat","embeddable":true,"href":"http:\/\/klubmamgdynia.pl\/index.php\/wp-json\/wp\/v2\/product_cat?post=750"},{"taxonomy":"product_tag","embeddable":true,"href":"http:\/\/klubmamgdynia.pl\/index.php\/wp-json\/wp\/v2\/product_tag?post=750"}],"curies":[{"name":"wp","href":"https:\/\/api.w.org\/{rel}","templated":true}]}}