{"id":7514,"date":"2019-12-10T15:36:17","date_gmt":"2019-12-10T14:36:17","guid":{"rendered":"http:\/\/klubmamgdynia.pl\/index.php\/produkt\/trixie-baby-mrs-elephant-zawieszka-z-lusterkiem\/"},"modified":"2026-05-01T08:40:31","modified_gmt":"2026-05-01T06:40:31","slug":"trixie-baby-mrs-elephant-zawieszka-z-lusterkiem","status":"publish","type":"product","link":"http:\/\/klubmamgdynia.pl\/index.php\/produkt\/trixie-baby-mrs-elephant-zawieszka-z-lusterkiem\/","title":{"rendered":"Trixie Baby Mrs. Elephant Zawieszka Z Lusterkiem"},"content":{"rendered":"<p>Super zabawka dla poznaj\u0105cego \u015bwiat malucha.Zawieszki w kszta\u0142cie zwierz\u0105tek maj\u0105 rozmaite tekstury, grzechotk\u0119, drewniane gryzaczki, kolorowe metki oraz bezpieczne lusterko. Dodatkowo po poci\u0105gni\u0119ciu zawieszka wibruje. Elastyczna p\u0119telka umo\u017cliwia wygodne przypi\u0119cie. Wielofunkcyjna zabawka sprawdzi si\u0119 do zabawy w domu, na spacerze i w podr\u00f3\u017cy.Wiek: 0+Wymiary: 34 cm x 11,5 cmMateria\u0142y: Tkanina: 100% bawe\u0142naSztruks: 100% poliesterGryzak: 100% TPEWype\u0142nienie: 100% poliesterPra\u0107 r\u0119cznie w 30 st.<\/p>\n<h2>Trixie Baby Mrs. Elephant Zawieszka Z Lusterkiem Trixie<\/h2>\n<p>szablony do wyklejania plastelin\u0105, bajka krecik, \u0142amig\u0142\u00f3wki dla dzieci do wydruku, wiersze o wakacjach, karty pracy dla uczni\u00f3w z ukrainy<\/p>\n<p>yyyyy<\/p>\n<p>&nbsp;<\/p>\n","protected":false},"excerpt":{"rendered":"<p>Super zabawka dla poznaj\u0105cego \u015bwiat malucha.Zawieszki w kszta\u0142cie zwierz\u0105tek maj\u0105 rozmaite tekstury, grzechotk\u0119, drewniane gryzaczki, kolorowe metki oraz bezpieczne lusterko. Dodatkowo po poci\u0105gni\u0119ciu zawieszka wibruje. Elastyczna p\u0119telka umo\u017cliwia wygodne przypi\u0119cie. Wielofunkcyjna zabawka sprawdzi si\u0119 do zabawy w domu, na spacerze i w podr\u00f3\u017cy.Wiek: 0+Wymiary: 34 cm x 11,5 cmMateria\u0142y: Tkanina: 100% bawe\u0142naSztruks: 100% poliesterGryzak: 100% [&hellip;]<\/p>\n","protected":false},"featured_media":7515,"comment_status":"closed","ping_status":"open","template":"","meta":[],"product_cat":[43,26],"product_tag":[856,703,576],"class_list":["post-7514","product","type-product","status-publish","has-post-thumbnail","hentry","product_cat-trixie","product_cat-zabawki-do-wozka-lozeczka-i-fotelika","product_tag-prezent-dla-16-latki","product_tag-prezent-dla-nastolatki","product_tag-trudne-zagadki"],"_links":{"self":[{"href":"http:\/\/klubmamgdynia.pl\/index.php\/wp-json\/wp\/v2\/product\/7514","targetHints":{"allow":["GET"]}}],"collection":[{"href":"http:\/\/klubmamgdynia.pl\/index.php\/wp-json\/wp\/v2\/product"}],"about":[{"href":"http:\/\/klubmamgdynia.pl\/index.php\/wp-json\/wp\/v2\/types\/product"}],"replies":[{"embeddable":true,"href":"http:\/\/klubmamgdynia.pl\/index.php\/wp-json\/wp\/v2\/comments?post=7514"}],"wp:featuredmedia":[{"embeddable":true,"href":"http:\/\/klubmamgdynia.pl\/index.php\/wp-json\/wp\/v2\/media\/7515"}],"wp:attachment":[{"href":"http:\/\/klubmamgdynia.pl\/index.php\/wp-json\/wp\/v2\/media?parent=7514"}],"wp:term":[{"taxonomy":"product_cat","embeddable":true,"href":"http:\/\/klubmamgdynia.pl\/index.php\/wp-json\/wp\/v2\/product_cat?post=7514"},{"taxonomy":"product_tag","embeddable":true,"href":"http:\/\/klubmamgdynia.pl\/index.php\/wp-json\/wp\/v2\/product_tag?post=7514"}],"curies":[{"name":"wp","href":"https:\/\/api.w.org\/{rel}","templated":true}]}}