{"id":7546,"date":"2014-11-19T20:05:29","date_gmt":"2014-11-19T19:05:29","guid":{"rendered":"http:\/\/klubmamgdynia.pl\/index.php\/produkt\/oeparol-everyday-pomadka-ochronna-do-ust-48g\/"},"modified":"2026-04-03T23:58:18","modified_gmt":"2026-04-03T21:58:18","slug":"oeparol-everyday-pomadka-ochronna-do-ust-48g","status":"publish","type":"product","link":"http:\/\/klubmamgdynia.pl\/index.php\/produkt\/oeparol-everyday-pomadka-ochronna-do-ust-48g\/","title":{"rendered":"Oeparol Everyday Pomadka ochronna do Ust 4,8g"},"content":{"rendered":"<p>Pomadka ochronna do ust Everyday                            <\/p>\n<p>Skutecznie piel\u0119gnuje i chroni usta, dzi\u0119ki zawarto\u015bci kompleksu OleaSheaButter, unikalnemu po\u0142\u0105czeniu mas\u0142a Shea i oleju z nasion wiesio\u0142ka.                            <\/p>\n<p>Od\u017cywia usta, przeciwdzia\u0142a podra\u017cnieniom i przyspiesza regeneracj\u0119 pop\u0119kanego nask\u00f3rka                            <\/p>\n<p>Chroni przed dzia\u0142aniem czynnik\u00f3w zewn\u0119trznych (niekorzystne warunki pogodowe, zanieczyszczenie, klimatyzacja)                            <\/p>\n<p>G\u0141\u00d3WNE SK\u0141ADNIKI                            <\/p>\n<p>Mas\u0142o shea                            <\/p>\n<p>Olej z nasiona wiesio\u0142ka                            <\/p>\n<p>Nak\u0142ada\u0107 na usta w razie potrzeby.                            <\/p>\n<p>Cudowna moc wiesio\u0142kaPoznaj cudown\u0105 ro\u015blin\u0119 o \u017c\u00f3\u0142tych kwiatkach, kt\u00f3r\u0105 spotykasz na polach i \u0142\u0105kach naszej pi\u0119knej Polski.                            <\/p>\n<p>Z serca PolskiJedna z najwi\u0119kszych plantacji wiesio\u0142ka\u00a0 znajduje si\u0119 w samym sercu Polski,\u00a0\u00a0w miejscowo\u015bci o uroczej nazwie Wiesio\u0142\u00f3w.                            <\/p>\n<p>\u015awieca nocyWiesio\u0142ek jest nazywany \u201e\u015bwiec\u0105 nocy\u201d, poniewa\u017c jego \u017c\u00f3\u0142te kwiatki zamykaj\u0105 si\u0119 w ci\u0105gu dnia i otwieraj\u0105 dopiero po zmierzchu                            <\/p>\n<p>Kosmetyka i medycynaOlej z nasion wiesio\u0142ka jest ch\u0119tnie wykorzystywany w kosmetyce i medycynie.                            <\/p>\n<p>Dobroczynny wp\u0142ywSw\u00f3j\u00a0dobroczynny wp\u0142yw wiesio\u0142ek zawdzi\u0119cza ma\u0142ym nasionkom\u00a0, z kt\u00f3rych t\u0142oczy si\u0119 olej.                            <\/p>\n<p>Korzystne sk\u0142adnikiW nasionach znajduje si\u0119 mieszanka korzystnych sk\u0142adnik\u00f3w, w tym dobrych kwas\u00f3w t\u0142uszczowych: linolowego (LA) i gamma-linolenowego (GLA) oraz mikroelement\u00f3w takich jak: magnez, selen, cynk, wap\u0144, witamina E.                            <\/p>\n<p>Najwy\u017csze parametry jako\u015bcioweUzyskujemy je poprzez:                            <\/p>\n<p>t\u0142oczenie oleju tradycyjn\u0105 metod\u0105 na zimno                            <\/p>\n<p>wykorzystywanie specjalnie zaprojektowanych do tego celu urz\u0105dze\u0144                            <\/p>\n<p>proces produkcji niewymagaj\u0105cy stosowania \u015brodk\u00f3w konserwuj\u0105cych, antyutleniaczy i substancji uszlachetniaj\u0105cych<\/p>\n<h2>Oeparol Everyday Pomadka ochronna do Ust 4,8g Adamed Pharma<\/h2>\n<p>cicha noc po angielsku, prezent dla 16 latki, cytaty o dziecku, karty pracy po ukrai\u0144sku, ale kino program, wroc\u0142aw i okolice atrakcje, kr\u00f3tkie bajki dla dzieci, policja kolorowanka, krotkie zagadki, kajko i kokosz szko\u0142a latania &#8211; test do wydruku, pomys\u0142y na prima aprilis w szkole<\/p>\n<p>yyyyy<\/p>\n<p>&nbsp;<\/p>\n","protected":false},"excerpt":{"rendered":"<p>Pomadka ochronna do ust Everyday Skutecznie piel\u0119gnuje i chroni usta, dzi\u0119ki zawarto\u015bci kompleksu OleaSheaButter, unikalnemu po\u0142\u0105czeniu mas\u0142a Shea i oleju z nasion wiesio\u0142ka. Od\u017cywia usta, przeciwdzia\u0142a podra\u017cnieniom i przyspiesza regeneracj\u0119 pop\u0119kanego nask\u00f3rka Chroni przed dzia\u0142aniem czynnik\u00f3w zewn\u0119trznych (niekorzystne warunki pogodowe, zanieczyszczenie, klimatyzacja) G\u0141\u00d3WNE SK\u0141ADNIKI Mas\u0142o shea Olej z nasiona wiesio\u0142ka Nak\u0142ada\u0107 na usta w razie [&hellip;]<\/p>\n","protected":false},"featured_media":7547,"comment_status":"closed","ping_status":"open","template":"","meta":[],"product_cat":[1572,1425],"product_tag":[839,671,633,600],"class_list":["post-7546","product","type-product","status-publish","has-post-thumbnail","hentry","product_cat-adamed-pharma","product_cat-pielegnacja-ust","product_tag-bajki-na-dobranoc-do-czytania","product_tag-cicha-noc-po-angielsku-tekst","product_tag-zagadki-z-odpowiedziami","product_tag-zaproszenia-na-urodziny-do-druku"],"_links":{"self":[{"href":"http:\/\/klubmamgdynia.pl\/index.php\/wp-json\/wp\/v2\/product\/7546","targetHints":{"allow":["GET"]}}],"collection":[{"href":"http:\/\/klubmamgdynia.pl\/index.php\/wp-json\/wp\/v2\/product"}],"about":[{"href":"http:\/\/klubmamgdynia.pl\/index.php\/wp-json\/wp\/v2\/types\/product"}],"replies":[{"embeddable":true,"href":"http:\/\/klubmamgdynia.pl\/index.php\/wp-json\/wp\/v2\/comments?post=7546"}],"wp:featuredmedia":[{"embeddable":true,"href":"http:\/\/klubmamgdynia.pl\/index.php\/wp-json\/wp\/v2\/media\/7547"}],"wp:attachment":[{"href":"http:\/\/klubmamgdynia.pl\/index.php\/wp-json\/wp\/v2\/media?parent=7546"}],"wp:term":[{"taxonomy":"product_cat","embeddable":true,"href":"http:\/\/klubmamgdynia.pl\/index.php\/wp-json\/wp\/v2\/product_cat?post=7546"},{"taxonomy":"product_tag","embeddable":true,"href":"http:\/\/klubmamgdynia.pl\/index.php\/wp-json\/wp\/v2\/product_tag?post=7546"}],"curies":[{"name":"wp","href":"https:\/\/api.w.org\/{rel}","templated":true}]}}