{"id":7556,"date":"2024-07-23T16:51:20","date_gmt":"2024-07-23T14:51:20","guid":{"rendered":"http:\/\/klubmamgdynia.pl\/?post_type=product&#038;p=7556"},"modified":"2026-04-30T12:59:12","modified_gmt":"2026-04-30T10:59:12","slug":"novophane-60-kaps","status":"publish","type":"product","link":"http:\/\/klubmamgdynia.pl\/index.php\/produkt\/novophane-60-kaps\/","title":{"rendered":"Novophane 60 kaps"},"content":{"rendered":"<p>ACM NOVOPHANE X 60 KAPS<\/p>\n<p>Suplement diety Novophane zawiera w swoim sk\u0142adzie biotyn\u0119, kt\u00f3ra pomaga utrzyma\u0107 pi\u0119kne w\u0142osy i zdrow\u0105 sk\u00f3r\u0119. Cynk przyczynia si\u0119 do utrzymania zdrowych paznokci, w\u0142os\u00f3w i sk\u00f3ry. Witamina B6 bierze udzia\u0142 w syntezie cysteiny oraz wspomaga regulacj\u0119 aktywno\u015bci hormonalnej. Dodatkowo witamina B6 wraz z witamin\u0105 C i \u017celazem wspomagaj\u0105 prawid\u0142owe funkcjonowanie uk\u0142adu odporno\u015bciowego. Ponadto witamina C wspomaga prawid\u0142ow\u0105 produkcj\u0119 kolagenu w celu zapewnienia prawid\u0142owego funkcjonowania sk\u00f3ry.Wskazania:Suplementacja codziennej diety w sk\u0142adniki korzystnie wp\u0142ywaj\u0105ce na sk\u00f3r\u0119, w\u0142osy i paznokcie.Sk\u0142ad:Cystyna, metionina, skrobia kukurydziana, siarczan \u017celaza, stearynian magnezu, gluconian cynku, tlenek magnezu, witaminy (C, E, B5, B6, B2, H). Kapsu\u0142ki pochodzenia ro\u015blinnego.                            <\/p>\n<p>Dawkowanie: Doustnie. 2 kapsu\u0142ki dziennie podczas posi\u0142k\u00f3w przez co najmniej 2 miesi\u0105ce. Kuracj\u0119 nale\u017cy regularnie powtarza\u0107. Suplement diety nie mo\u017ce by\u0107 stosowany jako substytut zr\u00f3\u017cnicowanej diety. Nie nale\u017cy przekracza\u0107 zalecanej do spo\u017cycia porcji w ci\u0105gu dnia. Przechowuj preparat w miejscu niedost\u0119pnym i niewidocznym dla dzieci, zgodnie z wymogami producenta.<\/p>\n<h2>Novophane 60 kaps Acm<\/h2>\n<p>zagadki dla dzieci 10-12 lat, wzruszaj\u0105c\u0105 piosenka dla taty, jak narysowa\u0107 kota, pies kolorowanka, zagadki logiczne dla doros\u0142ych<\/p>\n<p>yyyyy<\/p>\n<p>&nbsp;<\/p>\n","protected":false},"excerpt":{"rendered":"<p>ACM NOVOPHANE X 60 KAPS Suplement diety Novophane zawiera w swoim sk\u0142adzie biotyn\u0119, kt\u00f3ra pomaga utrzyma\u0107 pi\u0119kne w\u0142osy i zdrow\u0105 sk\u00f3r\u0119. Cynk przyczynia si\u0119 do utrzymania zdrowych paznokci, w\u0142os\u00f3w i sk\u00f3ry. Witamina B6 bierze udzia\u0142 w syntezie cysteiny oraz wspomaga regulacj\u0119 aktywno\u015bci hormonalnej. Dodatkowo witamina B6 wraz z witamin\u0105 C i \u017celazem wspomagaj\u0105 prawid\u0142owe funkcjonowanie [&hellip;]<\/p>\n","protected":false},"featured_media":7557,"comment_status":"closed","ping_status":"open","template":"","meta":[],"product_cat":[1619,136],"product_tag":[845,707,731],"class_list":["post-7556","product","type-product","status-publish","has-post-thumbnail","hentry","product_cat-acm","product_cat-nutrikosmetyki","product_tag-ach-spij-kochanie-tekst","product_tag-karty-pracy-dla-dzieci-z-ukrainy","product_tag-maly-ksiaze-cytaty"],"_links":{"self":[{"href":"http:\/\/klubmamgdynia.pl\/index.php\/wp-json\/wp\/v2\/product\/7556","targetHints":{"allow":["GET"]}}],"collection":[{"href":"http:\/\/klubmamgdynia.pl\/index.php\/wp-json\/wp\/v2\/product"}],"about":[{"href":"http:\/\/klubmamgdynia.pl\/index.php\/wp-json\/wp\/v2\/types\/product"}],"replies":[{"embeddable":true,"href":"http:\/\/klubmamgdynia.pl\/index.php\/wp-json\/wp\/v2\/comments?post=7556"}],"wp:featuredmedia":[{"embeddable":true,"href":"http:\/\/klubmamgdynia.pl\/index.php\/wp-json\/wp\/v2\/media\/7557"}],"wp:attachment":[{"href":"http:\/\/klubmamgdynia.pl\/index.php\/wp-json\/wp\/v2\/media?parent=7556"}],"wp:term":[{"taxonomy":"product_cat","embeddable":true,"href":"http:\/\/klubmamgdynia.pl\/index.php\/wp-json\/wp\/v2\/product_cat?post=7556"},{"taxonomy":"product_tag","embeddable":true,"href":"http:\/\/klubmamgdynia.pl\/index.php\/wp-json\/wp\/v2\/product_tag?post=7556"}],"curies":[{"name":"wp","href":"https:\/\/api.w.org\/{rel}","templated":true}]}}