{"id":7572,"date":"2015-11-29T08:09:34","date_gmt":"2015-11-29T07:09:34","guid":{"rendered":"http:\/\/klubmamgdynia.pl\/index.php\/produkt\/mentholaxin-mentho-paraffinol-plyn-doustny-125g\/"},"modified":"2026-04-27T08:25:00","modified_gmt":"2026-04-27T06:25:00","slug":"mentholaxin-mentho-paraffinol-plyn-doustny-125g","status":"publish","type":"product","link":"http:\/\/klubmamgdynia.pl\/index.php\/produkt\/mentholaxin-mentho-paraffinol-plyn-doustny-125g\/","title":{"rendered":"Mentholaxin Mentho-Paraffinol p\u0142yn doustny 125g"},"content":{"rendered":"<p>Pe\u0142ny opis produktu na stronach wapteka.pl<\/p>\n<h2>Mentholaxin Mentho-Paraffinol p\u0142yn doustny 125g Farmina<\/h2>\n<p>\u0142\u0105czenie kropek, rysunki do druku, imi\u0119 mia, zagatki, kolorowanka traktor, pierniki na bo\u017ce narodzenie<\/p>\n<p>yyyyy<\/p>\n<p>&nbsp;<\/p>\n","protected":false},"excerpt":{"rendered":"<p>Pe\u0142ny opis produktu na stronach wapteka.pl Mentholaxin Mentho-Paraffinol p\u0142yn doustny 125g Farmina \u0142\u0105czenie kropek, rysunki do druku, imi\u0119 mia, zagatki, kolorowanka traktor, pierniki na bo\u017ce narodzenie yyyyy &nbsp;<\/p>\n","protected":false},"featured_media":7573,"comment_status":"closed","ping_status":"open","template":"","meta":[],"product_cat":[1250,212],"product_tag":[650,741,694],"class_list":["post-7572","product","type-product","status-publish","has-post-thumbnail","hentry","product_cat-farmina","product_cat-uklad-pokarmowy","product_tag-choinka-z-bibuly","product_tag-wlochy","product_tag-zagadki-swiateczne-dla-dzieci"],"_links":{"self":[{"href":"http:\/\/klubmamgdynia.pl\/index.php\/wp-json\/wp\/v2\/product\/7572","targetHints":{"allow":["GET"]}}],"collection":[{"href":"http:\/\/klubmamgdynia.pl\/index.php\/wp-json\/wp\/v2\/product"}],"about":[{"href":"http:\/\/klubmamgdynia.pl\/index.php\/wp-json\/wp\/v2\/types\/product"}],"replies":[{"embeddable":true,"href":"http:\/\/klubmamgdynia.pl\/index.php\/wp-json\/wp\/v2\/comments?post=7572"}],"wp:featuredmedia":[{"embeddable":true,"href":"http:\/\/klubmamgdynia.pl\/index.php\/wp-json\/wp\/v2\/media\/7573"}],"wp:attachment":[{"href":"http:\/\/klubmamgdynia.pl\/index.php\/wp-json\/wp\/v2\/media?parent=7572"}],"wp:term":[{"taxonomy":"product_cat","embeddable":true,"href":"http:\/\/klubmamgdynia.pl\/index.php\/wp-json\/wp\/v2\/product_cat?post=7572"},{"taxonomy":"product_tag","embeddable":true,"href":"http:\/\/klubmamgdynia.pl\/index.php\/wp-json\/wp\/v2\/product_tag?post=7572"}],"curies":[{"name":"wp","href":"https:\/\/api.w.org\/{rel}","templated":true}]}}