{"id":7578,"date":"2022-06-13T22:53:35","date_gmt":"2022-06-13T20:53:35","guid":{"rendered":"http:\/\/klubmamgdynia.pl\/index.php\/produkt\/malplay-ciezarowka-z-laweta-i-koparka-116-216407\/"},"modified":"2026-04-05T17:22:24","modified_gmt":"2026-04-05T15:22:24","slug":"malplay-ciezarowka-z-laweta-i-koparka-116-216407","status":"publish","type":"product","link":"http:\/\/klubmamgdynia.pl\/index.php\/produkt\/malplay-ciezarowka-z-laweta-i-koparka-116-216407\/","title":{"rendered":"Malplay Ci\u0119\u017car\u00f3wka Z Lawet\u0105 I Kopark\u0105 1:16 (216407)"},"content":{"rendered":"<p>Rewelacyjny zestaw dla m\u0142odego kierowcy maszyn budowlanych Ci\u0119\u017car\u00f3wka z lawet\u0105 do przewo\u017cenia koparki, zadowoli ka\u017cdego ma\u0142ego kierowc\u0119.Na dachu ci\u0119\u017car\u00f3wki znajduj\u0105 si\u0119 przyciski z efektami d\u017awi\u0119kowymi i \u015bwietlnymi co pozwoli urzeczywistni\u0107 zabaw\u0119 tymi pojazdami.Koparka ma ruchom\u0105 \u0142y\u017ck\u0119 i korpus, dzi\u0119ki czemu bez problemu b\u0119dzie mo\u017cna ni\u0105 swobodnie pracowa\u0107.Ci\u0119\u017car\u00f3wka rozp\u0119dzana jest poprzez poruszenie zabawki na g\u0142adkiej powierzchni. Na dachu pojazdu \u015bwiec\u0105 \u015bwiat\u0142a\/koguty &#8211; po naci\u015bni\u0119ciu przycisku na dachu s\u0142ycha\u0107 odg\u0142os odpalania pojazdu, pracy silnika, klakson, sygna\u0142 cofania.Ca\u0142o\u015b\u0107 zapakowana w estetycznym kartonie, idealnie nadaj\u0105cym si\u0119 na prezent.<\/p>\n<h2>Malplay Ci\u0119\u017car\u00f3wka Z Lawet\u0105 I Kopark\u0105 1:16 (216407) Malplay<\/h2>\n<p>zagadki podchwytliwe z odpowiedziami, pole dyniowe pozna\u0144, \u017carty na prima aprilis dla mamy, przedszkole drugi dom, kanapki dla dzieci, w uk\u0142adzie s\u0142onecznym tekst<\/p>\n<p>yyyyy<\/p>\n<p>&nbsp;<\/p>\n","protected":false},"excerpt":{"rendered":"<p>Rewelacyjny zestaw dla m\u0142odego kierowcy maszyn budowlanych Ci\u0119\u017car\u00f3wka z lawet\u0105 do przewo\u017cenia koparki, zadowoli ka\u017cdego ma\u0142ego kierowc\u0119.Na dachu ci\u0119\u017car\u00f3wki znajduj\u0105 si\u0119 przyciski z efektami d\u017awi\u0119kowymi i \u015bwietlnymi co pozwoli urzeczywistni\u0107 zabaw\u0119 tymi pojazdami.Koparka ma ruchom\u0105 \u0142y\u017ck\u0119 i korpus, dzi\u0119ki czemu bez problemu b\u0119dzie mo\u017cna ni\u0105 swobodnie pracowa\u0107.Ci\u0119\u017car\u00f3wka rozp\u0119dzana jest poprzez poruszenie zabawki na g\u0142adkiej powierzchni. [&hellip;]<\/p>\n","protected":false},"featured_media":7579,"comment_status":"closed","ping_status":"open","template":"","meta":[],"product_cat":[303,84],"product_tag":[735,682,695,857,714],"class_list":["post-7578","product","type-product","status-publish","has-post-thumbnail","hentry","product_cat-kolekcjonerskie-modele-pojazdow","product_cat-malplay","product_tag-prezent-na-roczek-dziewczynka","product_tag-przyjazn-cytaty","product_tag-rzadkie-imiona-zenskie","product_tag-zagadki-dla-dzieci-7-8-lat","product_tag-zagadki-logiczne"],"_links":{"self":[{"href":"http:\/\/klubmamgdynia.pl\/index.php\/wp-json\/wp\/v2\/product\/7578","targetHints":{"allow":["GET"]}}],"collection":[{"href":"http:\/\/klubmamgdynia.pl\/index.php\/wp-json\/wp\/v2\/product"}],"about":[{"href":"http:\/\/klubmamgdynia.pl\/index.php\/wp-json\/wp\/v2\/types\/product"}],"replies":[{"embeddable":true,"href":"http:\/\/klubmamgdynia.pl\/index.php\/wp-json\/wp\/v2\/comments?post=7578"}],"wp:featuredmedia":[{"embeddable":true,"href":"http:\/\/klubmamgdynia.pl\/index.php\/wp-json\/wp\/v2\/media\/7579"}],"wp:attachment":[{"href":"http:\/\/klubmamgdynia.pl\/index.php\/wp-json\/wp\/v2\/media?parent=7578"}],"wp:term":[{"taxonomy":"product_cat","embeddable":true,"href":"http:\/\/klubmamgdynia.pl\/index.php\/wp-json\/wp\/v2\/product_cat?post=7578"},{"taxonomy":"product_tag","embeddable":true,"href":"http:\/\/klubmamgdynia.pl\/index.php\/wp-json\/wp\/v2\/product_tag?post=7578"}],"curies":[{"name":"wp","href":"https:\/\/api.w.org\/{rel}","templated":true}]}}