{"id":7582,"date":"2022-11-08T05:13:08","date_gmt":"2022-11-08T04:13:08","guid":{"rendered":"http:\/\/klubmamgdynia.pl\/?post_type=product&#038;p=7582"},"modified":"2026-04-04T05:19:05","modified_gmt":"2026-04-04T03:19:05","slug":"dzwonek-do-roweru-cars","status":"publish","type":"product","link":"http:\/\/klubmamgdynia.pl\/index.php\/produkt\/dzwonek-do-roweru-cars\/","title":{"rendered":"DZWONEK DO ROWERU CARS"},"content":{"rendered":"<p>DZWONEK ROWEROWY CARS 3Klasyczny dzwonek rowerowy wydaje dono\u015bny d\u017awi\u0119k, zwraca uwag\u0119 na ma\u0142\u0105 rowerzystk\u0119 i poprawia jej bezpiecze\u0144stwo na drodze. Przyrz\u0105d jest prosty w monta\u017cu i pasuje na ka\u017cd\u0105 rowerow\u0105 kierownic\u0119.Opis:\u015brednica: 5,5 cmmetalowy dzwonekplastikowy uchwyt na kierownic\u0119\u0142atwy w obs\u0142udzeprosty, szybki monta\u017catrakcyjny design &#8211; Cars 3kolor: czerwony<\/p>\n<h2>DZWONEK DO ROWERU CARS Cars<\/h2>\n<p>imi\u0119 nadia, alan imi\u0119, sentencje o rodzinie, quizy o minecraft, stare wierszyki dla dzieci, cytaty o mamie, znaczenie imiona justyna, zima z\u0142a tekst, zagadki zimowe, kot rysunek dla dzieci, zaproszenia na urodziny do druku, wiosenne zagadki, prezent dla 16 latka, zagadki na dzie\u0144 przedszkolaka<\/p>\n<p>yyyyy<\/p>\n<p>&nbsp;<\/p>\n","protected":false},"excerpt":{"rendered":"<p>DZWONEK ROWEROWY CARS 3Klasyczny dzwonek rowerowy wydaje dono\u015bny d\u017awi\u0119k, zwraca uwag\u0119 na ma\u0142\u0105 rowerzystk\u0119 i poprawia jej bezpiecze\u0144stwo na drodze. Przyrz\u0105d jest prosty w monta\u017cu i pasuje na ka\u017cd\u0105 rowerow\u0105 kierownic\u0119.Opis:\u015brednica: 5,5 cmmetalowy dzwonekplastikowy uchwyt na kierownic\u0119\u0142atwy w obs\u0142udzeprosty, szybki monta\u017catrakcyjny design &#8211; Cars 3kolor: czerwony DZWONEK DO ROWERU CARS Cars imi\u0119 nadia, alan imi\u0119, [&hellip;]<\/p>\n","protected":false},"featured_media":7583,"comment_status":"closed","ping_status":"open","template":"","meta":[],"product_cat":[1620,1622],"product_tag":[728,671,619,749,579],"class_list":["post-7582","product","type-product","status-publish","has-post-thumbnail","hentry","product_cat-cars","product_cat-pozostale-akcesoria-rowerowe","product_tag-bezwarunkowa-milosc-do-dziecka-cytaty","product_tag-cicha-noc-po-angielsku-tekst","product_tag-iwo-imie","product_tag-najlepsze-zarty-na-prima-aprilis","product_tag-quiz-opowiesci-z-narnii-lew-czarownica-i-stara-szafa"],"_links":{"self":[{"href":"http:\/\/klubmamgdynia.pl\/index.php\/wp-json\/wp\/v2\/product\/7582","targetHints":{"allow":["GET"]}}],"collection":[{"href":"http:\/\/klubmamgdynia.pl\/index.php\/wp-json\/wp\/v2\/product"}],"about":[{"href":"http:\/\/klubmamgdynia.pl\/index.php\/wp-json\/wp\/v2\/types\/product"}],"replies":[{"embeddable":true,"href":"http:\/\/klubmamgdynia.pl\/index.php\/wp-json\/wp\/v2\/comments?post=7582"}],"wp:featuredmedia":[{"embeddable":true,"href":"http:\/\/klubmamgdynia.pl\/index.php\/wp-json\/wp\/v2\/media\/7583"}],"wp:attachment":[{"href":"http:\/\/klubmamgdynia.pl\/index.php\/wp-json\/wp\/v2\/media?parent=7582"}],"wp:term":[{"taxonomy":"product_cat","embeddable":true,"href":"http:\/\/klubmamgdynia.pl\/index.php\/wp-json\/wp\/v2\/product_cat?post=7582"},{"taxonomy":"product_tag","embeddable":true,"href":"http:\/\/klubmamgdynia.pl\/index.php\/wp-json\/wp\/v2\/product_tag?post=7582"}],"curies":[{"name":"wp","href":"https:\/\/api.w.org\/{rel}","templated":true}]}}