{"id":7584,"date":"2021-01-29T12:49:06","date_gmt":"2021-01-29T11:49:06","guid":{"rendered":"http:\/\/klubmamgdynia.pl\/index.php\/produkt\/trilac-ibs-20-kaps\/"},"modified":"2026-05-17T21:27:35","modified_gmt":"2026-05-17T19:27:35","slug":"trilac-ibs-20-kaps","status":"publish","type":"product","link":"http:\/\/klubmamgdynia.pl\/index.php\/produkt\/trilac-ibs-20-kaps\/","title":{"rendered":"trilac\u00ae IBS 20 kaps."},"content":{"rendered":"<p>trilac\u00ae IBS to suplement diety, przeznaczony dla os\u00f3b doros\u0142ych, zawieraj\u0105cy 10 miliard\u00f3w bakterii\u00a0probiotycznych, w sk\u0142ad kt\u00f3rych wchodz\u0105 3 wyselekcjonowane szczepy bakterii, wsparte prebiotykiem Actilight\u00ae 950P.trilac\u00ae IBS to preparat z opatentowan\u0105 technologi\u0105 DRcaps\u00ae w postaci kapsu\u0142ek o op\u00f3\u017anionym\u00a0uwalnianiu, rozpuszczalnych w jelitach. Kapsu\u0142ki DRcaps\u00ae pozwalaj\u0105 na zabezpieczenie bakteriiprzed dzia\u0142aniem soku \u017co\u0142\u0105dkowego, umo\u017cliwiaj\u0105c im dotarcie do jelit i prawid\u0142ow\u0105 kolonizacj\u0119.                            <\/p>\n<p>Sk\u0142ad:Lacticaseibacillus rhamnosus GG ATCC 53103 5&#215;109 CFU* w 1 kapsu\u0142ce,Bifidobacterium breve BRO3 (DSM16640) 2,5&#215;109 CFU* w 1 kapsu\u0142ce,Lactiplantibacillus plantarum LP01 (LMG P21021) 2,5&#215;109 CFU* w 1 kapsu\u0142ce.Sk\u0142ad trilac\u00ae IBS zosta\u0142 wzbogacony o prebiotyk &#8211; fruktooligosacharydy Actilight\u00ae 950P, kt\u00f3ry stanowi po\u017cywk\u0119 umo\u017cliwiaj\u0105c\u0105 prawid\u0142owe namna\u017canie si\u0119 bakterii probiotycznych w jelitach.*CFU (ang. colony forming unit) \u2013 jednostka tworz\u0105ca koloni\u0119.                            <\/p>\n<p>Zak\u0142ad Farmaceutyczny AMARA sp. z o.o.ul. Stacyjna 5, 30-851 Krak\u00f3wtel.: +48 12 293 35 20amara@amara.pl                            <\/p>\n<p>Poznaj pozosta\u0142e produkty                            <\/p>\n<p>            Trilac 20 sztuk, lek OTC<\/p>\n<p>            trilac lady 10 kaps.<\/p>\n<p>            Trilac\u00ae plus forte, krople<\/p>\n<p>            Trilac 20, 20 kaps. <\/p>\n<p>            trilac\u00ae plus 30 kaps.<\/p>\n<h2>trilac\u00ae IBS 20 kaps. Amara<\/h2>\n<p>kawal na prima aprilis, podchwytliwe zagadki dla dzieci, prima aprilis zarty, zaproszenia na urodziny do wydruku, prezent dla 7 latki, prezenty dla 7 latka, testy z lektury miko\u0142ajek, kajko i kokosz test z lektury, mitologia grecka test wiedzy, znaczenie imiona monika, bajki do czytania na dobranoc, lato, motto dla nauczyciela, najlepsze \u017carty na prima aprilis, pozytywne cytaty mama cytaty, domki z rolek po papierze toaletowym, pokemon kolorowanka<\/p>\n<p>yyyyy<\/p>\n<p>&nbsp;<\/p>\n","protected":false},"excerpt":{"rendered":"<p>trilac\u00ae IBS to suplement diety, przeznaczony dla os\u00f3b doros\u0142ych, zawieraj\u0105cy 10 miliard\u00f3w bakterii\u00a0probiotycznych, w sk\u0142ad kt\u00f3rych wchodz\u0105 3 wyselekcjonowane szczepy bakterii, wsparte prebiotykiem Actilight\u00ae 950P.trilac\u00ae IBS to preparat z opatentowan\u0105 technologi\u0105 DRcaps\u00ae w postaci kapsu\u0142ek o op\u00f3\u017anionym\u00a0uwalnianiu, rozpuszczalnych w jelitach. Kapsu\u0142ki DRcaps\u00ae pozwalaj\u0105 na zabezpieczenie bakteriiprzed dzia\u0142aniem soku \u017co\u0142\u0105dkowego, umo\u017cliwiaj\u0105c im dotarcie do jelit i [&hellip;]<\/p>\n","protected":false},"featured_media":7585,"comment_status":"closed","ping_status":"open","template":"","meta":[],"product_cat":[1245,212],"product_tag":[603,851,659,679],"class_list":["post-7584","product","type-product","status-publish","has-post-thumbnail","hentry","product_cat-amara","product_cat-uklad-pokarmowy","product_tag-bajki-do-czytania","product_tag-jak-narysowac-kota","product_tag-tupu-tup-po-sniegu-tekst","product_tag-zabawki-na-roczek-dla-dziewczynki"],"_links":{"self":[{"href":"http:\/\/klubmamgdynia.pl\/index.php\/wp-json\/wp\/v2\/product\/7584","targetHints":{"allow":["GET"]}}],"collection":[{"href":"http:\/\/klubmamgdynia.pl\/index.php\/wp-json\/wp\/v2\/product"}],"about":[{"href":"http:\/\/klubmamgdynia.pl\/index.php\/wp-json\/wp\/v2\/types\/product"}],"replies":[{"embeddable":true,"href":"http:\/\/klubmamgdynia.pl\/index.php\/wp-json\/wp\/v2\/comments?post=7584"}],"wp:featuredmedia":[{"embeddable":true,"href":"http:\/\/klubmamgdynia.pl\/index.php\/wp-json\/wp\/v2\/media\/7585"}],"wp:attachment":[{"href":"http:\/\/klubmamgdynia.pl\/index.php\/wp-json\/wp\/v2\/media?parent=7584"}],"wp:term":[{"taxonomy":"product_cat","embeddable":true,"href":"http:\/\/klubmamgdynia.pl\/index.php\/wp-json\/wp\/v2\/product_cat?post=7584"},{"taxonomy":"product_tag","embeddable":true,"href":"http:\/\/klubmamgdynia.pl\/index.php\/wp-json\/wp\/v2\/product_tag?post=7584"}],"curies":[{"name":"wp","href":"https:\/\/api.w.org\/{rel}","templated":true}]}}