{"id":7590,"date":"2021-10-07T12:49:37","date_gmt":"2021-10-07T10:49:37","guid":{"rendered":"http:\/\/klubmamgdynia.pl\/index.php\/produkt\/enterol-probiotyk-250mg-3x10sasz\/"},"modified":"2026-05-03T13:57:42","modified_gmt":"2026-05-03T11:57:42","slug":"enterol-probiotyk-250mg-3x10sasz","status":"publish","type":"product","link":"http:\/\/klubmamgdynia.pl\/index.php\/produkt\/enterol-probiotyk-250mg-3x10sasz\/","title":{"rendered":"Enterol Probiotyk 250mg 3x10sasz."},"content":{"rendered":"<p>ENTEROL\u00ae jest doustnym lekiem probiotycznym zawieraj\u0105cym dro\u017cd\u017ce Saccharomyces boulardii CNCM I\u2011745. G\u0142\u00f3wne zalety leku probiotycznego Enterol:przywraca r\u00f3wnowag\u0119 mikrobioty jelitowejmo\u017ce by\u0107 stosowany zar\u00f3wno przez doros\u0142ych jak i dziecimo\u017ce by\u0107 stosowany zar\u00f3wno w celu leczenia biegunki jak i jej zapobieganiu,jest on dost\u0119pny w r\u00f3\u017cnych formach i wielko\u015bciach opakowania,w odr\u00f3\u017cnieniu od antybiotyk\u00f3w nie leczy tylko biegunki wywo\u0142anej bakteriami, ale tak\u017ce pierwotniakami czy wirusami (w tym rotawirusami).                            <\/p>\n<p>ENTEROL\u00ae dost\u0119pny jest w formie kapsu\u0142ek oraz saszetek 250 mg.                            <\/p>\n<p>KIEDY STOSOWA\u0106?<\/p>\n<p>Wskazania do stosowania**Leczenie ostrych biegunek infekcyjnychZapobieganie biegunkom zwi\u0105zanym ze stosowaniem antybiotyk\u00f3wNawracaj\u0105ca biegunka spowodowana zaka\u017ceniem Clostridium difficile, jako dodatek do leczenia wankomycyn\u0105 lub metronidazolemZapobieganie biegunkom zwi\u0105zanym z \u017cywieniem dojelitowymZapobieganie biegunkom podr\u00f3\u017cnych                            <\/p>\n<p>JAK STOSOWA\u0106?Spos\u00f3b przyjmowania \u2013 doustnie<\/p>\n<p>Kapsu\u0142ki:<br \/>\nKapsu\u0142k\u0119 nale\u017cy po\u0142kn\u0105\u0107 popijaj\u0105c szklank\u0105 wody.\u00a0Kapsu\u0142k\u0119 mo\u017cna otworzy\u0107, a jej zawarto\u015b\u0107 wsypa\u0107 do niewielkiej ilo\u015bci os\u0142odzonego napoju, pokarmu lub doda\u0107 do butelki z pokarmem dla dziecka.\u00a0U dziecka w wieku poni\u017cej 6 lat zaleca si\u0119 otwieranie kapsu\u0142ek i dodawanie ich zawarto\u015bci do napoju lub pokarmu.<\/p>\n<p>Saszetki:<br \/>\nPosta\u0107 leku w saszetkach jest szczeg\u00f3lnie zalecana do stosowania u dzieci i w \u017cywieniu dojelitowym.Zawarto\u015b\u0107 saszetki nale\u017cy wsypa\u0107 do niewielkiej ilo\u015bci wody lub os\u0142odzonego napoju, wymiesza\u0107 i wypi\u0107. Proszek z saszetki mo\u017cna miesza\u0107 z pokarmem.U dzieci: Proszek z saszetki mo\u017cna miesza\u0107 z pokarmem lub dodawa\u0107 do butelki z pokarmem dla dziecka. Mieszanka nie mo\u017ce by\u0107 zbyt gor\u0105ca.                            <\/p>\n<p>Dawkowanie**<br \/>\nostra biegunka infekcyjna: 1 do 2 kapsu\u0142ek na dob\u0119, przez okres do 1 tygodnia\u00a0biegunka poantybiotykowa: 1 do 2 kapsu\u0142ek na dob\u0119,\u00a0w trakcie i po antybiotykoterapii<br \/>\nbiegunka spowodowana zaka\u017ceniem C. difficile: 4 kapsu\u0142ki na dob\u0119, przez okres do 4 tygodni\u00a0biegunka zwi\u0105zana z \u017cywieniem dojelitowym: 1 do 2 kapsu\u0142ek na dob\u0119\u00a0biegunka podr\u00f3\u017cnych: 1 do 4 kapsu\u0142ek na dob\u0119 przez okres do 1 tygodnia.                            <\/p>\n<p>\u00a0                            <\/p>\n<p>\u00a0                            <\/p>\n<p>Enterol (Saccharomyces boulardii CNCM I-745). Sk\u0142ad: Jedna kapsu\u0142ka\/saszetka zawiera 250 mg liofilizowanych dro\u017cd\u017cak\u00f3w S. boulardii CNCM I-745 oraz substancje pomocnicze, m.in.: laktoza jednowodna i fruktoza (saszetki). Posta\u0107 farmaceutyczna: kapsu\u0142ka\/proszek do sporz\u0105dzania zawiesiny doustnej. Wskazania: Leczenie ostrych biegunek infekcyjnych; zapobieganie biegunkom zwi\u0105zanym ze stosowaniem antybiotyk\u00f3w; nawracaj\u0105ca biegunka spowodowana zaka\u017ceniem Clostridium difficile, jako dodatek do leczenia wankomycyn\u0105 lub metronidazolem; zapobieganie biegunkom zwi\u0105zanym z \u017cywieniem dojelitowym; zapobieganie biegunkom podr\u00f3\u017cnych. Przeciwwskazania: Nadwra\u017cliwo\u015b\u0107 na subst. czynn\u0105 lub kt\u00f3r\u0105kolwiek subst. pomocnicz\u0105, pacjenci z cewnikiem za\u0142o\u017conym do \u017cy\u0142y centralnej, pacjenci w stanie krytycznym lub pacjenci ze znacznie zmniejszon\u0105 odporno\u015bci\u0105, ze wzgl\u0119du na ryzyko fungemii. Podmiot odpowiedzialny: BIOCODEX, 7 avenue Gallieni, 94250 Gentilly, Francja. *Enterol, 250 mg numer jeden w Polsce \u2013 dane IMS listopad 2019 (value &amp; volume) oraz Saccharomyces boulardii (Biocodex) numer jeden na \u015bwiecie &#8211; rynek lek\u00f3w probiotycznych (value); na podst. danych IQVIA, baza MIDAS, Q1 2019** Na podstawie ChPL ENTRT\/018\/20                            <\/p>\n<p>Przed u\u017cyciem zapoznaj si\u0119 z ulotk\u0105, kt\u00f3ra zawiera wskazania, przeciwwskazania, dane dotycz\u0105ce dzia\u0142a\u0144 niepo\u017c\u0105danychi dawkowanie oraz informacje dotycz\u0105ce stosowania produktu leczniczego, b\u0105d\u017a skonsultuj si\u0119 z lekarzem lub farmaceut\u0105, gdy\u017c ka\u017cdy lek niew\u0142a\u015bciwie stosowany zagra\u017ca Twojemu \u017cyciu lub zdrowiu.<\/p>\n<h2>Enterol Probiotyk 250mg 3x10sasz. Biocodex<\/h2>\n<p>wulkan z sody, test z tajemniczego ogrodu, my jeste\u015bmy krasnoludki tekst, psi patrol kolorowanka do druku, bardzo trudne zagadki, prezent dla rocznego dziecka<\/p>\n<p>yyyyy<\/p>\n<p>&nbsp;<\/p>\n","protected":false},"excerpt":{"rendered":"<p>ENTEROL\u00ae jest doustnym lekiem probiotycznym zawieraj\u0105cym dro\u017cd\u017ce Saccharomyces boulardii CNCM I\u2011745. G\u0142\u00f3wne zalety leku probiotycznego Enterol:przywraca r\u00f3wnowag\u0119 mikrobioty jelitowejmo\u017ce by\u0107 stosowany zar\u00f3wno przez doros\u0142ych jak i dziecimo\u017ce by\u0107 stosowany zar\u00f3wno w celu leczenia biegunki jak i jej zapobieganiu,jest on dost\u0119pny w r\u00f3\u017cnych formach i wielko\u015bciach opakowania,w odr\u00f3\u017cnieniu od antybiotyk\u00f3w nie leczy tylko biegunki wywo\u0142anej bakteriami, [&hellip;]<\/p>\n","protected":false},"featured_media":7591,"comment_status":"closed","ping_status":"open","template":"","meta":[],"product_cat":[1623,212],"product_tag":[668,683,813,751,634],"class_list":["post-7590","product","type-product","status-publish","has-post-thumbnail","hentry","product_cat-biocodex","product_cat-uklad-pokarmowy","product_tag-atrakcje-dla-dzieci-wroclaw","product_tag-karaluchy-pod-poduchy","product_tag-krotkie-zagadki-matematyczne-z-odpowiedziami","product_tag-psi-patrol-kolorowanka","product_tag-zagadki-wielkanocne-dla-dzieci"],"_links":{"self":[{"href":"http:\/\/klubmamgdynia.pl\/index.php\/wp-json\/wp\/v2\/product\/7590","targetHints":{"allow":["GET"]}}],"collection":[{"href":"http:\/\/klubmamgdynia.pl\/index.php\/wp-json\/wp\/v2\/product"}],"about":[{"href":"http:\/\/klubmamgdynia.pl\/index.php\/wp-json\/wp\/v2\/types\/product"}],"replies":[{"embeddable":true,"href":"http:\/\/klubmamgdynia.pl\/index.php\/wp-json\/wp\/v2\/comments?post=7590"}],"wp:featuredmedia":[{"embeddable":true,"href":"http:\/\/klubmamgdynia.pl\/index.php\/wp-json\/wp\/v2\/media\/7591"}],"wp:attachment":[{"href":"http:\/\/klubmamgdynia.pl\/index.php\/wp-json\/wp\/v2\/media?parent=7590"}],"wp:term":[{"taxonomy":"product_cat","embeddable":true,"href":"http:\/\/klubmamgdynia.pl\/index.php\/wp-json\/wp\/v2\/product_cat?post=7590"},{"taxonomy":"product_tag","embeddable":true,"href":"http:\/\/klubmamgdynia.pl\/index.php\/wp-json\/wp\/v2\/product_tag?post=7590"}],"curies":[{"name":"wp","href":"https:\/\/api.w.org\/{rel}","templated":true}]}}