{"id":7596,"date":"2024-03-01T19:26:22","date_gmt":"2024-03-01T18:26:22","guid":{"rendered":"http:\/\/klubmamgdynia.pl\/?post_type=product&#038;p=7596"},"modified":"2026-05-17T22:39:51","modified_gmt":"2026-05-17T20:39:51","slug":"zollner-julius-przytulny-spiwor-dzieciecy-planty","status":"publish","type":"product","link":"http:\/\/klubmamgdynia.pl\/index.php\/produkt\/zollner-julius-przytulny-spiwor-dzieciecy-planty\/","title":{"rendered":"Z\u00f6llner Julius Przytulny \u015apiw\u00f3r Dzieci\u0119cy Planty"},"content":{"rendered":"<p>Dwucz\u0119\u015bciowy system spania Cosy zosta\u0142 zaprojektowany specjalnie dla noworodk\u00f3w, poniewa\u017c mi\u0119kki bawe\u0142niany d\u017cersej jest szczeg\u00f3lnie przytulny i delikatny dla sk\u00f3ry. Polar klimatyczny sprawia, \u017ce dziecko jest przyjemnie ciep\u0142e, a d\u0142ugi boczny suwak sprawia, \u017ce przewijanie pieluszek jest dziecinnie proste. Regulowane paski gwarantuj\u0105 optymalne dopasowanie do Twojego ma\u0142ego skarbu. t t Szczeg\u00f3\u0142y techniczne: Materia\u0142 zewn\u0119trzny: 100% bawe\u0142ny Materia\u0142 wewn\u0119trzny: polar klimatyczny wykonany w 100% z poliestru Projekt: Planty Podw\u00f3jnie regulowane paski t D\u0142ugi suwak boczny Torba wewn\u0119trzna mo\u017ce by\u0107 u\u017cywana oddzielnie w lecie Du\u017co miejsca na nogi Szczeg\u00f3\u0142y produktu: Mo\u017cna pra\u0107 w temperaturze do 40 \u00b0C Nadaje si\u0119 do suszarki b\u0119bnowej (cykl delikatny) Certyfikowany zgodnie z \u00d6kotex Standard 100 Made in Germany \u015apiw\u00f3r dzieci\u0119cy powinien jak naj\u015bci\u015blej przylega\u0107 do ramion i dok\u0142adnie przylega\u0107 do nich. Mi\u0119dzy stopami a doln\u0105 kraw\u0119dzi\u0105 \u015bpiwora powinno by\u0107 nie mniej ni\u017c 10 cm przestrzeni.<\/p>\n<h2>Z\u00f6llner Julius Przytulny \u015apiw\u00f3r Dzieci\u0119cy Planty Z\u00f6llner<\/h2>\n<p>\u015bmieszne zagadki matematyczne, lukrecja imi\u0119, ahmed, kolorowe kredki tekst, kolorowanka peppa, kiedy dzieci zbieraja cukierki na halloween, gry i zabawy ruchowe, filmy animowane o \u015bwi\u0119tach, rysowanki, cytat rodzina, kolorowanka lol, zygzak mcqueen kolorowanka, zawiedziona przyja\u017a\u0144 cytaty, zagadki kr\u00f3tkie, test magiczne drzewo czerwone krzes\u0142o, najrzadsze imiona dla dziewczynek, mega trudne zagadki logiczne<\/p>\n<p>yyyyy<\/p>\n<p>&nbsp;<\/p>\n","protected":false},"excerpt":{"rendered":"<p>Dwucz\u0119\u015bciowy system spania Cosy zosta\u0142 zaprojektowany specjalnie dla noworodk\u00f3w, poniewa\u017c mi\u0119kki bawe\u0142niany d\u017cersej jest szczeg\u00f3lnie przytulny i delikatny dla sk\u00f3ry. Polar klimatyczny sprawia, \u017ce dziecko jest przyjemnie ciep\u0142e, a d\u0142ugi boczny suwak sprawia, \u017ce przewijanie pieluszek jest dziecinnie proste. Regulowane paski gwarantuj\u0105 optymalne dopasowanie do Twojego ma\u0142ego skarbu. t t Szczeg\u00f3\u0142y techniczne: Materia\u0142 zewn\u0119trzny: 100% [&hellip;]<\/p>\n","protected":false},"featured_media":7597,"comment_status":"closed","ping_status":"open","template":"","meta":[],"product_cat":[395,1069],"product_tag":[681,596,856,708],"class_list":["post-7596","product","type-product","status-publish","has-post-thumbnail","hentry","product_cat-spiworki","product_cat-zollner","product_tag-flagi-europy-quiz","product_tag-pomysly-na-prima-aprilis","product_tag-prezent-dla-16-latki","product_tag-zabawy-ruchowe-dla-dzieci"],"_links":{"self":[{"href":"http:\/\/klubmamgdynia.pl\/index.php\/wp-json\/wp\/v2\/product\/7596","targetHints":{"allow":["GET"]}}],"collection":[{"href":"http:\/\/klubmamgdynia.pl\/index.php\/wp-json\/wp\/v2\/product"}],"about":[{"href":"http:\/\/klubmamgdynia.pl\/index.php\/wp-json\/wp\/v2\/types\/product"}],"replies":[{"embeddable":true,"href":"http:\/\/klubmamgdynia.pl\/index.php\/wp-json\/wp\/v2\/comments?post=7596"}],"wp:featuredmedia":[{"embeddable":true,"href":"http:\/\/klubmamgdynia.pl\/index.php\/wp-json\/wp\/v2\/media\/7597"}],"wp:attachment":[{"href":"http:\/\/klubmamgdynia.pl\/index.php\/wp-json\/wp\/v2\/media?parent=7596"}],"wp:term":[{"taxonomy":"product_cat","embeddable":true,"href":"http:\/\/klubmamgdynia.pl\/index.php\/wp-json\/wp\/v2\/product_cat?post=7596"},{"taxonomy":"product_tag","embeddable":true,"href":"http:\/\/klubmamgdynia.pl\/index.php\/wp-json\/wp\/v2\/product_tag?post=7596"}],"curies":[{"name":"wp","href":"https:\/\/api.w.org\/{rel}","templated":true}]}}