{"id":7602,"date":"2012-03-27T22:14:49","date_gmt":"2012-03-27T20:14:49","guid":{"rendered":"http:\/\/klubmamgdynia.pl\/index.php\/produkt\/simba-laleczka-evi-z-pupilem-niespodzianka-2-rodz\/"},"modified":"2026-04-27T06:47:36","modified_gmt":"2026-04-27T04:47:36","slug":"simba-laleczka-evi-z-pupilem-niespodzianka-2-rodz","status":"publish","type":"product","link":"http:\/\/klubmamgdynia.pl\/index.php\/produkt\/simba-laleczka-evi-z-pupilem-niespodzianka-2-rodz\/","title":{"rendered":"Simba Laleczka Evi z pupilem niespodziank\u0105 2 rodz"},"content":{"rendered":"<p>Laleczka Evi w s\u0142odkim fantazyjnym stroju z pupilem niespodziank\u0105 oraz wieloma akcesoriami.W asortymencie dost\u0119pne 2 zestawy:1) Laleczka Evi &#8211; Wr\u00f3\u017cka2) Laleczka Evi &#8211; Przyj\u0119cie urodzinowePo dokonaniu zakupu prosz\u0119 poda\u0107 numer wybranego zestawu.Niekt\u00f3re elementy mog\u0105 si\u0119 r\u00f3\u017cni\u0107 kolorystycznie.<\/p>\n<h2>Simba Laleczka Evi z pupilem niespodziank\u0105 2 rodz Simba<\/h2>\n<p>iwo imi\u0119, miko\u0142ajki dla dzieci warszawa 2021, cytat o przyja\u017ani, jak narysowa\u0107 kr\u00f3lika<\/p>\n<p>yyyyy<\/p>\n<p>&nbsp;<\/p>\n","protected":false},"excerpt":{"rendered":"<p>Laleczka Evi w s\u0142odkim fantazyjnym stroju z pupilem niespodziank\u0105 oraz wieloma akcesoriami.W asortymencie dost\u0119pne 2 zestawy:1) Laleczka Evi &#8211; Wr\u00f3\u017cka2) Laleczka Evi &#8211; Przyj\u0119cie urodzinowePo dokonaniu zakupu prosz\u0119 poda\u0107 numer wybranego zestawu.Niekt\u00f3re elementy mog\u0105 si\u0119 r\u00f3\u017cni\u0107 kolorystycznie. Simba Laleczka Evi z pupilem niespodziank\u0105 2 rodz Simba iwo imi\u0119, miko\u0142ajki dla dzieci warszawa 2021, cytat o [&hellip;]<\/p>\n","protected":false},"featured_media":7603,"comment_status":"closed","ping_status":"open","template":"","meta":[],"product_cat":[65,279],"product_tag":[754,617,596],"class_list":["post-7602","product","type-product","status-publish","has-post-thumbnail","hentry","product_cat-lalki","product_cat-simba","product_tag-dyplomy-do-wydrukowania-a4","product_tag-keyword","product_tag-pomysly-na-prima-aprilis"],"_links":{"self":[{"href":"http:\/\/klubmamgdynia.pl\/index.php\/wp-json\/wp\/v2\/product\/7602","targetHints":{"allow":["GET"]}}],"collection":[{"href":"http:\/\/klubmamgdynia.pl\/index.php\/wp-json\/wp\/v2\/product"}],"about":[{"href":"http:\/\/klubmamgdynia.pl\/index.php\/wp-json\/wp\/v2\/types\/product"}],"replies":[{"embeddable":true,"href":"http:\/\/klubmamgdynia.pl\/index.php\/wp-json\/wp\/v2\/comments?post=7602"}],"wp:featuredmedia":[{"embeddable":true,"href":"http:\/\/klubmamgdynia.pl\/index.php\/wp-json\/wp\/v2\/media\/7603"}],"wp:attachment":[{"href":"http:\/\/klubmamgdynia.pl\/index.php\/wp-json\/wp\/v2\/media?parent=7602"}],"wp:term":[{"taxonomy":"product_cat","embeddable":true,"href":"http:\/\/klubmamgdynia.pl\/index.php\/wp-json\/wp\/v2\/product_cat?post=7602"},{"taxonomy":"product_tag","embeddable":true,"href":"http:\/\/klubmamgdynia.pl\/index.php\/wp-json\/wp\/v2\/product_tag?post=7602"}],"curies":[{"name":"wp","href":"https:\/\/api.w.org\/{rel}","templated":true}]}}