{"id":762,"date":"2021-01-23T15:21:46","date_gmt":"2021-01-23T14:21:46","guid":{"rendered":"http:\/\/klubmamgdynia.pl\/index.php\/produkt\/baby-born-ubranko-stroj-lekarza-dla-lalki-43-cm-49394\/"},"modified":"2026-05-17T23:05:53","modified_gmt":"2026-05-17T21:05:53","slug":"baby-born-ubranko-stroj-lekarza-dla-lalki-43-cm-49394","status":"publish","type":"product","link":"http:\/\/klubmamgdynia.pl\/index.php\/produkt\/baby-born-ubranko-stroj-lekarza-dla-lalki-43-cm-49394\/","title":{"rendered":"Baby Born Ubranko Str\u00f3j Lekarza Dla Lalki 43 Cm 49394"},"content":{"rendered":"<p>Komplet &#8222;ubranko lekarza&#8221; dla Baby born to uroczy zestaw do wspania\u0142ej zabawy w lekarza z ukochan\u0105 lalk\u0105.Zestaw zawiera:fartuszek lekarskir\u00f3zowe spodenkibia\u0142e buciki typu clogsstetoskop&#8221;gips&#8221;strzykawkaopaska na g\u0142ow\u0119 z &#8222;lusterkiem naczo\u0142owym&#8221;Zapf Creation AG to niemiecka firma, za\u0142o\u017cona przez Maxa i Ros\u0119 Zapf w 1932 roku w Roedentalu. Zapf Creation jest wiod\u0105cym producentem markowych lalek funkcyjnychi akcesori\u00f3w w Europie. Do najbardziej znanych marek nale\u017c\u0105 Baby born,Baby Annabell oraz Chou Chou. Koncept zabawy w ma\u0142e mamy, znany na ca\u0142ym \u015bwiecie,skierowany jest przede wszystkim do dziewczynek w wieku od 3 do 8 lat.Wszystkie marki producenta \u0142\u0105czy wysoka jako\u015b\u0107, bezpiecze\u0144stwo i nowoczesna stylistyka.W czasie projektowania akcesori\u00f3w oraz ubranek dla lalek, projektanci Zapf Creation\u015bledz\u0105 aktualne trendy w modzie dzieci\u0119cej i produktach codziennego u\u017cytku, co powoduje,\u017ce corocznie wprowadzanych jest oko\u0142o 70% nowych produkt\u00f3w. W lalkach Zapf Creationznajduje zastosowanie najnowocze\u015bniejsza technika. Zabawa lalk\u0105 rozwija u dziewczynekfunkcje spo\u0142eczne, takie jak: opieka, odpowiedzilno\u015b\u0107, wczuwanie si\u0119 w potrzebyinnych ludzi.<\/p>\n<h2>Baby Born Ubranko Str\u00f3j Lekarza Dla Lalki 43 Cm 49394 BABY BORN<\/h2>\n<p>mia\u0142a baba koguta tekst, quiz o flagach europy, akademia pana kleksa test do druku, malowanka do druku, kolorowanka do wydruku, everest psi patrol<\/p>\n<p>yyyyy<\/p>\n<p>&nbsp;<\/p>\n","protected":false},"excerpt":{"rendered":"<p>Komplet &#8222;ubranko lekarza&#8221; dla Baby born to uroczy zestaw do wspania\u0142ej zabawy w lekarza z ukochan\u0105 lalk\u0105.Zestaw zawiera:fartuszek lekarskir\u00f3zowe spodenkibia\u0142e buciki typu clogsstetoskop&#8221;gips&#8221;strzykawkaopaska na g\u0142ow\u0119 z &#8222;lusterkiem naczo\u0142owym&#8221;Zapf Creation AG to niemiecka firma, za\u0142o\u017cona przez Maxa i Ros\u0119 Zapf w 1932 roku w Roedentalu. Zapf Creation jest wiod\u0105cym producentem markowych lalek funkcyjnychi akcesori\u00f3w w Europie. [&hellip;]<\/p>\n","protected":false},"featured_media":763,"comment_status":"closed","ping_status":"open","template":"","meta":[],"product_cat":[176,50],"product_tag":[801,655,637,842,739],"class_list":["post-762","product","type-product","status-publish","has-post-thumbnail","hentry","product_cat-baby-born","product_cat-ubranka-i-buty-dla-lalek","product_tag-bajki-terapeutyczne-o-emocjach","product_tag-najlepsze-zagadki","product_tag-niech-zyja-wakacje-tekst","product_tag-plac-zabaw-poznan","product_tag-prima-aprilis-w-szkole"],"_links":{"self":[{"href":"http:\/\/klubmamgdynia.pl\/index.php\/wp-json\/wp\/v2\/product\/762","targetHints":{"allow":["GET"]}}],"collection":[{"href":"http:\/\/klubmamgdynia.pl\/index.php\/wp-json\/wp\/v2\/product"}],"about":[{"href":"http:\/\/klubmamgdynia.pl\/index.php\/wp-json\/wp\/v2\/types\/product"}],"replies":[{"embeddable":true,"href":"http:\/\/klubmamgdynia.pl\/index.php\/wp-json\/wp\/v2\/comments?post=762"}],"wp:featuredmedia":[{"embeddable":true,"href":"http:\/\/klubmamgdynia.pl\/index.php\/wp-json\/wp\/v2\/media\/763"}],"wp:attachment":[{"href":"http:\/\/klubmamgdynia.pl\/index.php\/wp-json\/wp\/v2\/media?parent=762"}],"wp:term":[{"taxonomy":"product_cat","embeddable":true,"href":"http:\/\/klubmamgdynia.pl\/index.php\/wp-json\/wp\/v2\/product_cat?post=762"},{"taxonomy":"product_tag","embeddable":true,"href":"http:\/\/klubmamgdynia.pl\/index.php\/wp-json\/wp\/v2\/product_tag?post=762"}],"curies":[{"name":"wp","href":"https:\/\/api.w.org\/{rel}","templated":true}]}}