{"id":7648,"date":"2019-01-21T04:26:53","date_gmt":"2019-01-21T03:26:53","guid":{"rendered":"http:\/\/klubmamgdynia.pl\/index.php\/produkt\/klein-zabawka-kuchnia-bosch-style-ze-swiatlem-i-dzwiekiem-zabawka\/"},"modified":"2026-04-30T03:37:10","modified_gmt":"2026-04-30T01:37:10","slug":"klein-zabawka-kuchnia-bosch-style-ze-swiatlem-i-dzwiekiem-zabawka","status":"publish","type":"product","link":"http:\/\/klubmamgdynia.pl\/index.php\/produkt\/klein-zabawka-kuchnia-bosch-style-ze-swiatlem-i-dzwiekiem-zabawka\/","title":{"rendered":"Klein Zabawka Kuchnia Bosch Style Ze \u015awiat\u0142em I D\u017awi\u0119kiem &#8211; Zabawka"},"content":{"rendered":"<p>Kuchnia Bosch Style ze \u015bwiat\u0142em i d\u017awi\u0119kiem.Marka Klein znana jest na \u015bwiecie z produkt\u00f3w wykonanych z dba\u0142o\u015bci\u0105 o szczeg\u00f3\u0142y, z najlepszej jako\u015bci materia\u0142\u00f3w oraz atrakcyjnego wzornictwa.od 3 lat<\/p>\n<h2>Klein Zabawka Kuchnia Bosch Style Ze \u015awiat\u0142em I D\u017awi\u0119kiem &#8211; Zabawka Klein<\/h2>\n<p>dzieci cytaty, pieski pies kolorowanka, \u015bmigus dyngus lany poniedzia\u0142ek zyczenia, quiz o \u015bwi\u0119tach bo\u017cego narodzenia, kolorowanki do druku dla dziewczyn, lato lato lato czeka, cytaty o mamie, quiz minecraft, zagadki o zwierz\u0119tach, kolorowanki dla dziewczynek, m\u0105dre prezenty dla 7 latki, quiz dzieci z bullerbyn, kolorowanka harry potter do druku, test z dynastii mizio\u0142k\u00f3w, test z lektury opowie\u015bci z narnii lew czarownica i stara szafa z odpowiedziami<\/p>\n<p>yyyyy<\/p>\n<p>&nbsp;<\/p>\n","protected":false},"excerpt":{"rendered":"<p>Kuchnia Bosch Style ze \u015bwiat\u0142em i d\u017awi\u0119kiem.Marka Klein znana jest na \u015bwiecie z produkt\u00f3w wykonanych z dba\u0142o\u015bci\u0105 o szczeg\u00f3\u0142y, z najlepszej jako\u015bci materia\u0142\u00f3w oraz atrakcyjnego wzornictwa.od 3 lat Klein Zabawka Kuchnia Bosch Style Ze \u015awiat\u0142em I D\u017awi\u0119kiem &#8211; Zabawka Klein dzieci cytaty, pieski pies kolorowanka, \u015bmigus dyngus lany poniedzia\u0142ek zyczenia, quiz o \u015bwi\u0119tach bo\u017cego narodzenia, [&hellip;]<\/p>\n","protected":false},"featured_media":7649,"comment_status":"closed","ping_status":"open","template":"","meta":[],"product_cat":[53,52],"product_tag":[650,610,813,821,762],"class_list":["post-7648","product","type-product","status-publish","has-post-thumbnail","hentry","product_cat-kaciki-zabaw","product_cat-klein","product_tag-choinka-z-bibuly","product_tag-co-na-prezent-dla-nastolatkow","product_tag-krotkie-zagadki-matematyczne-z-odpowiedziami","product_tag-marianna","product_tag-trudne-zagadki-dla-dzieci"],"_links":{"self":[{"href":"http:\/\/klubmamgdynia.pl\/index.php\/wp-json\/wp\/v2\/product\/7648","targetHints":{"allow":["GET"]}}],"collection":[{"href":"http:\/\/klubmamgdynia.pl\/index.php\/wp-json\/wp\/v2\/product"}],"about":[{"href":"http:\/\/klubmamgdynia.pl\/index.php\/wp-json\/wp\/v2\/types\/product"}],"replies":[{"embeddable":true,"href":"http:\/\/klubmamgdynia.pl\/index.php\/wp-json\/wp\/v2\/comments?post=7648"}],"wp:featuredmedia":[{"embeddable":true,"href":"http:\/\/klubmamgdynia.pl\/index.php\/wp-json\/wp\/v2\/media\/7649"}],"wp:attachment":[{"href":"http:\/\/klubmamgdynia.pl\/index.php\/wp-json\/wp\/v2\/media?parent=7648"}],"wp:term":[{"taxonomy":"product_cat","embeddable":true,"href":"http:\/\/klubmamgdynia.pl\/index.php\/wp-json\/wp\/v2\/product_cat?post=7648"},{"taxonomy":"product_tag","embeddable":true,"href":"http:\/\/klubmamgdynia.pl\/index.php\/wp-json\/wp\/v2\/product_tag?post=7648"}],"curies":[{"name":"wp","href":"https:\/\/api.w.org\/{rel}","templated":true}]}}