{"id":7668,"date":"2020-05-28T17:52:21","date_gmt":"2020-05-28T15:52:21","guid":{"rendered":"http:\/\/klubmamgdynia.pl\/index.php\/produkt\/hi-little-one-spiworek-dwustronny-pizamka-z-nogawkami-z-organicznej-bio-bawelny-muslin-baby-pink-coral-roz-m\/"},"modified":"2026-04-25T17:30:24","modified_gmt":"2026-04-25T15:30:24","slug":"hi-little-one-spiworek-dwustronny-pizamka-z-nogawkami-z-organicznej-bio-bawelny-muslin-baby-pink-coral-roz-m","status":"publish","type":"product","link":"http:\/\/klubmamgdynia.pl\/index.php\/produkt\/hi-little-one-spiworek-dwustronny-pizamka-z-nogawkami-z-organicznej-bio-bawelny-muslin-baby-pink-coral-roz-m\/","title":{"rendered":"Hi Little One \u015apiworek Dwustronny Pi\u017camka Z Nogawkami Z Organicznej Bio Bawe\u0142ny Mu\u015blin Baby Pink\/Coral Roz M"},"content":{"rendered":"<p>Dwustronny \u015bpiworek typu pi\u017camka z nogawkami wykonany z organicznej BIO bawe\u0142ny typu muslin, utrzymany w pi\u0119knej pastelowej tonacji.Przewiewny a zarazem ciep\u0142y. Praktyczny i wygodny.2 TOGRozmiar M\u015apiworek ten jest niezwykle wygodny, w okresie raczkowania i pocz\u0105tk\u00f3w chodzenia nogawki u\u0142atwi\u0105 dziecku wstawanie w \u0142\u00f3\u017ceczku i chodzenie w \u015bpiworku jak w pi\u017camce.Nogawki posiadaj\u0105 dodatkowo zakrywane otwory na stopkach, dzi\u0119ki czemu podczas snu n\u00f3\u017cki nie marzn\u0105.\u015apiworek z ka\u017cdej strony posiada inny kolor, dzi\u0119ki temu jest dwustronny i mo\u017ce by\u0107 zak\u0142adany na obie strony.Rozmiar M = Wiek od 12 m-ca do 24 m-caWYMIARY rozmiar Md\u0142ugo\u015b\u0107 od ramienia ze schowanymi n\u00f3\u017ckami 77 cmd\u0142ugo\u015b\u0107 od ramienia do ko\u0144ca nogawki 94 cmszeroko\u015b\u0107 pod paszkami 45 cmGrubo\u015b\u0107 2.0 TOGZalecane do stosowania gdy temperatura w pokoju dziecka wynosi 21\u00b0C do 24 \u00b0C lub wi\u0119cej. Do stosowania latem, wiosn\u0105 czy cieplejsz\u0105 jesieni\u0105W nocy i w dzie\u0144W pomieszczeniach o temperaturze wy\u017cszej ni\u017c 21 \u00b0C mo\u017cesz ich u\u017cywa\u0107 przez ca\u0142y rokMateria\u0142:100 % organiczna BIO bawe\u0142na GOTS z certyfikatem Oeko Tex Standard 100 w klasie 1 (dopuszczone do bezpo\u015bredniego kontaktu ze sk\u00f3r\u0105 noworodka)wype\u0142nienie: w\u0142\u00f3knina silikonowaprodukt nie zawiera plastyfikator\u00f3w BPA i ftalan\u00f3wprodukt nie zawiera kadmu, o\u0142owiu i nikluINSTRUKCJA U\u017bYTKOWANIApra\u0107 w pralce w temperaturze 40\u00b0 na delikatnym programie &#8211; max. 800 obrot\u00f3w wirowanianie stosowa\u0107 wybielaczynie suszy\u0107 w suszarce b\u0119bnowejDLA BEZPIECZE\u0143STWA I ZDROWIA TWOJEGO DZIECKANigdy nie pozostawiaj produktu w miejscu nas\u0142onecznienia (bezpo\u015bredniej propagacji s\u0142onecznej), bezpo\u015bredniego ciep\u0142a lub w p\u0142ynach lub urz\u0105dzenia dezynfekuj\u0105cych d\u0142u\u017cej ni\u017c jest to wskazane (w opisie p\u0142ynu lub urz\u0105dzenia), poniewa\u017c mo\u017ce to skutkowa\u0107 os\u0142abieniem produktu a w skrajnych przypadkach jego zniszczeniemPrzed ka\u017cdym u\u017cyciem nale\u017cy sprawdzi\u0107 stan produktuNale\u017cy wyrzuci\u0107 w przypadku jakichkolwiek oznak uszkodzenia lub os\u0142abienia materia\u0142uWA\u017bNE !Uszkodzenia tkanin i produkt\u00f3w tekstylnych powsta\u0142e podczas i w wyniku u\u017cytkowania [pranie, prasowanie, wybielanie i suszenie] nie s\u0105 podstaw\u0105 do reklamacji.Produkty marki Hi Little One zosta\u0142y uszyte r\u0119cznie w EU z certyfikowanych materia\u0142\u00f3w dopuszczone do bezpo\u015bredniego kontaktu ze sk\u00f3r\u0105 noworodka.<\/p>\n<h2>Hi Little One \u015apiworek Dwustronny Pi\u017camka Z Nogawkami Z Organicznej Bio Bawe\u0142ny Mu\u015blin Baby Pink\/Coral Roz M <\/h2>\n<p>quiz o miko\u0142ajku, wr\u00f3\u017cby andrzejkowe kolory, zemsta quizy, roza imie, po\u0142\u0105cz kropki do druku, mini zoo dolno\u015bl\u0105skie, test z lektury magiczne drzewo czerwone krzes\u0142o, marcel imi\u0119, imie paula, pola imi\u0119, spiderman kolorowanka<\/p>\n<p>yyyyy<\/p>\n<p>&nbsp;<\/p>\n","protected":false},"excerpt":{"rendered":"<p>Dwustronny \u015bpiworek typu pi\u017camka z nogawkami wykonany z organicznej BIO bawe\u0142ny typu muslin, utrzymany w pi\u0119knej pastelowej tonacji.Przewiewny a zarazem ciep\u0142y. Praktyczny i wygodny.2 TOGRozmiar M\u015apiworek ten jest niezwykle wygodny, w okresie raczkowania i pocz\u0105tk\u00f3w chodzenia nogawki u\u0142atwi\u0105 dziecku wstawanie w \u0142\u00f3\u017ceczku i chodzenie w \u015bpiworku jak w pi\u017camce.Nogawki posiadaj\u0105 dodatkowo zakrywane otwory na stopkach, [&hellip;]<\/p>\n","protected":false},"featured_media":7669,"comment_status":"closed","ping_status":"open","template":"","meta":[],"product_cat":[395],"product_tag":[734,774,764,873],"class_list":["post-7668","product","type-product","status-publish","has-post-thumbnail","hentry","product_cat-spiworki","product_tag-milan-imie","product_tag-prezent-na-roczek-nie-zabawka","product_tag-prezenty-na-roczek-dla-dziewczynki","product_tag-zagadki-z-odpowiedziami-dla-dzieci"],"_links":{"self":[{"href":"http:\/\/klubmamgdynia.pl\/index.php\/wp-json\/wp\/v2\/product\/7668","targetHints":{"allow":["GET"]}}],"collection":[{"href":"http:\/\/klubmamgdynia.pl\/index.php\/wp-json\/wp\/v2\/product"}],"about":[{"href":"http:\/\/klubmamgdynia.pl\/index.php\/wp-json\/wp\/v2\/types\/product"}],"replies":[{"embeddable":true,"href":"http:\/\/klubmamgdynia.pl\/index.php\/wp-json\/wp\/v2\/comments?post=7668"}],"wp:featuredmedia":[{"embeddable":true,"href":"http:\/\/klubmamgdynia.pl\/index.php\/wp-json\/wp\/v2\/media\/7669"}],"wp:attachment":[{"href":"http:\/\/klubmamgdynia.pl\/index.php\/wp-json\/wp\/v2\/media?parent=7668"}],"wp:term":[{"taxonomy":"product_cat","embeddable":true,"href":"http:\/\/klubmamgdynia.pl\/index.php\/wp-json\/wp\/v2\/product_cat?post=7668"},{"taxonomy":"product_tag","embeddable":true,"href":"http:\/\/klubmamgdynia.pl\/index.php\/wp-json\/wp\/v2\/product_tag?post=7668"}],"curies":[{"name":"wp","href":"https:\/\/api.w.org\/{rel}","templated":true}]}}