{"id":7724,"date":"2011-06-01T22:12:57","date_gmt":"2011-06-01T20:12:57","guid":{"rendered":"http:\/\/klubmamgdynia.pl\/index.php\/produkt\/woopie-artfun-zestaw-kreatywny-maski-filcowe-zrob-to-sam-4szt\/"},"modified":"2026-04-27T16:22:03","modified_gmt":"2026-04-27T14:22:03","slug":"woopie-artfun-zestaw-kreatywny-maski-filcowe-zrob-to-sam-4szt","status":"publish","type":"product","link":"http:\/\/klubmamgdynia.pl\/index.php\/produkt\/woopie-artfun-zestaw-kreatywny-maski-filcowe-zrob-to-sam-4szt\/","title":{"rendered":"Woopie Art&amp;Fun Zestaw Kreatywny Maski Filcowe Zr\u00f3b To Sam 4Szt."},"content":{"rendered":"<p>Zestaw Kreatywny Fabryka Masek Party w Lesie od marki WOOPIE z serii ART&amp;FUN dostarczy kreatywnej zabawy samemu lub w gronie przyjaci\u00f3\u0142! Zestaw zapewnia ciekaw\u0105 form\u0119 zabawy, kt\u00f3ra dostarczy wiele satysfakcji z tworzenia. Dziecko mo\u017ce stworzy\u0107 w\u0142asn\u0105 mask\u0119 zwierz\u0119cia z lasu. Zestaw pozwala na stworzenie 4 r\u00f3\u017cnych masek. Zestaw zawiera 14 el.: opr\u00f3cz 4podstaw masek, do\u0142\u0105czone zosta\u0142y 5 plansze z 75 elementami w 5 r\u00f3\u017cnych kolorach do przystrojenia oraz 4 sznurki, kt\u00f3re mo\u017cna \u0142atwo regulowa\u0107, aby dopasowa\u0107 mask\u0119 do g\u0142owy dziecka. \u0141atwe do wykonania &#8211; elementy z plansz mo\u017cna \u0142atwo wydzieli\u0107 oraz wystarczy oderwa\u0107papier ze samoprzylepnego spodu i nanie\u015b\u0107 elementy namask\u0119 &#8211; nie wymaga kleju i no\u017cyczek. Maski i elementy zosta\u0142y wykonane z filcu. Mo\u017cna dowolnie \u0142\u0105czy\u0107 ze sob\u0105 elementy &#8211; jedynym ograniczeniem jest wyobra\u017ania! Z ty\u0142u opakowania zosta\u0142y przedstawione przyk\u0142ady wykonania masek. Po stworzeniu masek dziecko wraz z przyjaci\u00f3\u0142mi mo\u017ce odgrywa\u0107 Zabawy plastyczne dodatkowo rozwijaj\u0105 zdolno\u015bci manualne u dzieci tzw. &#8222;ma\u0142\u0105 motoryk\u0119&#8221;. Zestaw jest \u015bwietnym pomys\u0142em na zabaw\u0119 w gronie przyjaci\u00f3\u0142 po stworzeniu masek dzieci mog\u0105 odgrywa\u0107 i wciela\u0107 si\u0119 w r\u00f3\u017cne role!Charakterystyka:- zabawka od 3 roku \u017cycia- mo\u017cliwo\u015b\u0107 zrobienia 4 masek &#8211; zestaw zawiera 14 el.: 4podstawy masek, 5 planszy z 75 elementamioraz 4 sznurki- elementy wykonane z filcu- \u0142atwe do wykonania &#8211; nie wymaga kleju i no\u017cyczek- maska \u0142atwo dopasowa\u0107 &#8211; regulacja- dzieci mog\u0105 odgrywa\u0107 i wciela\u0107 si\u0119 w r\u00f3\u017cne role- pobudza kreatywno\u015b\u0107, wyobra\u017anie oraz rozwija zdolno\u015bci manualneGratis BRELOK Je\u017c:Breloczek z linii PolarB od marki Viga z motywem je\u017cyka. Breloczek wykonany jest z drewna w delikatnych kolorach.Teraz Ty lub Tw\u00f3j maluch z pewno\u015bci\u0105 nigdy nie zapomnicie kluczy, a dodatkowo mo\u017cna zapi\u0105\u0107 do plecaka czy torby podr\u00f3\u017cnej.Produkt dedykowany zar\u00f3wno dla doros\u0142ych, jak i dla dzieci powy\u017cej 3 roku \u017cycia.Do zebrania ca\u0142a seria drewnianych breloczk\u00f3w ze zwierz\u0105tkami.Wymiary: 5 x 4,5 x 0,5 (cm).<\/p>\n<h2>Woopie Art&amp;Fun Zestaw Kreatywny Maski Filcowe Zr\u00f3b To Sam 4Szt. Woopie<\/h2>\n<p>filmy rodzinne na halloween, co dla dziecka na roczek, jesienne zagadki, prezent dla 13 latki na \u015bwi\u0119ta, asiunia &#8211; test z lektury pdf, kolorowanka prezent, basen warszawa, zagadki na logik\u0119, dinozaur bajka, podchwytliwe zagadki na inteligencj\u0119, zabawa dla 7 latka<\/p>\n<p>yyyyy<\/p>\n<p>&nbsp;<\/p>\n","protected":false},"excerpt":{"rendered":"<p>Zestaw Kreatywny Fabryka Masek Party w Lesie od marki WOOPIE z serii ART&amp;FUN dostarczy kreatywnej zabawy samemu lub w gronie przyjaci\u00f3\u0142! Zestaw zapewnia ciekaw\u0105 form\u0119 zabawy, kt\u00f3ra dostarczy wiele satysfakcji z tworzenia. Dziecko mo\u017ce stworzy\u0107 w\u0142asn\u0105 mask\u0119 zwierz\u0119cia z lasu. Zestaw pozwala na stworzenie 4 r\u00f3\u017cnych masek. Zestaw zawiera 14 el.: opr\u00f3cz 4podstaw masek, do\u0142\u0105czone [&hellip;]<\/p>\n","protected":false},"featured_media":7725,"comment_status":"closed","ping_status":"open","template":"","meta":[],"product_cat":[177,21],"product_tag":[802,663,692,641,788],"class_list":["post-7724","product","type-product","status-publish","has-post-thumbnail","hentry","product_cat-woopie","product_cat-zabawki-plastyczne","product_tag-co-kupic-dziewczynce-na-roczek","product_tag-kolorowanki-dla-dzieci-do-druku","product_tag-prezenty-na-roczek","product_tag-trudne-zagadki-logiczne","product_tag-zagadki-krotkie"],"_links":{"self":[{"href":"http:\/\/klubmamgdynia.pl\/index.php\/wp-json\/wp\/v2\/product\/7724","targetHints":{"allow":["GET"]}}],"collection":[{"href":"http:\/\/klubmamgdynia.pl\/index.php\/wp-json\/wp\/v2\/product"}],"about":[{"href":"http:\/\/klubmamgdynia.pl\/index.php\/wp-json\/wp\/v2\/types\/product"}],"replies":[{"embeddable":true,"href":"http:\/\/klubmamgdynia.pl\/index.php\/wp-json\/wp\/v2\/comments?post=7724"}],"wp:featuredmedia":[{"embeddable":true,"href":"http:\/\/klubmamgdynia.pl\/index.php\/wp-json\/wp\/v2\/media\/7725"}],"wp:attachment":[{"href":"http:\/\/klubmamgdynia.pl\/index.php\/wp-json\/wp\/v2\/media?parent=7724"}],"wp:term":[{"taxonomy":"product_cat","embeddable":true,"href":"http:\/\/klubmamgdynia.pl\/index.php\/wp-json\/wp\/v2\/product_cat?post=7724"},{"taxonomy":"product_tag","embeddable":true,"href":"http:\/\/klubmamgdynia.pl\/index.php\/wp-json\/wp\/v2\/product_tag?post=7724"}],"curies":[{"name":"wp","href":"https:\/\/api.w.org\/{rel}","templated":true}]}}