{"id":774,"date":"2015-05-27T08:51:03","date_gmt":"2015-05-27T06:51:03","guid":{"rendered":"http:\/\/klubmamgdynia.pl\/index.php\/produkt\/kids-concept-namiot-skladany-szary-kopia\/"},"modified":"2026-04-06T01:11:47","modified_gmt":"2026-04-05T23:11:47","slug":"kids-concept-namiot-skladany-szary-kopia","status":"publish","type":"product","link":"http:\/\/klubmamgdynia.pl\/index.php\/produkt\/kids-concept-namiot-skladany-szary-kopia\/","title":{"rendered":"Kids Concept Namiot Sk\u0142adany Szary Kopia"},"content":{"rendered":"<p>Od dzi\u015b ka\u017cde dziecko mo\u017ce ciesz\u0107 si\u0119 swoim w\u0142asnym domkiem na dworze lub w domu Oryginalny design idealnie pasuje do \u015bwiata zabaw Doskona\u0142e rozwi\u0105zanie aby Twoja pociecha mog\u0142a cieszy\u0107 si\u0119 swoim w\u0142asnym k\u0105tem w domu i stworzeniu w\u0142asnej przestrzeni Wykonany z drewnianego stela\u017ca z rozpi\u0119tym na nim bawe\u0142nianym materiale z okienkiem b\u0119dzie r\u00f3wnie\u017c oryginaln\u0105 dekoracj\u0105 wn\u0119trza Po sko\u0144czonej zabawie namiot w prosty spos\u00f3b mo\u017cna z\u0142o\u017cy\u0107 odstawiaj\u0105c go w dowolne miejsce Zapakowany jest w gruby bawe\u0142niany worek Wymiary: szeroko\u015b\u0107 100 cm wysoko\u015b\u0107 100 cm Wymiary opakowania: szeroko\u015b\u0107 20 cm wysoko\u015b\u0107 114 cm Szwedzka firma Kids Concept dzia\u0142a na rynku od 2007 r oferuj\u0105c gam\u0119 produkt\u00f3w do dekoracji i wystroju wn\u0119trza pokoju dzieci\u0119cego w wieku oko\u0142o 0 7 lat G\u0142\u00f3wn\u0105 cech\u0105 produkt\u00f3w jest ich uniwersalno\u015b\u0107 i dba\u0142o\u015b\u0107 dodatk\u00f3w o najdrobniejsze szczeg\u00f3\u0142y kt\u00f3re pobudzaj\u0105 wyobra\u017ani\u0119 dziecka od najm\u0142odszych lat Ka\u017cdy produkt jest starannie zapakowany a wszystkie kolekcje pozwalaj\u0105 na ich mieszanie i \u0142\u0105czenie ze sob\u0105 w odr\u0119bne oryginalne zestawy dekoracyjne<\/p>\n<h2>Kids Concept Namiot Sk\u0142adany Szary Kopia Kids Concept<\/h2>\n<p>jak narysowa\u0107 nos, serce origami, lol kolorowanka, test opowie\u015b\u0107 wigilijna, co na prezent dla nastolatk\u00f3w, czytanki na dobranoc, smieszne zagadki, aron imi\u0119, mariola, prezent dla 15 latki 2021, alfons, zagadki o bo\u017cym narodzeniu, fajne \u017carty na prima aprilis, zaj\u0119cia kulinarne dla dzieci pomys\u0142y, pierniki na bo\u017ce narodzenie<\/p>\n<p>yyyyy<\/p>\n<p>&nbsp;<\/p>\n","protected":false},"excerpt":{"rendered":"<p>Od dzi\u015b ka\u017cde dziecko mo\u017ce ciesz\u0107 si\u0119 swoim w\u0142asnym domkiem na dworze lub w domu Oryginalny design idealnie pasuje do \u015bwiata zabaw Doskona\u0142e rozwi\u0105zanie aby Twoja pociecha mog\u0142a cieszy\u0107 si\u0119 swoim w\u0142asnym k\u0105tem w domu i stworzeniu w\u0142asnej przestrzeni Wykonany z drewnianego stela\u017ca z rozpi\u0119tym na nim bawe\u0142nianym materiale z okienkiem b\u0119dzie r\u00f3wnie\u017c oryginaln\u0105 dekoracj\u0105 [&hellip;]<\/p>\n","protected":false},"featured_media":775,"comment_status":"closed","ping_status":"open","template":"","meta":[],"product_cat":[282,281],"product_tag":[802,784,688,821,586,843],"class_list":["post-774","product","type-product","status-publish","has-post-thumbnail","hentry","product_cat-domki-i-namioty-dla-dzieci","product_cat-kids-concept","product_tag-co-kupic-dziewczynce-na-roczek","product_tag-hymn-gorniczy","product_tag-kolysanki-tekst","product_tag-marianna","product_tag-smieszne-zagadki","product_tag-smieszne-zagadki-dla-dzieci"],"_links":{"self":[{"href":"http:\/\/klubmamgdynia.pl\/index.php\/wp-json\/wp\/v2\/product\/774","targetHints":{"allow":["GET"]}}],"collection":[{"href":"http:\/\/klubmamgdynia.pl\/index.php\/wp-json\/wp\/v2\/product"}],"about":[{"href":"http:\/\/klubmamgdynia.pl\/index.php\/wp-json\/wp\/v2\/types\/product"}],"replies":[{"embeddable":true,"href":"http:\/\/klubmamgdynia.pl\/index.php\/wp-json\/wp\/v2\/comments?post=774"}],"wp:featuredmedia":[{"embeddable":true,"href":"http:\/\/klubmamgdynia.pl\/index.php\/wp-json\/wp\/v2\/media\/775"}],"wp:attachment":[{"href":"http:\/\/klubmamgdynia.pl\/index.php\/wp-json\/wp\/v2\/media?parent=774"}],"wp:term":[{"taxonomy":"product_cat","embeddable":true,"href":"http:\/\/klubmamgdynia.pl\/index.php\/wp-json\/wp\/v2\/product_cat?post=774"},{"taxonomy":"product_tag","embeddable":true,"href":"http:\/\/klubmamgdynia.pl\/index.php\/wp-json\/wp\/v2\/product_tag?post=774"}],"curies":[{"name":"wp","href":"https:\/\/api.w.org\/{rel}","templated":true}]}}