{"id":7740,"date":"2019-07-21T15:18:05","date_gmt":"2019-07-21T13:18:05","guid":{"rendered":"http:\/\/klubmamgdynia.pl\/index.php\/produkt\/kociolek-mysliwski-zeliwny-garnek-na-pieczone-8l\/"},"modified":"2026-04-30T12:12:36","modified_gmt":"2026-04-30T10:12:36","slug":"kociolek-mysliwski-zeliwny-garnek-na-pieczone-8l","status":"publish","type":"product","link":"http:\/\/klubmamgdynia.pl\/index.php\/produkt\/kociolek-mysliwski-zeliwny-garnek-na-pieczone-8l\/","title":{"rendered":"Kocio\u0142ek My\u015bliwski \u017beliwny Garnek Na Pieczone 8l"},"content":{"rendered":"<p>\u017beliwny kocio\u0142ek my\u015bliwski Landgraf 8 LWykonany z wysokiej jako\u015bci odlewu \u017celiwaOdkr\u0119cane n\u00f3\u017ckiOtw\u00f3r wentylacyjny reguluj\u0105cy ci\u015bnienie do bezpiecznego poziomuPor\u0119czny uchwyt do przenoszenia lub podwieszaniaOryginalne logo na pokrywie kocio\u0142ka\u017beliwny kocio\u0142ek my\u015bliwski Landgraf 8 LMocowany uchwyt jest odkr\u0119cany dzi\u0119ki czemu umo\u017cliwia \u0142atwe przenoszenie. Ponadto s\u0142u\u017cy do zawieszenia ca\u0142ego kocio\u0142ka. Kocio\u0142ek jest bardzo funkcjonalny i ergonomiczny. Mo\u017cna w nim przyrz\u0105dza\u0107 r\u00f3\u017cnorodne potrawy w tym zupy, gulasze, duszone mi\u0119so czy chrupi\u0105ce przek\u0105ski.\u017beliwny kocio\u0142ek Landgraf to idealne rozwi\u0105zanie na plenerowe przyj\u0119cia. Kocio\u0142ek zosta\u0142 wykonany z \u017celiwa odpornego na wysokie temperatury oraz \u015bcieranie. Posiada odkr\u0119cane n\u00f3\u017cki, dzi\u0119ki czemu mo\u017ce by\u0107 postawiony nad paleniskiem. Systematyczna impregnacja kocio\u0142ka zapewni jego nieskazitelny wygl\u0105d przez lata.Odkr\u0119cane n\u00f3\u017cki u\u0142atwiaj\u0105 przenoszenie, przewo\u017cenie kocio\u0142ka my\u015bliwskiego oraz umo\u017cliwiaj\u0105 jego zastosowanie tak\u017ce na r\u00f3\u017cnego typu piecach i palnikach.SpecyfikacjaWymiary: 47 cm x 33 cm x 35 cm\u015arednica wewn\u0119trzna: 27 cmG\u0142\u0119boko\u015b\u0107 wewn\u0119trzna: 21 cmWysoko\u015b\u0107 samego kocio\u0142ka: 35 cmPojemno\u015b\u0107: 8 litr\u00f3wWaga: 11,50 kgGaleria<\/p>\n<h2>Kocio\u0142ek My\u015bliwski \u017beliwny Garnek Na Pieczone 8l Inny<\/h2>\n<p>zagadka dla dzieci, quiz flagi europy, nietypowe imiona, po \u0142\u0105ce biega lato tekst<\/p>\n<p>yyyyy<\/p>\n<p>&nbsp;<\/p>\n","protected":false},"excerpt":{"rendered":"<p>\u017beliwny kocio\u0142ek my\u015bliwski Landgraf 8 LWykonany z wysokiej jako\u015bci odlewu \u017celiwaOdkr\u0119cane n\u00f3\u017ckiOtw\u00f3r wentylacyjny reguluj\u0105cy ci\u015bnienie do bezpiecznego poziomuPor\u0119czny uchwyt do przenoszenia lub podwieszaniaOryginalne logo na pokrywie kocio\u0142ka\u017beliwny kocio\u0142ek my\u015bliwski Landgraf 8 LMocowany uchwyt jest odkr\u0119cany dzi\u0119ki czemu umo\u017cliwia \u0142atwe przenoszenie. Ponadto s\u0142u\u017cy do zawieszenia ca\u0142ego kocio\u0142ka. Kocio\u0142ek jest bardzo funkcjonalny i ergonomiczny. Mo\u017cna w nim [&hellip;]<\/p>\n","protected":false},"featured_media":7741,"comment_status":"closed","ping_status":"open","template":"","meta":[],"product_cat":[169,1316],"product_tag":[838,610,742,704,732,714],"class_list":["post-7740","product","type-product","status-publish","has-post-thumbnail","hentry","product_cat-inny","product_cat-kociolki","product_tag-bajki-dla-dzieci-na-dobranoc","product_tag-co-na-prezent-dla-nastolatkow","product_tag-piosenki-dla-dzieci-tekst","product_tag-prezent-dla-nastolatka","product_tag-prezent-dla-rocznego-chlopca","product_tag-zagadki-logiczne"],"_links":{"self":[{"href":"http:\/\/klubmamgdynia.pl\/index.php\/wp-json\/wp\/v2\/product\/7740","targetHints":{"allow":["GET"]}}],"collection":[{"href":"http:\/\/klubmamgdynia.pl\/index.php\/wp-json\/wp\/v2\/product"}],"about":[{"href":"http:\/\/klubmamgdynia.pl\/index.php\/wp-json\/wp\/v2\/types\/product"}],"replies":[{"embeddable":true,"href":"http:\/\/klubmamgdynia.pl\/index.php\/wp-json\/wp\/v2\/comments?post=7740"}],"wp:featuredmedia":[{"embeddable":true,"href":"http:\/\/klubmamgdynia.pl\/index.php\/wp-json\/wp\/v2\/media\/7741"}],"wp:attachment":[{"href":"http:\/\/klubmamgdynia.pl\/index.php\/wp-json\/wp\/v2\/media?parent=7740"}],"wp:term":[{"taxonomy":"product_cat","embeddable":true,"href":"http:\/\/klubmamgdynia.pl\/index.php\/wp-json\/wp\/v2\/product_cat?post=7740"},{"taxonomy":"product_tag","embeddable":true,"href":"http:\/\/klubmamgdynia.pl\/index.php\/wp-json\/wp\/v2\/product_tag?post=7740"}],"curies":[{"name":"wp","href":"https:\/\/api.w.org\/{rel}","templated":true}]}}