{"id":7756,"date":"2015-02-23T08:37:58","date_gmt":"2015-02-23T07:37:58","guid":{"rendered":"http:\/\/klubmamgdynia.pl\/index.php\/produkt\/fotelik-samochodowy-cybex-cloud-z2-i-size-jewels-of-nature-0-13-kg-baza-z2\/"},"modified":"2026-04-05T15:48:43","modified_gmt":"2026-04-05T13:48:43","slug":"fotelik-samochodowy-cybex-cloud-z2-i-size-jewels-of-nature-0-13-kg-baza-z2","status":"publish","type":"product","link":"http:\/\/klubmamgdynia.pl\/index.php\/produkt\/fotelik-samochodowy-cybex-cloud-z2-i-size-jewels-of-nature-0-13-kg-baza-z2\/","title":{"rendered":"Fotelik samochodowy Cybex Cloud Z2 i-Size Jewels Of Nature 0-13 kg + Baza Z2"},"content":{"rendered":"<p>Nowy fotelik samochodowy dla niemowl\u0105t Cloud Z2 i-Size pozwala cieszy\u0107 si\u0119 uniwersaln\u0105 elastyczno\u015bci\u0105 i wygod\u0105, kt\u00f3re zapewnia zar\u00f3wno Tobie, jak i Twojemu dziecku. Sprytny mechanizm obrotowy umo\u017cliwia skierowanie fotelika w bok, aby bez problemu w\u0142o\u017cy\u0107 lub wyj\u0105\u0107 dziecko z samochoduraktyczna baza Base Z2 to bezpieczna i uniwersalna podstawa systemu modu\u0142owego CYBEX Z2 Line, nast\u0119pny sprawdzonego systemu modu\u0142owego Z Line. Innowacyjny i \u0142atwy w obs\u0142udze mechanizm obrotowy umo\u017cliwia obracanie fotelika samochodowego zar\u00f3wno w wersji dla niemowl\u0105t, jak i ma\u0142ych dzieci w stron\u0119 drzwi samochodu, aby u\u0142atwi\u0107 wk\u0142adanie i wyjmowanie dziecka z samochodu.<\/p>\n<h2>Fotelik samochodowy Cybex Cloud Z2 i-Size Jewels Of Nature 0-13 kg + Baza Z2 Cybex<\/h2>\n<p>kolorowanka kotek, znaczenie imienia pola, bajka na dobranoc do czytania, kolorowanki do druku lol, stanis\u0142awa znaczenie imienia, zabawy logiczne dla dzieci, buziak gify na dobranoc smieszne, jeremi imi\u0119<\/p>\n<p>yyyyy<\/p>\n<p>&nbsp;<\/p>\n","protected":false},"excerpt":{"rendered":"<p>Nowy fotelik samochodowy dla niemowl\u0105t Cloud Z2 i-Size pozwala cieszy\u0107 si\u0119 uniwersaln\u0105 elastyczno\u015bci\u0105 i wygod\u0105, kt\u00f3re zapewnia zar\u00f3wno Tobie, jak i Twojemu dziecku. Sprytny mechanizm obrotowy umo\u017cliwia skierowanie fotelika w bok, aby bez problemu w\u0142o\u017cy\u0107 lub wyj\u0105\u0107 dziecko z samochoduraktyczna baza Base Z2 to bezpieczna i uniwersalna podstawa systemu modu\u0142owego CYBEX Z2 Line, nast\u0119pny sprawdzonego [&hellip;]<\/p>\n","protected":false},"featured_media":7757,"comment_status":"closed","ping_status":"open","template":"","meta":[],"product_cat":[34,32],"product_tag":[832,723,747,631,726,633],"class_list":["post-7756","product","type-product","status-publish","has-post-thumbnail","hentry","product_cat-cybex","product_cat-foteliki-samochodowe","product_tag-desery-dla-dzieci","product_tag-krotkie-bajki-do-czytania-na-dobranoc","product_tag-malowanki-do-druku","product_tag-prezent-na-roczek","product_tag-quiz-zemsta","product_tag-zagadki-z-odpowiedziami"],"_links":{"self":[{"href":"http:\/\/klubmamgdynia.pl\/index.php\/wp-json\/wp\/v2\/product\/7756","targetHints":{"allow":["GET"]}}],"collection":[{"href":"http:\/\/klubmamgdynia.pl\/index.php\/wp-json\/wp\/v2\/product"}],"about":[{"href":"http:\/\/klubmamgdynia.pl\/index.php\/wp-json\/wp\/v2\/types\/product"}],"replies":[{"embeddable":true,"href":"http:\/\/klubmamgdynia.pl\/index.php\/wp-json\/wp\/v2\/comments?post=7756"}],"wp:featuredmedia":[{"embeddable":true,"href":"http:\/\/klubmamgdynia.pl\/index.php\/wp-json\/wp\/v2\/media\/7757"}],"wp:attachment":[{"href":"http:\/\/klubmamgdynia.pl\/index.php\/wp-json\/wp\/v2\/media?parent=7756"}],"wp:term":[{"taxonomy":"product_cat","embeddable":true,"href":"http:\/\/klubmamgdynia.pl\/index.php\/wp-json\/wp\/v2\/product_cat?post=7756"},{"taxonomy":"product_tag","embeddable":true,"href":"http:\/\/klubmamgdynia.pl\/index.php\/wp-json\/wp\/v2\/product_tag?post=7756"}],"curies":[{"name":"wp","href":"https:\/\/api.w.org\/{rel}","templated":true}]}}