{"id":7764,"date":"2025-06-01T15:56:01","date_gmt":"2025-06-01T13:56:01","guid":{"rendered":"http:\/\/klubmamgdynia.pl\/?post_type=product&#038;p=7764"},"modified":"2026-04-29T21:50:40","modified_gmt":"2026-04-29T19:50:40","slug":"geratherm-classic","status":"publish","type":"product","link":"http:\/\/klubmamgdynia.pl\/index.php\/produkt\/geratherm-classic\/","title":{"rendered":"Geratherm Classic"},"content":{"rendered":"<p>Marka oferuje wysokiej jako\u015bci produkty diagnostyczne, stworzone przy wykorzystaniu najnowszych technologii. Innowacyjne, a przy tym \u0142atwe w obs\u0142udze urz\u0105dzenia, pozwalaj\u0105 na szybki i dok\u0142adny pomiar zar\u00f3wno ci\u015bnienia jak i temperatury. Niew\u0105tpliwym atutem jest dostosowanie produkt\u00f3w do potrzeb okre\u015blonej grupy wiekowej. Wyroby firmy Geratherm znajduj\u0105 idealne zastosowanie zar\u00f3wno w u\u017cytku domowym, jak i w szpitalach. S\u0105 odpowiedzi\u0105 na potrzeby os\u00f3b starszych, aktywnych fizycznie, os\u00f3b sp\u0119dzaj\u0105cych czas w domu oraz tych, kt\u00f3rzy potrzebuj\u0105 mobilnych rozwi\u0105za\u0144. Rozmiar wy\u015bwietlaczy pozwala na \u0142atw\u0105 obs\u0142ug\u0119 urz\u0105dze\u0144 przez senior\u00f3w, a bogate walory wizualne i funkcjonalne stanowi\u0105 u\u0142atwienie dla rodzic\u00f3w, pozwalaj\u0105c jednocze\u015bnie na zapewnienie komfortu psychicznego podczas wykonywania szybkich i precyzyjnych pomiar\u00f3w tak\u017ce u dzieci. W ofercie marki znajduj\u0105 si\u0119 m.in. takie produkty jak: ci\u015bnieniomierze, termometry, inhalatory, testy p\u0142odno\u015bci. Bogata oferta z pewno\u015bci\u0105 spe\u0142ni Pa\u0144stwa oczekiwania.                            <\/p>\n<p>             Geratherm Classic<\/p>\n<p>Klasyczny, analogowy termometr bezrt\u0119ciowy. Dzi\u0119ki zastosowaniu galinstanu \u2013 nietoksycznej substancji pomiarowej \u2013 jest przyjazny dla Twojego zdrowia i \u015brodowiska. W odr\u00f3\u017cnieniu od innych termometr\u00f3w szklanych na rynku, jest to zupe\u0142nie wyj\u0105tkowa, bezpieczna technologia b\u0119d\u0105ca jednocze\u015bnie \u015bwiatowym patentem. Nie zawiera niklu, dlatego mo\u017ce by\u0107 stosowany przez alergik\u00f3w. Gwarantujemy wieczyst\u0105 dok\u0142adno\u015b\u0107 pomiaru, dlatego produkt jest obj\u0119ty gwarancj\u0105 na ca\u0142y okres u\u017cytkowania. W\u0142a\u015bciwo\u015bci: szklany, analogowy, lekarski \u2013 tradycyjny pomiar wyj\u0105tkowo precyzyjny w 100% higieniczny w 100% bezpieczny \u2013 dla zdrowia i \u015brodowiska antyalergiczny \u2013 bez PVC i niklu wodoszczelny zawiera galinstan \u2013 nietoksyczn\u0105 ciecz pomiarow\u0105 wysoka dok\u0142adno\u015b\u0107 pomiaru (+\/- 0,1\u00b0C)\u00a0<\/p>\n<h2>Geratherm Classic Geratherm<\/h2>\n<p>planety uk\u0142ad s\u0142oneczny dla dzieci do druku, cytat o mamie, magiczne drzewo czerwone krzes\u0142o test, bajka terapeutyczna o emocjach, cytaty o dzieciach, kartki na dobranoc dla przyjaci\u00f3\u0142, szlaczki literopodobne, pisanki woskiem wzory, gabriela, wilga, dynie pozna\u0144, karty pracy dla dzieci z ukrainy do druku, minecraft quiz, kolorowanka wakacje, najpi\u0119kniejsze cytaty dziecko cytaty<\/p>\n<p>yyyyy<\/p>\n<p>&nbsp;<\/p>\n","protected":false},"excerpt":{"rendered":"<p>Marka oferuje wysokiej jako\u015bci produkty diagnostyczne, stworzone przy wykorzystaniu najnowszych technologii. Innowacyjne, a przy tym \u0142atwe w obs\u0142udze urz\u0105dzenia, pozwalaj\u0105 na szybki i dok\u0142adny pomiar zar\u00f3wno ci\u015bnienia jak i temperatury. Niew\u0105tpliwym atutem jest dostosowanie produkt\u00f3w do potrzeb okre\u015blonej grupy wiekowej. Wyroby firmy Geratherm znajduj\u0105 idealne zastosowanie zar\u00f3wno w u\u017cytku domowym, jak i w szpitalach. S\u0105 [&hellip;]<\/p>\n","protected":false},"featured_media":7765,"comment_status":"closed","ping_status":"open","template":"","meta":[],"product_cat":[1648,1444],"product_tag":[685,752,627,651,710,811],"class_list":["post-7764","product","type-product","status-publish","has-post-thumbnail","hentry","product_cat-geratherm","product_cat-termometry","product_tag-cytaty-o-rodzinie","product_tag-kuba-imie","product_tag-quiz-dzieci-z-bullerbyn","product_tag-quizy-online","product_tag-zagadki-dla-dzieci-10-12-lat","product_tag-zagadki-logiczne-dla-dzieci"],"_links":{"self":[{"href":"http:\/\/klubmamgdynia.pl\/index.php\/wp-json\/wp\/v2\/product\/7764","targetHints":{"allow":["GET"]}}],"collection":[{"href":"http:\/\/klubmamgdynia.pl\/index.php\/wp-json\/wp\/v2\/product"}],"about":[{"href":"http:\/\/klubmamgdynia.pl\/index.php\/wp-json\/wp\/v2\/types\/product"}],"replies":[{"embeddable":true,"href":"http:\/\/klubmamgdynia.pl\/index.php\/wp-json\/wp\/v2\/comments?post=7764"}],"wp:featuredmedia":[{"embeddable":true,"href":"http:\/\/klubmamgdynia.pl\/index.php\/wp-json\/wp\/v2\/media\/7765"}],"wp:attachment":[{"href":"http:\/\/klubmamgdynia.pl\/index.php\/wp-json\/wp\/v2\/media?parent=7764"}],"wp:term":[{"taxonomy":"product_cat","embeddable":true,"href":"http:\/\/klubmamgdynia.pl\/index.php\/wp-json\/wp\/v2\/product_cat?post=7764"},{"taxonomy":"product_tag","embeddable":true,"href":"http:\/\/klubmamgdynia.pl\/index.php\/wp-json\/wp\/v2\/product_tag?post=7764"}],"curies":[{"name":"wp","href":"https:\/\/api.w.org\/{rel}","templated":true}]}}