{"id":7768,"date":"2011-08-03T15:03:12","date_gmt":"2011-08-03T13:03:12","guid":{"rendered":"http:\/\/klubmamgdynia.pl\/index.php\/produkt\/lean-cars-jezdzik-z-pchaczem-mega-car-3w1-rozowy\/"},"modified":"2026-04-12T16:38:01","modified_gmt":"2026-04-12T14:38:01","slug":"lean-cars-jezdzik-z-pchaczem-mega-car-3w1-rozowy","status":"publish","type":"product","link":"http:\/\/klubmamgdynia.pl\/index.php\/produkt\/lean-cars-jezdzik-z-pchaczem-mega-car-3w1-rozowy\/","title":{"rendered":"Lean Cars Je\u017adzik z Pchaczem Mega Car 3w1 R\u00f3\u017cowy"},"content":{"rendered":"<p>Je\u017adzik 3w1 Mega CarJe\u017adzik z pchaczem dzieci\u0119cy Mega Car zosta\u0142 zaprojektowany z my\u015bl\u0105 o energicznych kilkulatkach uwielbiaj\u0105cych przebywa\u0107 na \u015bwie\u017cym powietrzu. Autko porusza si\u0119 w bardzo prosty spos\u00f3b \u2014 wystarczy, \u017ce opiekun b\u0119dzie pcha\u0107 r\u0105czk\u0119 po\u0142\u0105czon\u0105 z pojazdem. Gdy dziecko podro\u015bnie i zmodyfikujecie konstrukcj\u0119 jego pchacza, zamieniaj\u0105c go w je\u017adzik, to ma\u0142y kierowca przejmie stery nad swym autkiem, naprzemiennie odpychaj\u0105c si\u0119 n\u00f3\u017ckami od pod\u0142o\u017ca. Dzieci\u0119cy pchacz jest fantastycznym u\u0142atwieniem dla wszystkich rodzic\u00f3w, poniewa\u017c umo\u017cliwia weekendowe spacery i wycieczki bez konieczno\u015bci zabierania ze sob\u0105 w\u00f3zka.Wybierz pchacz dla dzieci odznaczaj\u0105cy si\u0119:- mo\u017cliwo\u015bci\u0105 zmiany w je\u017adzik,- neutraln\u0105 kolorystyk\u0105,- nisk\u0105 wag\u0105,- piszczkiem na kierownicy,- schowkiem pod siedziskiem,- bezpieczn\u0105 budow\u0105 i kszta\u0142tem pozbawionym ostrych zako\u0144cze\u0144.Dzieci\u0119cy mini pojazd zosta\u0142 zaprojektowany z dba\u0142o\u015bci\u0105 o najmniejszy szczeg\u00f3\u0142, co w znacznym stopniu oddzia\u0142uje na pozytywne odczucia m\u0142odego kierowcy. Solidna, acz lekka i prosta konstrukcja gwarantuje przedni\u0105 zabaw\u0119 przez d\u0142ugie lata. Op\u0142ywowy kszta\u0142t sportowego autka oraz produkcja z u\u017cyciem materia\u0142\u00f3w najwy\u017cszej jako\u015bci podnosi jego odporno\u015b\u0107 na uszkodzenia mog\u0105ce posta\u0107 podczas szalonej zabawy.Wykorzystanie w codziennej zabawie prezentowanego pojazdu dla kilkulatka w ogromnym stopniu wp\u0142ywa na jego rozw\u00f3j. Pchacz 3w1 wspiera koordynacj\u0119 wielu cz\u0119\u015bci cia\u0142ka dziecka jednocze\u015bnie, rozwijaj\u0105c tak\u017ce mi\u0119\u015bnie, a co r\u00f3wnie istotne \u2014 wspomagaj\u0105c nauk\u0119 samodzielnego, stabilnego chodzenia. Jazda w mini samochodziku pozwoli dziecku zrozumie\u0107, czym jest pr\u0119dko\u015b\u0107, odleg\u0142o\u015b\u0107 czy kierunek.Zestaw sk\u0142ada si\u0119 z plastikowej, obudowy auta, pchacza, podn\u00f3\u017ck\u00f3w, barierek ochronnych, k\u00f3\u0142, obrotowej kierownicy, opierania, tylnego wspornika, osi i ozdobnych ko\u0142pak\u00f3w. Ogromn\u0105 zalet\u0105 autka jest mo\u017cliwo\u015b\u0107 swobodnego przekszta\u0142cania go z pchacza do je\u017adzika \u2014 wystarczy, \u017ce odepniecie podn\u00f3\u017cki, barierki i pchacz, by maluch m\u00f3g\u0142 samodzielnie je\u017adzi\u0107. Siedzisko zabawkowego auta jest podnoszone \u2014 przestrze\u0144 znajduj\u0105c\u0105 si\u0119 pod nim mo\u017cna wykorzystywa\u0107 mi\u0119dzy innymi na przechowywanie ulubionej zabawki maluszka lub ubranka na zmian\u0119. Przycisk znajduj\u0105cy si\u0119 po \u015brodku kierownicy to piszczek.Produkt przeznaczony jest dla dzieci powy\u017cej 2. roku \u017cycia \u2014 mog\u0105 korzysta\u0107 z niego wszystkie maluchy, kt\u00f3rych waga nie przekracza 50 kg. drobne elementy. Instrukcja do\u0142\u0105czona do dzieci\u0119cego je\u017adzika w du\u017cym stopniu u\u0142atwia samodzielne z\u0142o\u017cenie autka. Produkt posiada certyfikat CE, do jego produkcji u\u017cyto bezpiecznych dla dzieci tworzyw.Wymiary je\u017adzika:Wysoko\u015b\u0107 (z pchaczem) &#8211; 85cmSzeroko\u015b\u0107 &#8211; 40cmD\u0142ugo\u015b\u0107 &#8211; 60cmWymiary opakowania: 62,5 x 30 x 35,5 cmWaga: 3,95 kg<\/p>\n<h2>Lean Cars Je\u017adzik z Pchaczem Mega Car 3w1 R\u00f3\u017cowy Lean<\/h2>\n<p>ma\u0142y ksi\u0105\u017ce cytaty, kr\u00f3tkie zagadki dla doros\u0142ych, dzie\u0144 misia 2021, quiz o koniach, nauka literek do druku, bursztynek bursztynek, kolorowanka minecraft, co kupi\u0107 nastolatce na urodziny, filmy animowane \u015bwi\u0105teczne, quiz minecraft, \u0142atwe zagadki, ja\u015bmina, rebusy i krzy\u017c\u00f3wki dla dzieci do druku, dyplom do druku<\/p>\n<p>yyyyy<\/p>\n<p>&nbsp;<\/p>\n","protected":false},"excerpt":{"rendered":"<p>Je\u017adzik 3w1 Mega CarJe\u017adzik z pchaczem dzieci\u0119cy Mega Car zosta\u0142 zaprojektowany z my\u015bl\u0105 o energicznych kilkulatkach uwielbiaj\u0105cych przebywa\u0107 na \u015bwie\u017cym powietrzu. Autko porusza si\u0119 w bardzo prosty spos\u00f3b \u2014 wystarczy, \u017ce opiekun b\u0119dzie pcha\u0107 r\u0105czk\u0119 po\u0142\u0105czon\u0105 z pojazdem. Gdy dziecko podro\u015bnie i zmodyfikujecie konstrukcj\u0119 jego pchacza, zamieniaj\u0105c go w je\u017adzik, to ma\u0142y kierowca przejmie stery [&hellip;]<\/p>\n","protected":false},"featured_media":7769,"comment_status":"closed","ping_status":"open","template":"","meta":[],"product_cat":[74,1067],"product_tag":[728,637,806,649,849,793,796],"class_list":["post-7768","product","type-product","status-publish","has-post-thumbnail","hentry","product_cat-jezdziki","product_cat-lean","product_tag-bezwarunkowa-milosc-do-dziecka-cytaty","product_tag-niech-zyja-wakacje-tekst","product_tag-prezent-dla-dziecka-na-roczek","product_tag-zagadki-dla-nastolatkow","product_tag-zagadki-matematyczne-dla-dzieci","product_tag-zagadki-smieszne-podchwytliwe","product_tag-zagatki"],"_links":{"self":[{"href":"http:\/\/klubmamgdynia.pl\/index.php\/wp-json\/wp\/v2\/product\/7768","targetHints":{"allow":["GET"]}}],"collection":[{"href":"http:\/\/klubmamgdynia.pl\/index.php\/wp-json\/wp\/v2\/product"}],"about":[{"href":"http:\/\/klubmamgdynia.pl\/index.php\/wp-json\/wp\/v2\/types\/product"}],"replies":[{"embeddable":true,"href":"http:\/\/klubmamgdynia.pl\/index.php\/wp-json\/wp\/v2\/comments?post=7768"}],"wp:featuredmedia":[{"embeddable":true,"href":"http:\/\/klubmamgdynia.pl\/index.php\/wp-json\/wp\/v2\/media\/7769"}],"wp:attachment":[{"href":"http:\/\/klubmamgdynia.pl\/index.php\/wp-json\/wp\/v2\/media?parent=7768"}],"wp:term":[{"taxonomy":"product_cat","embeddable":true,"href":"http:\/\/klubmamgdynia.pl\/index.php\/wp-json\/wp\/v2\/product_cat?post=7768"},{"taxonomy":"product_tag","embeddable":true,"href":"http:\/\/klubmamgdynia.pl\/index.php\/wp-json\/wp\/v2\/product_tag?post=7768"}],"curies":[{"name":"wp","href":"https:\/\/api.w.org\/{rel}","templated":true}]}}