{"id":7778,"date":"2022-04-24T09:35:08","date_gmt":"2022-04-24T07:35:08","guid":{"rendered":"http:\/\/klubmamgdynia.pl\/index.php\/produkt\/tegu-drewniane-klocki-magnetyczne-travel-pals-6el-holownik\/"},"modified":"2026-04-29T19:18:32","modified_gmt":"2026-04-29T17:18:32","slug":"tegu-drewniane-klocki-magnetyczne-travel-pals-6el-holownik","status":"publish","type":"product","link":"http:\/\/klubmamgdynia.pl\/index.php\/produkt\/tegu-drewniane-klocki-magnetyczne-travel-pals-6el-holownik\/","title":{"rendered":"Tegu Drewniane Klocki Magnetyczne Travel Pals 6El. Holownik"},"content":{"rendered":"<p>TEGU Drewniane klocki magnetyczne TRAVELPALS 6szt HolownikSeria TRAVELPALS to ma\u0142y zestaw klasycznych klock\u00f3w.idealne do zabrania w podr\u00f3\u017c,sprawdzaj\u0105 si\u0119 \u015bwietnie w restauracji i w poczekalni, zajm\u0105 r\u0119ce i umys\u0142 ka\u017cdego, bez wzgl\u0119du na wiek,r\u0119cznie wykonane, bezpieczne,klocki TEGU s\u0105 produkowane Fair Trade!Zestaw zawiera 6 klock\u00f3w.Wersja kolorystyczna: HOLOWNIK (TUGBOAT)W pe\u0142ni kompatybilne z innymi zestawami klock\u00f3w TEGU.Zabawka przeznaczona dla dzieci powy\u017cej 1. roku \u017cycia.TEGU KLOCKI MAGNETYCZNEZabawki TEGU zdobywaj\u0105 nagrody na najbardziej presti\u017cowych wystawach zabawek dla dzieci. To magnetyczno-drewniane zestawy klock\u00f3w daj\u0105ce nieko\u0144cz\u0105ce si\u0119 mo\u017cliwo\u015bci uk\u0142adania z nich postaci, przedmiot\u00f3w, sytuacji. Klocki TEGU s\u0105 kolorowe, pi\u0119knie wykonane, cudowne w dotyku, zaskakuj\u0105 swym magnetyzmem.GWARANCJA JAKO\u015aCI:pomalowane nietoksycznymi farbami,bezpieczne &#8211; magnes jest schowany, przez co nieosi\u0105galny dla ma\u0142ych r\u0105czek ciekawskich odkrywc\u00f3w,wyprodukowane w Hondurasie, w fabryce, kt\u00f3ra wspiera swoich pracownik\u00f3w, zapewniaj\u0105c im godne warunki pracy i dobre p\u0142ace.U\u017bYTECZNO\u015a\u0106:inspiruj\u0105 do kreatywnych do\u015bwiadcze\u0144 przez zabaw\u0119,wci\u0105gaj\u0105 &#8211; ukryte magnesy urozmaicaj\u0105 zabaw\u0119,odblokowuj\u0105 umys\u0142,samodzielnie zbudowany samolot czy samoch\u00f3d nie rozpadaj\u0105 si\u0119 w ruchu.DLACZEGO POLECAMY:wi\u0119kszo\u015b\u0107 zestaw\u00f3w przeznaczonych jest dla dzieci ju\u017c od 1. roku \u017cycia!daj\u0105 nieograniczone mo\u017cliwo\u015bci zabawy,wytrzyma\u0142e &#8211; klocki na lata!kupuj\u0105c wspierasz jeden z najubo\u017cszych rejon\u00f3w \u015bwiata.Poczytaj o marce TEGU: kliknij tutaj.<\/p>\n<h2>Tegu Drewniane Klocki Magnetyczne Travel Pals 6El. Holownik Tegu<\/h2>\n<p>imie kuba, gabriela imie, bajki do czytania psi patrol, bajka psi patrol do czytania, \u015bwi\u0105teczny film dla dzieci, malowanki dla dziewczynek, elzbieta imie, bajki do czytania psi patrol, kr\u00f3tkie bajki dla dzieci do czytania, test z opowie\u015bci z narnii, imi\u0119 miriam, bajki o ksi\u0119\u017cniczkach do czytania, spiderman kolorowanka, kornelia, \u0142amig\u0142\u00f3wki s\u0142owne<\/p>\n<p>yyyyy<\/p>\n<p>&nbsp;<\/p>\n","protected":false},"excerpt":{"rendered":"<p>TEGU Drewniane klocki magnetyczne TRAVELPALS 6szt HolownikSeria TRAVELPALS to ma\u0142y zestaw klasycznych klock\u00f3w.idealne do zabrania w podr\u00f3\u017c,sprawdzaj\u0105 si\u0119 \u015bwietnie w restauracji i w poczekalni, zajm\u0105 r\u0119ce i umys\u0142 ka\u017cdego, bez wzgl\u0119du na wiek,r\u0119cznie wykonane, bezpieczne,klocki TEGU s\u0105 produkowane Fair Trade!Zestaw zawiera 6 klock\u00f3w.Wersja kolorystyczna: HOLOWNIK (TUGBOAT)W pe\u0142ni kompatybilne z innymi zestawami klock\u00f3w TEGU.Zabawka przeznaczona dla [&hellip;]<\/p>\n","protected":false},"featured_media":7779,"comment_status":"closed","ping_status":"open","template":"","meta":[],"product_cat":[1653,99],"product_tag":[759,665,743,737,597],"class_list":["post-7778","product","type-product","status-publish","has-post-thumbnail","hentry","product_cat-tegu","product_cat-zabawki-ekologiczne","product_tag-pomysly-na-prezent-dla-nastolatkow","product_tag-proste-zagadki","product_tag-quiz-dla-dzieci","product_tag-test-z-lektury-felix-net-i-nika-oraz-gang-niewidzialnych-ludzi","product_tag-zagadki-o-zimie"],"_links":{"self":[{"href":"http:\/\/klubmamgdynia.pl\/index.php\/wp-json\/wp\/v2\/product\/7778","targetHints":{"allow":["GET"]}}],"collection":[{"href":"http:\/\/klubmamgdynia.pl\/index.php\/wp-json\/wp\/v2\/product"}],"about":[{"href":"http:\/\/klubmamgdynia.pl\/index.php\/wp-json\/wp\/v2\/types\/product"}],"replies":[{"embeddable":true,"href":"http:\/\/klubmamgdynia.pl\/index.php\/wp-json\/wp\/v2\/comments?post=7778"}],"wp:featuredmedia":[{"embeddable":true,"href":"http:\/\/klubmamgdynia.pl\/index.php\/wp-json\/wp\/v2\/media\/7779"}],"wp:attachment":[{"href":"http:\/\/klubmamgdynia.pl\/index.php\/wp-json\/wp\/v2\/media?parent=7778"}],"wp:term":[{"taxonomy":"product_cat","embeddable":true,"href":"http:\/\/klubmamgdynia.pl\/index.php\/wp-json\/wp\/v2\/product_cat?post=7778"},{"taxonomy":"product_tag","embeddable":true,"href":"http:\/\/klubmamgdynia.pl\/index.php\/wp-json\/wp\/v2\/product_tag?post=7778"}],"curies":[{"name":"wp","href":"https:\/\/api.w.org\/{rel}","templated":true}]}}