{"id":7794,"date":"2024-02-23T22:04:42","date_gmt":"2024-02-23T21:04:42","guid":{"rendered":"http:\/\/klubmamgdynia.pl\/?post_type=product&#038;p=7794"},"modified":"2026-04-30T20:35:53","modified_gmt":"2026-04-30T18:35:53","slug":"fotelik-samochodowy-cybex-cloud-z2-i-size-0-13kg-soho-grey-baza-z2","status":"publish","type":"product","link":"http:\/\/klubmamgdynia.pl\/index.php\/produkt\/fotelik-samochodowy-cybex-cloud-z2-i-size-0-13kg-soho-grey-baza-z2\/","title":{"rendered":"Fotelik samochodowy Cybex Cloud Z2 I Size 0 13Kg Soho Grey + Baza Z2"},"content":{"rendered":"<h2>Fotelik samochodowy Cybex Cloud Z2 I Size 0 13Kg Soho Grey + Baza Z2 Cybex<\/h2>\n<p>testy na znaki drogowe, prezent dla nastolatki, zabawka na roczek dla dziewczynki, karty pracy do druku litery, sporty po francusku, zagadki na dzie\u0144 przedszkolaka, mama cytaty, imi\u0119 pola, imie iwo, wiersze \u0142ama\u0144ce j\u0119zykowe dla dzieci, smok wawelski bajka, bajki dla dzieci do czytania, kolorowanki do druku zwierz\u0119ta, najpi\u0119kniejsze cytaty cytaty dla mamy, kolorowanka lego ninjago<\/p>\n<p>yyyyy<\/p>\n<p>&nbsp;<\/p>\n","protected":false},"excerpt":{"rendered":"<p>Fotelik samochodowy Cybex Cloud Z2 I Size 0 13Kg Soho Grey + Baza Z2 Cybex testy na znaki drogowe, prezent dla nastolatki, zabawka na roczek dla dziewczynki, karty pracy do druku litery, sporty po francusku, zagadki na dzie\u0144 przedszkolaka, mama cytaty, imi\u0119 pola, imie iwo, wiersze \u0142ama\u0144ce j\u0119zykowe dla dzieci, smok wawelski bajka, bajki dla [&hellip;]<\/p>\n","protected":false},"featured_media":7795,"comment_status":"closed","ping_status":"open","template":"","meta":[],"product_cat":[34,32],"product_tag":[696,691,654,588,701],"class_list":["post-7794","product","type-product","status-publish","has-post-thumbnail","hentry","product_cat-cybex","product_cat-foteliki-samochodowe","product_tag-film-rodzinny-o-swietach","product_tag-gabriel","product_tag-krotkie-bajki-dla-dzieci-do-czytania","product_tag-wzruszajace-slowa-dla-przyjaciela","product_tag-zgadywanki-dla-dzieci"],"_links":{"self":[{"href":"http:\/\/klubmamgdynia.pl\/index.php\/wp-json\/wp\/v2\/product\/7794","targetHints":{"allow":["GET"]}}],"collection":[{"href":"http:\/\/klubmamgdynia.pl\/index.php\/wp-json\/wp\/v2\/product"}],"about":[{"href":"http:\/\/klubmamgdynia.pl\/index.php\/wp-json\/wp\/v2\/types\/product"}],"replies":[{"embeddable":true,"href":"http:\/\/klubmamgdynia.pl\/index.php\/wp-json\/wp\/v2\/comments?post=7794"}],"wp:featuredmedia":[{"embeddable":true,"href":"http:\/\/klubmamgdynia.pl\/index.php\/wp-json\/wp\/v2\/media\/7795"}],"wp:attachment":[{"href":"http:\/\/klubmamgdynia.pl\/index.php\/wp-json\/wp\/v2\/media?parent=7794"}],"wp:term":[{"taxonomy":"product_cat","embeddable":true,"href":"http:\/\/klubmamgdynia.pl\/index.php\/wp-json\/wp\/v2\/product_cat?post=7794"},{"taxonomy":"product_tag","embeddable":true,"href":"http:\/\/klubmamgdynia.pl\/index.php\/wp-json\/wp\/v2\/product_tag?post=7794"}],"curies":[{"name":"wp","href":"https:\/\/api.w.org\/{rel}","templated":true}]}}