{"id":7798,"date":"2021-06-08T22:33:25","date_gmt":"2021-06-08T20:33:25","guid":{"rendered":"http:\/\/klubmamgdynia.pl\/index.php\/produkt\/kindi-kids-mini-laleczka-lippy-lulu-i-skuter-50081\/"},"modified":"2026-04-03T22:55:12","modified_gmt":"2026-04-03T20:55:12","slug":"kindi-kids-mini-laleczka-lippy-lulu-i-skuter-50081","status":"publish","type":"product","link":"http:\/\/klubmamgdynia.pl\/index.php\/produkt\/kindi-kids-mini-laleczka-lippy-lulu-i-skuter-50081\/","title":{"rendered":"Kindi Kids Mini Laleczka Lippy Lulu I Skuter 50081"},"content":{"rendered":"<p>Kindi Kids Mini laleczka Lippy Lulu i skuter 50081Ta sympatyczna mini laleczka o uroczym, brokatowym spojrzeniu to Lippy Lulu. Jej r\u00f3\u017cowe w\u0142osy i ruchoma g\u0142\u00f3wka sprawiaj\u0105, \u017ce chcesz si\u0119 ni\u0105 bawi\u0107 wsz\u0119dzie. Lippy Lulu mo\u017cesz mie\u0107 w zestawie ze skuterem. Ten niezwyk\u0142y pojazd nale\u017cy do mini laleczki i ma ogromne mo\u017cliwo\u015bci. Popchnij go i zobacz, jak zabawnie rusza si\u0119 g\u0142\u00f3wka Lippy Lulu. Skuterek stylizowany jest na konika, posiada przyja\u017anie patrz\u0105ce oczy, w tylnej cz\u0119\u015bci namalowano mu ogon. Skuter Lippy Lulu jest tym, co musisz mie\u0107. Przyjaci\u00f3\u0142ki z kolekcji Kindi Kids Mini b\u0119d\u0105 mog\u0142y pojecha\u0107 po zakupy lub szybciej znale\u017a\u0107 si\u0119 w przedszkolu.Zestaw zawiera:Skuter Lippy Lulu,Mini laleczk\u0119 Lippy Lulu, wysoko\u015b\u0107 oko\u0142o 8,5 cm,Czy Lippy Lulu po\u017cyczy przyjaci\u00f3\u0142kom skuter? Poznaj magi\u0119 niezwyk\u0142ej przyja\u017ani Kindi Kids Mini!Kindi Kids Mini. Z pewno\u015bci\u0105 znasz ju\u017c niezwyk\u0142e lalki Kindi Kids, kt\u00f3rych urocze, du\u017ce, brokatowe oczy, ma\u0142e noski, r\u00f3\u017cowe policzki i kolorowe w\u0142osy skrad\u0142y serce Twojego dziecka. Oto Kindi Kids w wersji mini. Wielka przyja\u017a\u0144 cudownych laleczek mo\u017ce inspirowa\u0107 Twoje dziecko w domu, podczas podr\u00f3\u017cy, a nawet w przedszkolu. Przekonaj si\u0119, jak\u0105 frajd\u0105 b\u0119dzie zabawa laleczkami o zabawnie poruszaj\u0105cych si\u0119 g\u0142\u00f3wkach na spacerze, w poczekalni oraz w \u015brodkach lokomocji. Niech przyja\u017a\u0144 b\u0119dzie inspiracj\u0105 do wspania\u0142ej zabawy!Charakterystyka produktu:Kindi Kids Mini zosta\u0142y wyprodukowane z materia\u0142\u00f3w, odpornych na uszkodzeniaMalowane przy u\u017cyciu nowoczesnych technik, posiadaj\u0105 wyraziste kolory niezale\u017cnie od intensywno\u015bci u\u017cytkowaniaWysoka jako\u015b\u0107 widoczna jest w perfekcyjnych detalachUrzekaj\u0105ce, du\u017ce, brokatowe oczy, w\u0142osy w odcieniach najmodniejszych pasteli, starannie dobrane ubrania to znaki rozpoznawcze lalek Kindi Kids MiniIch wysoko\u015b\u0107 to oko\u0142o 8,5 cm.Lalki wyposa\u017cono w bobble head oraz ruchome ko\u0144czynyLalki tak ma\u0142e, \u017ce zmieszcz\u0105 si\u0119 nawet w niewielkiej torebce ma\u0142ej damy\u2026<\/p>\n<h2>Kindi Kids Mini Laleczka Lippy Lulu I Skuter 50081 TM Toys<\/h2>\n<p>mini zoo \u015bl\u0105sk, jedzie poci\u0105g z daleka tekst, znaczenie imiona dawid, ka\u0142u\u017cy\u015bci<\/p>\n<p>yyyyy<\/p>\n<p>&nbsp;<\/p>\n","protected":false},"excerpt":{"rendered":"<p>Kindi Kids Mini laleczka Lippy Lulu i skuter 50081Ta sympatyczna mini laleczka o uroczym, brokatowym spojrzeniu to Lippy Lulu. Jej r\u00f3\u017cowe w\u0142osy i ruchoma g\u0142\u00f3wka sprawiaj\u0105, \u017ce chcesz si\u0119 ni\u0105 bawi\u0107 wsz\u0119dzie. Lippy Lulu mo\u017cesz mie\u0107 w zestawie ze skuterem. Ten niezwyk\u0142y pojazd nale\u017cy do mini laleczki i ma ogromne mo\u017cliwo\u015bci. Popchnij go i zobacz, [&hellip;]<\/p>\n","protected":false},"featured_media":7799,"comment_status":"closed","ping_status":"open","template":"","meta":[],"product_cat":[65,145],"product_tag":[614,682,846,592,607],"class_list":["post-7798","product","type-product","status-publish","has-post-thumbnail","hentry","product_cat-lalki","product_cat-tm-toys","product_tag-pia","product_tag-przyjazn-cytaty","product_tag-rysowanki","product_tag-zagadki-dla-dzieci","product_tag-zarty-na-prima-aprilis-dla-rodzicow"],"_links":{"self":[{"href":"http:\/\/klubmamgdynia.pl\/index.php\/wp-json\/wp\/v2\/product\/7798","targetHints":{"allow":["GET"]}}],"collection":[{"href":"http:\/\/klubmamgdynia.pl\/index.php\/wp-json\/wp\/v2\/product"}],"about":[{"href":"http:\/\/klubmamgdynia.pl\/index.php\/wp-json\/wp\/v2\/types\/product"}],"replies":[{"embeddable":true,"href":"http:\/\/klubmamgdynia.pl\/index.php\/wp-json\/wp\/v2\/comments?post=7798"}],"wp:featuredmedia":[{"embeddable":true,"href":"http:\/\/klubmamgdynia.pl\/index.php\/wp-json\/wp\/v2\/media\/7799"}],"wp:attachment":[{"href":"http:\/\/klubmamgdynia.pl\/index.php\/wp-json\/wp\/v2\/media?parent=7798"}],"wp:term":[{"taxonomy":"product_cat","embeddable":true,"href":"http:\/\/klubmamgdynia.pl\/index.php\/wp-json\/wp\/v2\/product_cat?post=7798"},{"taxonomy":"product_tag","embeddable":true,"href":"http:\/\/klubmamgdynia.pl\/index.php\/wp-json\/wp\/v2\/product_tag?post=7798"}],"curies":[{"name":"wp","href":"https:\/\/api.w.org\/{rel}","templated":true}]}}