{"id":7824,"date":"2024-07-17T12:24:23","date_gmt":"2024-07-17T10:24:23","guid":{"rendered":"http:\/\/klubmamgdynia.pl\/?post_type=product&#038;p=7824"},"modified":"2026-04-30T10:41:56","modified_gmt":"2026-04-30T08:41:56","slug":"doppelherz-system-kollagen-beauty-30-ampulek","status":"publish","type":"product","link":"http:\/\/klubmamgdynia.pl\/index.php\/produkt\/doppelherz-system-kollagen-beauty-30-ampulek\/","title":{"rendered":"Doppelherz system Kollagen Beauty 30 ampu\u0142ek"},"content":{"rendered":"<p>Doppelherz system KOLLAGEN BEAUTY <\/p>\n<p>Suplement dietyAktywuj pi\u0119kno od wewn\u0105trzAmpu\u0142ki z bioaktywnymi peptydami kolagenowymi VERISOL\u00ae, witaminami i minera\u0142ami oraz wyci\u0105giem z jag\u00f3d AcaiDzia\u0142anie peptyd\u00f3w kolagenowych VERISOL\u00ae potwierdzone badaniamDoppelherz system KOLLAGEN BEAUTY\u00a0zawiera kompozycj\u0119 starannie dobranych sk\u0142adnik\u00f3w, kt\u00f3re pomagaj\u0105 zadba\u0107 o naturalne pi\u0119kno sk\u00f3ry od wewn\u0105trz:witamina A, E, C i biotynacynk i mied\u017aDodatkowo zawiera 100 mg wyci\u0105gu z jag\u00f3d Acai oraz 2,5 g kolagenu VERSIOL\u00ae.\u00a0*bioaktywne peptydy kolagenowe. VERISOL\u00ae to opatentowany i przebadany kolagen.                            <\/p>\n<p>            Dzia\u0142anie<\/p>\n<p>Witamina C wspomaga produkcj\u0119 kolagenu w celu zapewniania prawid\u0142owej kondycji sk\u00f3ry. Ponadto pomaga w ochronie kom\u00f3rek przed stresem oksydacyjnym.\u00a0Witamina A, biotyna i cynk pomagaj\u0105 zachowa\u0107 zdrow\u0105 sk\u00f3r\u0119.\u00a0Mied\u017a pomaga w utrzymaniu prawid\u0142owej pigmentacji sk\u00f3ry i prawid\u0142owego stanu tkanek \u0142\u0105cznych.\u00a0Witamina E pomaga w ochronie kom\u00f3rek przed stresem oksydacyjnym.\u00a0Efekt dzia\u0142ania kolagenu VERISOL\u00ae &#8211; bioaktywnych peptyd\u00f3w kolagenowych zosta\u0142 potwierdzony w 2 badaniach kontrolowanych placebo, przeprowadzony na kobietach:Sp\u0142ycenie zmarszczek: -20%\u00a0Zwi\u0119kszenie st\u0119\u017cenia elastyny: +18%Poprawa elastyczno\u015bci sk\u00f3ry: +7%\u00a0W celu osi\u0105gni\u0119cia w\u0142a\u015bciwego efektu zalecane jest systematyczne przyjmowanie preparatu przez co najmniej 3 miesi\u0105ce.\u00a0\u00a0                            <\/p>\n<p>            Spos\u00f3b u\u017cycia:<\/p>\n<p>Zawarto\u015b\u0107 1 ampu\u0142ki z p\u0142ynem (25 ml) Doppelherz Kollagen Beauty spo\u017cy\u0107 raz dziennie. Przed u\u017cyciem wstrz\u0105sn\u0105\u0107. Produkt gotowy do spo\u017cycia bezpo\u015brednio z ampu\u0142ki bez konieczno\u015bci rozcie\u0144czania w innych p\u0142ynach.\u00a0                            <\/p>\n<p>            Dodatkowe informacje:<\/p>\n<p>Nie nale\u017cy przekracza\u0107 zalecanej porcji do spo\u017cycia w ci\u0105gu dnia. Dla zachowania prawid\u0142owego stanu zdrowia du\u017ce znaczenie ma zbilansowana i zr\u00f3\u017cnicowana dieta oraz zdrowy tryb \u017cycia. Suplementy diety nie mog\u0105 by\u0107 stosowane jako substytut (zamiennik) zr\u00f3\u017cnicowanej diety. Przechowywa\u0107 w spos\u00f3b niedost\u0119pny dla ma\u0142ych dzieci. Przechowywa\u0107 w suchym miejscu, w temperaturze poni\u017cej 25\u00b0C. Preparatu nie nale\u017cy stosowa\u0107 u dzieci i m\u0142odzie\u017cy.                            <\/p>\n<p>            Sk\u0142adniki:<\/p>\n<p>woda, sok z gruszki, kolagen VERISOL (peptydy kolagenowe), kwas: kwas cytrynowy, ekstrakt z jag\u00f3d Acai, kwas L-askorbinowy, L-askorbinian sodu, aromat, substancja zag\u0119szczaj\u0105ca guma ksantanowa, substancja konserwuj\u0105ca: benzoesan sodu, substancja konserwuj\u0105ca: sorbinian potasu, cytrynian cynku, substancja s\u0142odz\u0105ca: cyklaminian sodu, octan DL-alfa tokoferylu, substancja s\u0142odz\u0105ca: sukraloza, substancja s\u0142odz\u0105ca: sacharynian sodu, glukonian miedzi (II), beta-karoten, D-biotyna.\u00a0<\/p>\n<h2>Doppelherz system Kollagen Beauty 30 ampu\u0142ek Queisser Pharma<\/h2>\n<p>park ujazdowski, gloria imie, atrakcje dla dzieci wroc\u0142aw 2021, tabliczka mno\u017cenia zadania do druku, zagadki trudne, anastazja imi\u0119, naj\u0142adniejsze ko\u0142ysanki dla dzieci, choinka kolorowanka szablon, testy katarynka<\/p>\n<p>yyyyy<\/p>\n<p>&nbsp;<\/p>\n","protected":false},"excerpt":{"rendered":"<p>Doppelherz system KOLLAGEN BEAUTY Suplement dietyAktywuj pi\u0119kno od wewn\u0105trzAmpu\u0142ki z bioaktywnymi peptydami kolagenowymi VERISOL\u00ae, witaminami i minera\u0142ami oraz wyci\u0105giem z jag\u00f3d AcaiDzia\u0142anie peptyd\u00f3w kolagenowych VERISOL\u00ae potwierdzone badaniamDoppelherz system KOLLAGEN BEAUTY\u00a0zawiera kompozycj\u0119 starannie dobranych sk\u0142adnik\u00f3w, kt\u00f3re pomagaj\u0105 zadba\u0107 o naturalne pi\u0119kno sk\u00f3ry od wewn\u0105trz:witamina A, E, C i biotynacynk i mied\u017aDodatkowo zawiera 100 mg wyci\u0105gu z [&hellip;]<\/p>\n","protected":false},"featured_media":7825,"comment_status":"closed","ping_status":"open","template":"","meta":[],"product_cat":[136,1659],"product_tag":[844,813,657,822,746],"class_list":["post-7824","product","type-product","status-publish","has-post-thumbnail","hentry","product_cat-nutrikosmetyki","product_cat-queisser-pharma","product_tag-co-kupic-na-roczek","product_tag-krotkie-zagadki-matematyczne-z-odpowiedziami","product_tag-lol-kolorowanka","product_tag-wierszyki-o-wakacjach-krotkie","product_tag-zagadki-typu-co-to-jest"],"_links":{"self":[{"href":"http:\/\/klubmamgdynia.pl\/index.php\/wp-json\/wp\/v2\/product\/7824","targetHints":{"allow":["GET"]}}],"collection":[{"href":"http:\/\/klubmamgdynia.pl\/index.php\/wp-json\/wp\/v2\/product"}],"about":[{"href":"http:\/\/klubmamgdynia.pl\/index.php\/wp-json\/wp\/v2\/types\/product"}],"replies":[{"embeddable":true,"href":"http:\/\/klubmamgdynia.pl\/index.php\/wp-json\/wp\/v2\/comments?post=7824"}],"wp:featuredmedia":[{"embeddable":true,"href":"http:\/\/klubmamgdynia.pl\/index.php\/wp-json\/wp\/v2\/media\/7825"}],"wp:attachment":[{"href":"http:\/\/klubmamgdynia.pl\/index.php\/wp-json\/wp\/v2\/media?parent=7824"}],"wp:term":[{"taxonomy":"product_cat","embeddable":true,"href":"http:\/\/klubmamgdynia.pl\/index.php\/wp-json\/wp\/v2\/product_cat?post=7824"},{"taxonomy":"product_tag","embeddable":true,"href":"http:\/\/klubmamgdynia.pl\/index.php\/wp-json\/wp\/v2\/product_tag?post=7824"}],"curies":[{"name":"wp","href":"https:\/\/api.w.org\/{rel}","templated":true}]}}