{"id":7832,"date":"2023-06-16T09:58:02","date_gmt":"2023-06-16T07:58:02","guid":{"rendered":"http:\/\/klubmamgdynia.pl\/?post_type=product&#038;p=7832"},"modified":"2026-04-29T09:51:10","modified_gmt":"2026-04-29T07:51:10","slug":"viga-toys-viga-tablica-magnetyczna-2w1-z-akcesoriami","status":"publish","type":"product","link":"http:\/\/klubmamgdynia.pl\/index.php\/produkt\/viga-toys-viga-tablica-magnetyczna-2w1-z-akcesoriami\/","title":{"rendered":"Viga Toys Viga Tablica Magnetyczna 2W1 Z Akcesoriami"},"content":{"rendered":"<p>VIGA Tablica Magnetyczna 2w1 z Akcesoriami to wspania\u0142y i wielofunkcyjny produkt, kt\u00f3ry zach\u0119ci dzieci do malowania, rysowania i pisania. Dwustronna tablica w zestawie zawiera: 26 magnes\u00f3w z literkami, 10 cyfr, 29 magnes\u00f3w z figurami geometrycznymi, 10 kart z instrukcj\u0105, zestaw kred, g\u0105beczk\u0119 do wycierania tablicy, marker, rolk\u0119 papieru oraz worek do przechowywania wszystkich akcesori\u00f3w. Tablica jest prosta w monta\u017cu, dzi\u0119ki czemu \u0142atwa w przechowywaniu oraz w transporcie. Z jednej strony znajduje si\u0119 tablica kredowa, a z drugiej magnetyczna (z funkcj\u0105 pisania markerem). Dodatkowo tablica posiada rolk\u0119 z papierem, kt\u00f3r\u0105 mo\u017ce na\u0142o\u017cy\u0107 na tablic\u0119 i dowolnie rysowa\u0107. Te wszystkie funkcje tablicy zachwyc\u0105 ka\u017cdego malucha. Dziecko mo\u017ce korzysta\u0107 wed\u0142ug w\u0142asnych upodoba\u0144 i ch\u0119ci. Kolory i kszta\u0142ty magnes\u00f3w pozwol\u0105 na kreatywn\u0105 zabaw\u0119. Ta tablica na pewno pobudzi wyobra\u017anie naszego malucha.Charakterystyka:- Zestaw zawiera ponad 80 element\u00f3w.- W zestawie: 26 magnes\u00f3w z literkami, 10 cyfr, 29 magnes\u00f3w z figurami geometrycznymi, 10 kart z instrukcj\u0105, zestaw kred, g\u0105beczk\u0119 do wycierania tablicy, marker, rolk\u0119 papieru oraz worek do przechowywania wszystkich akcesori\u00f3w- z jednej strony znajduje si\u0119 tablica kredowa, z drugiej magnetyczna z mo\u017cliwo\u015bci\u0105 pisania po niej markerem- dodatkowa rolka papieru umo\u017cliwia tworzenie rysunk\u00f3w bardziej trwa\u0142ych- Tablica wykonana z drewna o wysokiej jako\u015bci.- Pomalowana nietoksycznymi farbami.- Brak ostrych kraw\u0119dzi sprawia, \u017ce jest bezpieczny dla dziecka. &#8211; tablica \u0142atwa w monta\u017cu oraz przenoszeniuZabawka rozwija:- kreatywno\u015b\u0107,- wyobra\u017anie,- zdolno\u015bci artystyczne, &#8211; umiej\u0119tno\u015b\u0107 rozpoznawania kolor\u00f3w i kszta\u0142t\u00f3w,- zdolno\u015bci motoryczne,Ekozabawki skierowane s\u0105 ju\u017c dla najm\u0142odszych dzieci, kt\u00f3re wykonuje si\u0119 z ca\u0142kowicie naturalnych, biodegradowalnych oraz hipoalergicznych materia\u0142\u00f3w, dzi\u0119ki czemu s\u0105 one w stu procentach bezpieczne i nieszkodliwe nie tylko dla samego \u015brodowiska, ale tak\u017ce i dla Twojej pociechy.Viga Toys jest mark\u0105 zarejestrowan\u0105 w 2003 roku lecz ju\u017c obecn\u0105 w ponad 60 krajach na \u015bwiecie. Ich innowacyjne pomys\u0142y zdoby\u0142y uznanie min. w Europie,USA dalekiej Australii oraz Japonii.Za\u0142o\u017cyciele firmy zwr\u00f3cili uwag\u0119 na wyniki bada\u0144 wskazuj\u0105cych na zwi\u0105zek pomi\u0119dzy zabaw\u0105 i uczeniem si\u0119 we wczesnych latach rozwoju dzieci. Aby pom\u00f3c rodzicom oraz plac\u00f3wkom edukacyjnym w wychowywaniu dzieci i ratowa\u0107 ich przed wirtualnym \u015bwiatem, kt\u00f3ry w du\u017cym stopniu mo\u017ce wypaczy\u0107 rzeczywisto\u015b\u0107 producent oferuje innowacyjny asortyment wykonany z naturalnych tworzyw uzyskanych podczas ekologicznych proces\u00f3w produkcji.Bezpiecze\u0144stwo i jako\u015b\u0107 produkt\u00f3w drewnianych to priorytet dla Vigi,producent zadba\u0142 o to aby farby,kt\u00f3rymi maluj\u0105 zabawki spe\u0142nia\u0142y normy bezpiecze\u0144stwa EN71 oraz ASTM.<\/p>\n<h2>Viga Toys Viga Tablica Magnetyczna 2W1 Z Akcesoriami Viga<\/h2>\n<p>karaluchy pod poduchy a szczypawki, hobbit, test z lektury narnia lew czarownica i stara szafa, filmy animowane o \u015bwi\u0119tach, stolice europy quiz, znajd\u017a r\u00f3\u017cnice do druku, zagadki wielkanocne przedszkole, lol surprise kolorowanki, narysowa\u0107 rysunki \u0142atwe, test detektyw pozytywka, prezent dla 15 latka, cytaty korczak, quiz stolice europy, zagadki matematyczne z odpowiedziami, natalia, historia pluszowego misia<\/p>\n<p>yyyyy<\/p>\n<p>&nbsp;<\/p>\n","protected":false},"excerpt":{"rendered":"<p>VIGA Tablica Magnetyczna 2w1 z Akcesoriami to wspania\u0142y i wielofunkcyjny produkt, kt\u00f3ry zach\u0119ci dzieci do malowania, rysowania i pisania. Dwustronna tablica w zestawie zawiera: 26 magnes\u00f3w z literkami, 10 cyfr, 29 magnes\u00f3w z figurami geometrycznymi, 10 kart z instrukcj\u0105, zestaw kred, g\u0105beczk\u0119 do wycierania tablicy, marker, rolk\u0119 papieru oraz worek do przechowywania wszystkich akcesori\u00f3w. Tablica [&hellip;]<\/p>\n","protected":false},"featured_media":7833,"comment_status":"closed","ping_status":"open","template":"","meta":[],"product_cat":[1106,21],"product_tag":[657,769,586],"class_list":["post-7832","product","type-product","status-publish","has-post-thumbnail","hentry","product_cat-viga","product_cat-zabawki-plastyczne","product_tag-lol-kolorowanka","product_tag-psi-patrol-do-czytania","product_tag-smieszne-zagadki"],"_links":{"self":[{"href":"http:\/\/klubmamgdynia.pl\/index.php\/wp-json\/wp\/v2\/product\/7832","targetHints":{"allow":["GET"]}}],"collection":[{"href":"http:\/\/klubmamgdynia.pl\/index.php\/wp-json\/wp\/v2\/product"}],"about":[{"href":"http:\/\/klubmamgdynia.pl\/index.php\/wp-json\/wp\/v2\/types\/product"}],"replies":[{"embeddable":true,"href":"http:\/\/klubmamgdynia.pl\/index.php\/wp-json\/wp\/v2\/comments?post=7832"}],"wp:featuredmedia":[{"embeddable":true,"href":"http:\/\/klubmamgdynia.pl\/index.php\/wp-json\/wp\/v2\/media\/7833"}],"wp:attachment":[{"href":"http:\/\/klubmamgdynia.pl\/index.php\/wp-json\/wp\/v2\/media?parent=7832"}],"wp:term":[{"taxonomy":"product_cat","embeddable":true,"href":"http:\/\/klubmamgdynia.pl\/index.php\/wp-json\/wp\/v2\/product_cat?post=7832"},{"taxonomy":"product_tag","embeddable":true,"href":"http:\/\/klubmamgdynia.pl\/index.php\/wp-json\/wp\/v2\/product_tag?post=7832"}],"curies":[{"name":"wp","href":"https:\/\/api.w.org\/{rel}","templated":true}]}}