{"id":7844,"date":"2025-03-09T00:22:52","date_gmt":"2025-03-08T23:22:52","guid":{"rendered":"http:\/\/klubmamgdynia.pl\/?post_type=product&#038;p=7844"},"modified":"2026-04-29T12:35:35","modified_gmt":"2026-04-29T10:35:35","slug":"jokomisiada-duzy-wozek-dla-lalki-spacerowka-za3959","status":"publish","type":"product","link":"http:\/\/klubmamgdynia.pl\/index.php\/produkt\/jokomisiada-duzy-wozek-dla-lalki-spacerowka-za3959\/","title":{"rendered":"Jokomisiada Du\u017cy w\u00f3zek Dla Lalki Spacer\u00f3wka (ZA3959)"},"content":{"rendered":"<p>Elegancki, rozk\u0142adany w\u00f3zek dla lalek to propozycja dla ka\u017cdej ma\u0142ej opiekunki lali i misi\u00f3w. W\u00f3zek w wersji spacerowej z wygodnym fotelem, szelkami bezpiecze\u0144stwa dla lalki, budk\u0105 przeciw s\u0142oneczn\u0105 sprosta nie jednemu spacerowi. W\u00f3zek posiada tak\u017ce pojemny kosz na zakupy, drobiazgi. Z ty\u0142u w\u00f3zka znajduj\u0105 si\u0119 hamulce, z przodu podw\u00f3jne obrotowe k\u00f3\u0142ka dla wygodnego prowadzenia. Daszek w w\u00f3zku jest sk\u0142adany, a fotel odchylany do ty\u0142u w przypadku gdy lalka lub mis b\u0119d\u0105 senni i potrzebna b\u0119dzie im drzemka. Kolorystyka w\u00f3zka utrzymana jest w stonowanej tonacji szaro r\u00f3\u017cowej. Materia\u0142 na w\u00f3zku jest \u0142atwy do zdemontowania i wyczyszczenia w razie potrzeby.Wymiar w\u00f3zka:- wysoko\u015b\u0107 do r\u0105czki 60 cm- szeroko\u015b\u0107 33 cm- d\u0142ugo\u015b\u0107 42 cmFotelik- szeroko\u015b\u0107 22 cm- g\u0142\u0119boko\u015b\u0107 18 cm- wysoko\u015b\u0107 oparcia 25 cmZestaw nie zawiera na wyposa\u017ceniu lalki.Spacerowy w\u00f3zek pozwoli ka\u017cdej ma\u0142ej mamie komfortowo wozi\u0107 swoj\u0105 lalk\u0119 lub misia czy inn\u0105 ukochan\u0105 przytulank\u0119. W\u00f3zek bardzo komfortowo si\u0119 prowadzi, jest lekki i zwrotny.Poszczeg\u00f3lne elementy \u0142atwo si\u0119 ze sob\u0105 \u0142\u0105czy, dzi\u0119ki czemu zabawa b\u0119dzie przyjemna. Sklep Jokomisiada oferuje szeroki wyb\u00f3r zabawek dla najm\u0142odszych sprawd\u017a koniecznie.W\u00f3zek zosta\u0142 zapakowany w kolorowe, tekturowe opakowanie, kt\u00f3re \u015bwietnie sprawdzi si\u0119 na prezent.<\/p>\n<h2>Jokomisiada Du\u017cy w\u00f3zek Dla Lalki Spacer\u00f3wka (ZA3959) Jokomisiada<\/h2>\n<p>radiowe nuty niech zyja wakacje, prezent dla nastolatk\u00f3w 2020, minecraft quiz, zagadki o lesie, trudne zagadki na inteligencj\u0119, \u0142\u0105czenie kropek<\/p>\n<p>yyyyy<\/p>\n<p>&nbsp;<\/p>\n","protected":false},"excerpt":{"rendered":"<p>Elegancki, rozk\u0142adany w\u00f3zek dla lalek to propozycja dla ka\u017cdej ma\u0142ej opiekunki lali i misi\u00f3w. W\u00f3zek w wersji spacerowej z wygodnym fotelem, szelkami bezpiecze\u0144stwa dla lalki, budk\u0105 przeciw s\u0142oneczn\u0105 sprosta nie jednemu spacerowi. W\u00f3zek posiada tak\u017ce pojemny kosz na zakupy, drobiazgi. Z ty\u0142u w\u00f3zka znajduj\u0105 si\u0119 hamulce, z przodu podw\u00f3jne obrotowe k\u00f3\u0142ka dla wygodnego prowadzenia. Daszek [&hellip;]<\/p>\n","protected":false},"featured_media":7845,"comment_status":"closed","ping_status":"open","template":"","meta":[],"product_cat":[131,1098],"product_tag":[591,726,625,823],"class_list":["post-7844","product","type-product","status-publish","has-post-thumbnail","hentry","product_cat-jokomisiada","product_cat-wozki-dla-lalek","product_tag-quiz-o-minecraft","product_tag-quiz-zemsta","product_tag-trojmiasto-atrakcje-dla-dzieci","product_tag-zagadki-dla-dzieci-7-lat"],"_links":{"self":[{"href":"http:\/\/klubmamgdynia.pl\/index.php\/wp-json\/wp\/v2\/product\/7844","targetHints":{"allow":["GET"]}}],"collection":[{"href":"http:\/\/klubmamgdynia.pl\/index.php\/wp-json\/wp\/v2\/product"}],"about":[{"href":"http:\/\/klubmamgdynia.pl\/index.php\/wp-json\/wp\/v2\/types\/product"}],"replies":[{"embeddable":true,"href":"http:\/\/klubmamgdynia.pl\/index.php\/wp-json\/wp\/v2\/comments?post=7844"}],"wp:featuredmedia":[{"embeddable":true,"href":"http:\/\/klubmamgdynia.pl\/index.php\/wp-json\/wp\/v2\/media\/7845"}],"wp:attachment":[{"href":"http:\/\/klubmamgdynia.pl\/index.php\/wp-json\/wp\/v2\/media?parent=7844"}],"wp:term":[{"taxonomy":"product_cat","embeddable":true,"href":"http:\/\/klubmamgdynia.pl\/index.php\/wp-json\/wp\/v2\/product_cat?post=7844"},{"taxonomy":"product_tag","embeddable":true,"href":"http:\/\/klubmamgdynia.pl\/index.php\/wp-json\/wp\/v2\/product_tag?post=7844"}],"curies":[{"name":"wp","href":"https:\/\/api.w.org\/{rel}","templated":true}]}}