{"id":7862,"date":"2025-08-24T09:49:53","date_gmt":"2025-08-24T07:49:53","guid":{"rendered":"http:\/\/klubmamgdynia.pl\/?post_type=product&#038;p=7862"},"modified":"2026-04-08T13:18:03","modified_gmt":"2026-04-08T11:18:03","slug":"midex-szczotka-do-wlosow-kwiatki-dla-dzieci-rozne-kolory","status":"publish","type":"product","link":"http:\/\/klubmamgdynia.pl\/index.php\/produkt\/midex-szczotka-do-wlosow-kwiatki-dla-dzieci-rozne-kolory\/","title":{"rendered":"Midex Szczotka Do W\u0142os\u00f3w Kwiatki Dla Dzieci R\u00f3\u017cne Kolory"},"content":{"rendered":"<p>Kolorowa szczotka doskonale u\u0142atwi rozczesywanie.Szczoteczka jest antystatyczna, posiada zaokr\u0105glone ko\u0144c\u00f3wki masuj\u0105ce sk\u00f3r\u0119 g\u0142owy dzi\u0119ki czemu zapewnia lepsze ukrwienie i pobudza mieszki w\u0142osowe do wzrostu w\u0142os\u00f3w.Dzi\u0119ki niewielkim gabarytom szczotka znajdzie miejsce w ka\u017cdej kosmetyczce, szkolnym plecaku czy worku na plecy.D\u0142ugo\u015b\u0107 ok. 18cm.Szeroko\u015b\u0107 ok. 7cm.W sprzeda\u017cy cztery kolory. Prosimy o wyb\u00f3r koloru w komentarzu do zam\u00f3wienia.Cena dotyczy 1szt.<\/p>\n<h2>Midex Szczotka Do W\u0142os\u00f3w Kwiatki Dla Dzieci R\u00f3\u017cne Kolory Midex<\/h2>\n<p>\u015bwi\u0105teczne filmy familijne, mi\u0142o\u015b\u0107 do dziecka cytaty, by\u0142 sobie kr\u00f3l, quizy dla przedszkolak\u00f3w, prezenty dla nastolatki, minionki kolorowanka, bardzo trudne zagadki<\/p>\n<p>yyyyy<\/p>\n<p>&nbsp;<\/p>\n","protected":false},"excerpt":{"rendered":"<p>Kolorowa szczotka doskonale u\u0142atwi rozczesywanie.Szczoteczka jest antystatyczna, posiada zaokr\u0105glone ko\u0144c\u00f3wki masuj\u0105ce sk\u00f3r\u0119 g\u0142owy dzi\u0119ki czemu zapewnia lepsze ukrwienie i pobudza mieszki w\u0142osowe do wzrostu w\u0142os\u00f3w.Dzi\u0119ki niewielkim gabarytom szczotka znajdzie miejsce w ka\u017cdej kosmetyczce, szkolnym plecaku czy worku na plecy.D\u0142ugo\u015b\u0107 ok. 18cm.Szeroko\u015b\u0107 ok. 7cm.W sprzeda\u017cy cztery kolory. Prosimy o wyb\u00f3r koloru w komentarzu do zam\u00f3wienia.Cena dotyczy [&hellip;]<\/p>\n","protected":false},"featured_media":7863,"comment_status":"closed","ping_status":"open","template":"","meta":[],"product_cat":[1091,901],"product_tag":[644,794,782,635],"class_list":["post-7862","product","type-product","status-publish","has-post-thumbnail","hentry","product_cat-midex","product_cat-pozostale-akcesoria-do-pielegnacji-dzieci","product_tag-mia","product_tag-test-opowiesci-z-narnii-lew-czarownica-i-stara-szafa-do-druku","product_tag-zagadki-dla-dzieci-z-odpowiedziami","product_tag-znaki-drogowe-do-druku"],"_links":{"self":[{"href":"http:\/\/klubmamgdynia.pl\/index.php\/wp-json\/wp\/v2\/product\/7862","targetHints":{"allow":["GET"]}}],"collection":[{"href":"http:\/\/klubmamgdynia.pl\/index.php\/wp-json\/wp\/v2\/product"}],"about":[{"href":"http:\/\/klubmamgdynia.pl\/index.php\/wp-json\/wp\/v2\/types\/product"}],"replies":[{"embeddable":true,"href":"http:\/\/klubmamgdynia.pl\/index.php\/wp-json\/wp\/v2\/comments?post=7862"}],"wp:featuredmedia":[{"embeddable":true,"href":"http:\/\/klubmamgdynia.pl\/index.php\/wp-json\/wp\/v2\/media\/7863"}],"wp:attachment":[{"href":"http:\/\/klubmamgdynia.pl\/index.php\/wp-json\/wp\/v2\/media?parent=7862"}],"wp:term":[{"taxonomy":"product_cat","embeddable":true,"href":"http:\/\/klubmamgdynia.pl\/index.php\/wp-json\/wp\/v2\/product_cat?post=7862"},{"taxonomy":"product_tag","embeddable":true,"href":"http:\/\/klubmamgdynia.pl\/index.php\/wp-json\/wp\/v2\/product_tag?post=7862"}],"curies":[{"name":"wp","href":"https:\/\/api.w.org\/{rel}","templated":true}]}}