{"id":7868,"date":"2021-10-23T06:42:36","date_gmt":"2021-10-23T04:42:36","guid":{"rendered":"http:\/\/klubmamgdynia.pl\/index.php\/produkt\/midex-1529c-brelok-cena-za-kpl-100-70949\/"},"modified":"2026-04-07T13:56:24","modified_gmt":"2026-04-07T11:56:24","slug":"midex-1529c-brelok-cena-za-kpl-100-70949","status":"publish","type":"product","link":"http:\/\/klubmamgdynia.pl\/index.php\/produkt\/midex-1529c-brelok-cena-za-kpl-100-70949\/","title":{"rendered":"Midex 1529C Brelok Cena Za Kpl 100 (70949)"},"content":{"rendered":"<h2>Midex 1529C Brelok Cena Za Kpl 100 (70949) Midex<\/h2>\n<p>zaproszenia na urodziny do druku, dzieci cytaty, papuga kolorowanka, policja kolorowanka, krotkie zagadki, paj\u0105czek na rowerze test, gra kulki, farma dyni poznan, quiz o wio\u015bnie, janusz, kawa\u0142y na prima aprilis dla rodzic\u00f3w<\/p>\n<p>yyyyy<\/p>\n<p>&nbsp;<\/p>\n","protected":false},"excerpt":{"rendered":"<p>Midex 1529C Brelok Cena Za Kpl 100 (70949) Midex zaproszenia na urodziny do druku, dzieci cytaty, papuga kolorowanka, policja kolorowanka, krotkie zagadki, paj\u0105czek na rowerze test, gra kulki, farma dyni poznan, quiz o wio\u015bnie, janusz, kawa\u0142y na prima aprilis dla rodzic\u00f3w yyyyy &nbsp;<\/p>\n","protected":false},"featured_media":7869,"comment_status":"closed","ping_status":"open","template":"","meta":[],"product_cat":[482,1091],"product_tag":[829,729,677,589],"class_list":["post-7868","product","type-product","status-publish","has-post-thumbnail","hentry","product_cat-gadzety","product_cat-midex","product_tag-bajki-do-czytania-na-dobranoc","product_tag-madre-bajki-dla-dzieci-do-czytania","product_tag-milosz-imie","product_tag-prezent-dla-rocznego-dziecka"],"_links":{"self":[{"href":"http:\/\/klubmamgdynia.pl\/index.php\/wp-json\/wp\/v2\/product\/7868","targetHints":{"allow":["GET"]}}],"collection":[{"href":"http:\/\/klubmamgdynia.pl\/index.php\/wp-json\/wp\/v2\/product"}],"about":[{"href":"http:\/\/klubmamgdynia.pl\/index.php\/wp-json\/wp\/v2\/types\/product"}],"replies":[{"embeddable":true,"href":"http:\/\/klubmamgdynia.pl\/index.php\/wp-json\/wp\/v2\/comments?post=7868"}],"wp:featuredmedia":[{"embeddable":true,"href":"http:\/\/klubmamgdynia.pl\/index.php\/wp-json\/wp\/v2\/media\/7869"}],"wp:attachment":[{"href":"http:\/\/klubmamgdynia.pl\/index.php\/wp-json\/wp\/v2\/media?parent=7868"}],"wp:term":[{"taxonomy":"product_cat","embeddable":true,"href":"http:\/\/klubmamgdynia.pl\/index.php\/wp-json\/wp\/v2\/product_cat?post=7868"},{"taxonomy":"product_tag","embeddable":true,"href":"http:\/\/klubmamgdynia.pl\/index.php\/wp-json\/wp\/v2\/product_tag?post=7868"}],"curies":[{"name":"wp","href":"https:\/\/api.w.org\/{rel}","templated":true}]}}