{"id":7874,"date":"2025-07-21T06:31:04","date_gmt":"2025-07-21T04:31:04","guid":{"rendered":"http:\/\/klubmamgdynia.pl\/?post_type=product&#038;p=7874"},"modified":"2026-05-02T14:00:02","modified_gmt":"2026-05-02T12:00:02","slug":"ks-kids-miekka-ksiazeczka-dwustronna-ksztalty","status":"publish","type":"product","link":"http:\/\/klubmamgdynia.pl\/index.php\/produkt\/ks-kids-miekka-ksiazeczka-dwustronna-ksztalty\/","title":{"rendered":"K&#8217;S Kids Mi\u0119kka Ksi\u0105\u017ceczka Dwustronna Kszta\u0142ty"},"content":{"rendered":"<p>Ks Kids Mi\u0119kka ksi\u0105\u017ceczka dwustronna do zawieszenia na w\u00f3zku\/foteliku &#8211; Kszta\u0142ty Czytanie to wielka przyjemno\u015b\u0107, zar\u00f3wno dla rodzica jak i dziecka. Jest to jednocze\u015bnie bezcenna nauka wp\u0142ywaj\u0105ca na rozw\u00f3j dziecka. Dlatego tak wa\u017cne jest, by czyta\u0107 maluchom ju\u017c od pierwszych dni \u017cycia.Dziecko oczywi\u015bcie do pewnego momentu nie do ko\u0144ca rozumie znaczenie wszystkich s\u0142\u00f3w, s\u0142yszy jednak g\u0142os rodzica, intonacj\u0119, czuje rytm wypowiadanego tekstu i p\u0142yn\u0105ce z niego emocje. W\u0142a\u015bnie dzi\u0119ki temu rozwija si\u0119 intelektualnie i spo\u0142ecznie. Etap 1 (0-12 miesi\u0119cy) Cel: \u0106wiczenie j\u0119zyka &#8211; pierwsze czytanieMetoda: Czytaj razem z dzieckiem i bawcie si\u0119 przy tym. Czytanie dziecku to najlepszy spos\u00f3b na rozw\u00f3j j\u0119zyka. Cel: \u0106wiczenie zdolno\u015bci motoryki ma\u0142ej i du\u017cej &#8211; przewracanie stronMetoda: Zach\u0119\u0107 dziecko do przewracania stron ksi\u0105\u017cki. Cel: \u0106wiczenie zmys\u0142u s\u0142uchu i motoryki ma\u0142ej &#8211; szeleszczenieMetoda: Zach\u0119\u0107 dziecko do dotykania stron ksi\u0105\u017cek i szeleszczenia nimi. Cel: \u0106wiczenie zdolno\u015bci poznawczych &#8211; poznawanie nazw zwierz\u0105t i dopasowywanie zwierz\u0119cych wzor\u00f3w.Metoda: Naucz dziecko nazw r\u00f3\u017cnych zwierz\u0105t i dopasuj do nich odpowiednie umaszczenie.<\/p>\n<h2>KS Kids Mi\u0119kka Ksi\u0105\u017ceczka Dwustronna Kszta\u0142ty Ks Kids<\/h2>\n<p>domki z rolek po papierze toaletowym, zaproszenie na urodziny dziecka do druku, hobbit, warszawa dla dzieci, koty do druku, test z lektury magiczne drzewo czerwone krzes\u0142o, cytaty o dzieciach i rodzinie, prima aprilis zarty, na wyspach bergamuta, kwiatek kwiaty do druku szablony, kr\u00f3tkie zagadki dla doros\u0142ych, zagadki dla dzieci 10-12 lat, ostatni dzwonek tekst, zagadki podchwytliwe, test zaczarowana zagroda, kr\u00f3tkie cytaty o mamie, nauka j\u0119zyka polskiego dla dzieci z ukrainy materia\u0142y, lato<\/p>\n<p>yyyyy<\/p>\n<p>&nbsp;<\/p>\n","protected":false},"excerpt":{"rendered":"<p>Ks Kids Mi\u0119kka ksi\u0105\u017ceczka dwustronna do zawieszenia na w\u00f3zku\/foteliku &#8211; Kszta\u0142ty Czytanie to wielka przyjemno\u015b\u0107, zar\u00f3wno dla rodzica jak i dziecka. Jest to jednocze\u015bnie bezcenna nauka wp\u0142ywaj\u0105ca na rozw\u00f3j dziecka. Dlatego tak wa\u017cne jest, by czyta\u0107 maluchom ju\u017c od pierwszych dni \u017cycia.Dziecko oczywi\u015bcie do pewnego momentu nie do ko\u0144ca rozumie znaczenie wszystkich s\u0142\u00f3w, s\u0142yszy jednak [&hellip;]<\/p>\n","protected":false},"featured_media":7875,"comment_status":"closed","ping_status":"open","template":"","meta":[],"product_cat":[305,61],"product_tag":[765,863,829,801,585,855,690],"class_list":["post-7874","product","type-product","status-publish","has-post-thumbnail","hentry","product_cat-ks-kids","product_cat-zabawki-edukacyjne-dla-niemowlat","product_tag-atrakcje-dla-dzieci-warszawa","product_tag-bajki-dla-dziewczynek","product_tag-bajki-do-czytania-na-dobranoc","product_tag-bajki-terapeutyczne-o-emocjach","product_tag-kolorowanki-dla-chlopcow","product_tag-nietypowe-imiona-zenskie","product_tag-pieski-male-dwa-tekst"],"_links":{"self":[{"href":"http:\/\/klubmamgdynia.pl\/index.php\/wp-json\/wp\/v2\/product\/7874","targetHints":{"allow":["GET"]}}],"collection":[{"href":"http:\/\/klubmamgdynia.pl\/index.php\/wp-json\/wp\/v2\/product"}],"about":[{"href":"http:\/\/klubmamgdynia.pl\/index.php\/wp-json\/wp\/v2\/types\/product"}],"replies":[{"embeddable":true,"href":"http:\/\/klubmamgdynia.pl\/index.php\/wp-json\/wp\/v2\/comments?post=7874"}],"wp:featuredmedia":[{"embeddable":true,"href":"http:\/\/klubmamgdynia.pl\/index.php\/wp-json\/wp\/v2\/media\/7875"}],"wp:attachment":[{"href":"http:\/\/klubmamgdynia.pl\/index.php\/wp-json\/wp\/v2\/media?parent=7874"}],"wp:term":[{"taxonomy":"product_cat","embeddable":true,"href":"http:\/\/klubmamgdynia.pl\/index.php\/wp-json\/wp\/v2\/product_cat?post=7874"},{"taxonomy":"product_tag","embeddable":true,"href":"http:\/\/klubmamgdynia.pl\/index.php\/wp-json\/wp\/v2\/product_tag?post=7874"}],"curies":[{"name":"wp","href":"https:\/\/api.w.org\/{rel}","templated":true}]}}