{"id":7892,"date":"2019-12-26T14:15:47","date_gmt":"2019-12-26T13:15:47","guid":{"rendered":"http:\/\/klubmamgdynia.pl\/index.php\/produkt\/vitammy-next-9\/"},"modified":"2026-04-05T20:22:58","modified_gmt":"2026-04-05T18:22:58","slug":"vitammy-next-9","status":"publish","type":"product","link":"http:\/\/klubmamgdynia.pl\/index.php\/produkt\/vitammy-next-9\/","title":{"rendered":"VITAMMY NEXT 9"},"content":{"rendered":"<p>VITAMMY NEXT 9Nowoczesny ci\u015bnieniomierz VITAMMY NEXT 9 to w pe\u0142ni automatyczne cyfrowe urz\u0105dzenie do pomiaru ci\u015bnienia krwi. Przeznaczony jest do u\u017cytku przez osoby doros\u0142e w warunkach domowych lub do u\u017cytku profesjonalnego w gabinecie lekarskim. Umo\u017cliwia bardzo szybki i niezawodny pomiar ci\u015bnienia skurczowego i rozkurczowego oraz t\u0119tna metod\u0105 oscylometryczn\u0105. Urz\u0105dzenie oferuje klinicznie potwierdzon\u0105 dok\u0142adno\u015b\u0107 i komfort u\u017cytkowania.                            <\/p>\n<p>Zintegrowana konstrukcja ci\u015bnieniomierza z mankietem!Wiesz jak wiele czynnik\u00f3w ma wp\u0142yw na poprawny wynik pomiaru ci\u015bnienia krwi? Specjali\u015bci marki VITAMMY doskonale wiedz\u0105. W oparci o t\u0105 wiedz\u0119 stworzyli najnowszy model ci\u015bnieniomierza NEXT 9. Wychodz\u0105c naprzeciw potrzebom pacjent\u00f3w z problemami kardiologicznym powsta\u0142 ci\u015bnieniomierz NEXT 9, kt\u00f3ry dzi\u0119ki swojej zintegrowanej konstrukcji urz\u0105dzenia z mankietem sprawia, \u017ce teraz dokonasz pomiaru szybciej i wygodniej!\u00a0Poznaj zalety zintegrowanej konstrukcji ci\u015bnieniomierza z mankietemMniejsza obj\u0119to\u015b\u0107 urz\u0105dzenia umo\u017cliwia jego \u0142atwy transport i przechowywanieDzia\u0142anie bezprzewodowe i brak odprowadze\u0144 z r\u0119kawa do urz\u0105dzenia. To \u0142atwiejsze i szybsze zak\u0142adanie mankietu!Pomiar dokonywany na t\u0119tnicy ramiennej. Dokonywanie pomiaru na wy\u017cszych pi\u0119trach uk\u0142adu t\u0119tniczego to gwarancja dok\u0142adniejszego pomiaru w por\u00f3wnaniu z pomiarem dokonywanym na nadgarstku.\u00a0                            <\/p>\n<p>Ci\u015bnieniomierz NEXT 9 z akumulatorem i kablem USBKoniec z uci\u0105\u017cliw\u0105 wymian\u0105 baterii! VITAMMY NEXT 9 to ci\u015bnieniomierz z wbudowanym akumulatorem, kt\u00f3ry \u0142atwo na\u0142adujesz przez gniazdo USB. Takie rozwi\u0105zanie zmniejsza koszty u\u017cytkowania i jest bardziej ekologiczne! Nie musisz si\u0119 ju\u017c martwi\u0107 czy urz\u0105dzenie ma sprawn\u0105 bateri\u0119. Ci\u015bnieniomierz otrzymujesz w zestawie z kablem USB, kt\u00f3ry umo\u017cliwi szybkie pod\u0142adowanie akumulatora gdziekolwiek jeste\u015b.                            <\/p>\n<p>Maksymalny komfort pomiaru ci\u015bnienia krwi!Twoje dobre samopoczucie jest wa\u017cne! Stan psychiczny ma du\u017cy wp\u0142yw na ci\u015bnienie krwi. Dlatego ci\u015bnieniomierz NEXT 9 wykorzystuje wszystkie mo\u017cliwe rozwi\u0105zania aby codzienna kontrola nie by\u0142a uci\u0105\u017cliwa, przebiega\u0142a szybko i dawa\u0142a poczucie satysfakcji, \u017ce dbasz o swoje zdrowie tak jakby zadbali o to profesjonali\u015bci!MANKIET O PODWY\u017bSZONYM STANDARDZIEMankiet wykonany z wysokiej jako\u015bci materia\u0142\u00f3w, kt\u00f3ry nie zawiera lateksu. Obw\u00f3d mankietu od 23-36 cm.EKRAN CYFROWY LCDPrzejrzysty wy\u015bwietlacz LCD o wymiarach 58 mm x 30 mm u\u0142atwi szybkie odczytanie wynik\u00f3w.PAMI\u0118\u0106 120 WYNIK\u00d3WJe\u015bli tw\u00f3j lekarz zaleci\u0142 Ci notowanie wynik\u00f3w , a ty ci\u0105gle o tym zapominasz to z pewno\u015bci\u0105 ucieszy ci\u0119 funkcja pami\u0119ci. Umo\u017cliwia ona przywo\u0142anie wynik\u00f3w wcze\u015bniejszych pomiar\u00f3w, umo\u017cliwia to sta\u0142\u0105 kontrol\u0119 i obserwacj\u0119 zachodz\u0105cych zmian w pracy serca.                            <\/p>\n<p>Pomiar z ci\u015bnieniomierzem NEXT 9\u00a0 jest jeszcze \u0142atwiejszy!Ikona na\u0142adowania baterii. Ikona informuje o prawid\u0142owym przygotowaniu urz\u0105dzenia do pracy.Komunikaty g\u0142osowe. Komunikaty g\u0142osowe w j\u0119zyku polskim poinformuj\u0105 ci\u0119 o odczytach bez konieczno\u015bci zagl\u0105dania na wy\u015bwietlacz urz\u0105dzenia.\u00a0Wska\u017anik nieregularnego bicia serca. W przypadku wyst\u0105pienia nieregularno\u015bci t\u0119tna podczas pomiaru, po pomiarze zostanie wy\u015bwietlony symbol nieregularnego bicia serca.\u00a0                            <\/p>\n<p>Klasyfikacja zgodna ze \u015bwiatowymi standardamiStandaryzowana klasyfikacja ci\u015bnienia krwi to klasyfikacja ci\u015bnienia krwi opublikowana przez \u015awiatow\u0105 Organizacj\u0119 Zdrowia (World Health Organization \u2013 WHO) i Mi\u0119dzynarodowe Towarzystwo Nadci\u015bnienia (ISH) w 1999. Ci\u015bnieniomierz NEXT 9 sam zinterpretuje i sklasyfikuje wynik twojego pomiaru zgodnie ze \u015bwiatowymi standardami.\u00a0                            <\/p>\n<p>Kardiologiczna precyzja pomiaru ci\u015bnienia krwi.Kluczem do maksymalnej wiarygodno\u015bci wynik\u00f3w pomiaru ci\u015bnienia krwi jest nie tylko najlepszej jako\u015bci ci\u015bnieniomierz, ale r\u00f3wnie\u017c \u015bwiadomo\u015b\u0107 jak poprawnie dokona\u0107 pomiaru. W zestawie razem z ci\u015bnieniomierzem NEXT 9 otrzymujesz instrukcj\u0119 obs\u0142ugi, w kt\u00f3rej znajdziesz informacje nie tylko o technicznych parametrach urz\u0105dzenia, ale tak\u017ce pe\u0142n\u0105 informacje jak poprawnie dokona\u0107 pomiaru tak aby mie\u0107 pewno\u015b\u0107, \u017ce zosta\u0142 on dokonany prawid\u0142owo i precyzyjnie jak w gabinecie lekarskim.<\/p>\n<h2>VITAMMY NEXT 9 Vitammy<\/h2>\n<p>quiz o wio\u015bnie, gabriela imie, bajki na dobranoc, p\u0142ywalnie warszawa, gda\u0144sk atrakcje dla m\u0142odzie\u017cy, aforyzmy o dzieciach, anio\u0142ki do druku, jad\u0105 jad\u0105 misie tekst, zagadki dla dzieci 10 lat, felix net i nika oraz gang niewidzialnych ludzi test z odpowiedziami, kolorowe listki, dzie\u0144 pluszowego misia, zagadki wielkanocne dla doros\u0142ych, literki do pisania do druku, znaki drogowe quiz<\/p>\n<p>yyyyy<\/p>\n<p>&nbsp;<\/p>\n","protected":false},"excerpt":{"rendered":"<p>VITAMMY NEXT 9Nowoczesny ci\u015bnieniomierz VITAMMY NEXT 9 to w pe\u0142ni automatyczne cyfrowe urz\u0105dzenie do pomiaru ci\u015bnienia krwi. Przeznaczony jest do u\u017cytku przez osoby doros\u0142e w warunkach domowych lub do u\u017cytku profesjonalnego w gabinecie lekarskim. Umo\u017cliwia bardzo szybki i niezawodny pomiar ci\u015bnienia skurczowego i rozkurczowego oraz t\u0119tna metod\u0105 oscylometryczn\u0105. Urz\u0105dzenie oferuje klinicznie potwierdzon\u0105 dok\u0142adno\u015b\u0107 i komfort [&hellip;]<\/p>\n","protected":false},"featured_media":7893,"comment_status":"closed","ping_status":"open","template":"","meta":[],"product_cat":[1464,1655],"product_tag":[736,809,604],"class_list":["post-7892","product","type-product","status-publish","has-post-thumbnail","hentry","product_cat-cisnieniomierze-i-akcesoria","product_cat-vitammy","product_tag-zabawki-na-roczek","product_tag-zagadki","product_tag-zagadki-trudne"],"_links":{"self":[{"href":"http:\/\/klubmamgdynia.pl\/index.php\/wp-json\/wp\/v2\/product\/7892","targetHints":{"allow":["GET"]}}],"collection":[{"href":"http:\/\/klubmamgdynia.pl\/index.php\/wp-json\/wp\/v2\/product"}],"about":[{"href":"http:\/\/klubmamgdynia.pl\/index.php\/wp-json\/wp\/v2\/types\/product"}],"replies":[{"embeddable":true,"href":"http:\/\/klubmamgdynia.pl\/index.php\/wp-json\/wp\/v2\/comments?post=7892"}],"wp:featuredmedia":[{"embeddable":true,"href":"http:\/\/klubmamgdynia.pl\/index.php\/wp-json\/wp\/v2\/media\/7893"}],"wp:attachment":[{"href":"http:\/\/klubmamgdynia.pl\/index.php\/wp-json\/wp\/v2\/media?parent=7892"}],"wp:term":[{"taxonomy":"product_cat","embeddable":true,"href":"http:\/\/klubmamgdynia.pl\/index.php\/wp-json\/wp\/v2\/product_cat?post=7892"},{"taxonomy":"product_tag","embeddable":true,"href":"http:\/\/klubmamgdynia.pl\/index.php\/wp-json\/wp\/v2\/product_tag?post=7892"}],"curies":[{"name":"wp","href":"https:\/\/api.w.org\/{rel}","templated":true}]}}